000
CDUS43 KFSD 200633
CLISUX


CLIMATE REPORT
NATIONAL WEATHER SERVICE SIOUX FALLS SD
132 AM CDT SUN APR 20 2014


...................................

...THE SIOUX CITY IA CLIMATE SUMMARY FOR APRIL 19 2014...

CLIMATE NORMAL PERIOD 1981 TO 2010
CLIMATE RECORD PERIOD 1889 TO 2014


WEATHER ITEM   OBSERVED TIME   RECORD YEAR NORMAL DEPARTURE LAST
                VALUE   (LST)  VALUE       VALUE  FROM      YEAR
                                                  NORMAL
..................................................................
TEMPERATURE (F)
 YESTERDAY
  MAXIMUM         79    313 PM  90    1987  64     15       43
  MINIMUM         52    613 AM  20    1928  38     14       26
  AVERAGE         66                        51     15       35

PRECIPITATION (IN)
  YESTERDAY        0.00          1.95 1993   0.10  -0.10     0.00
  MONTH TO DATE    0.87                      1.77  -0.90     4.10
  SINCE MAR 1      1.25                      3.77  -2.52     6.10
  SINCE JAN 1      2.02                      5.06  -3.04     7.30

SNOWFALL (IN)
  YESTERDAY        0.0           0.8  1959   0.1   -0.1      0.0
  MONTH TO DATE    5.3                       1.5    3.8      9.7
  SINCE MAR 1     10.0                       8.0    2.0     21.4
  SINCE JUL 1     23.8                      34.5  -10.7     42.2
  SNOW DEPTH       0

DEGREE DAYS
 HEATING
  YESTERDAY        0                        14    -14       30
  MONTH TO DATE  361                       341     20      463
  SINCE MAR 1   1341                      1225    116     1510
  SINCE JUL 1   6945                      6519    426     6659

 COOLING
  YESTERDAY        1                         0      1        0
  MONTH TO DATE    5                         0      5        0
  SINCE MAR 1      5                         0      5        0
  SINCE JAN 1      5                         0      5        0
..................................................................


WIND (MPH)
  HIGHEST WIND SPEED    28   HIGHEST WIND DIRECTION    SW (220)
  HIGHEST GUST SPEED    35   HIGHEST GUST DIRECTION    SW (220)
  AVERAGE WIND SPEED    11.8


SKY COVER
  POSSIBLE SUNSHINE  MM
  AVERAGE SKY COVER 0.5


WEATHER CONDITIONS
 THE FOLLOWING WEATHER WAS RECORDED YESTERDAY.
  NO SIGNIFICANT WEATHER WAS OBSERVED.


RELATIVE HUMIDITY (PERCENT)
 HIGHEST    64           400 AM
 LOWEST     33           100 PM
 AVERAGE    49

..........................................................


THE SIOUX CITY IA CLIMATE NORMALS FOR TODAY
                         NORMAL    RECORD    YEAR
 MAXIMUM TEMPERATURE (F)   64        91      1980
 MINIMUM TEMPERATURE (F)   39        22      2013
                                             1953


SUNRISE AND SUNSET
APRIL 20 2014.........SUNRISE   637 AM CDT   SUNSET   813 PM CDT
APRIL 21 2014.........SUNRISE   635 AM CDT   SUNSET   814 PM CDT


-  INDICATES NEGATIVE NUMBERS.
R  INDICATES RECORD WAS SET OR TIED.
MM INDICATES DATA IS MISSING.
T  INDICATES TRACE AMOUNT.




$$
