000
CDUS43 KFSD 280642
CLISUX


CLIMATE REPORT
NATIONAL WEATHER SERVICE SIOUX FALLS SD
140 AM CDT MON JUL 28 2014


...................................

...THE SIOUX CITY IA CLIMATE SUMMARY FOR JULY 27 2014...

CLIMATE NORMAL PERIOD 1981 TO 2010
CLIMATE RECORD PERIOD 1889 TO 2014


WEATHER ITEM   OBSERVED TIME   RECORD YEAR NORMAL DEPARTURE LAST
                VALUE   (LST)  VALUE       VALUE  FROM      YEAR
                                                  NORMAL
..................................................................
TEMPERATURE (F)
 YESTERDAY
  MAXIMUM         80    408 PM 104    1935  85     -5       73
                                      1930
  MINIMUM         59   1159 PM  47    2013  63     -4       47
  AVERAGE         70                        74     -4       60

PRECIPITATION (IN)
  YESTERDAY        0.00          1.67 1892   0.11  -0.11     0.00
  MONTH TO DATE    3.60                      3.02   0.58     0.59
  SINCE JUN 1     20.25                      6.91  13.34     3.72
  SINCE JAN 1     25.50                     16.89   8.61    16.95

SNOWFALL (IN)
  YESTERDAY        0.0           0.0    MM   0.0    0.0      0.0
  MONTH TO DATE    0.0                       0.0    0.0      0.0
  SINCE JUN 1      0.0                       0.0    0.0      0.0
  SINCE JUL 1      0.0                       0.0    0.0      0.0
  SNOW DEPTH       0

DEGREE DAYS
 HEATING
  YESTERDAY        0                         0      0        5
  MONTH TO DATE    6                         0      6        5
  SINCE JUN 1     26                        27     -1       45
  SINCE JUL 1      6                         0      6        5

 COOLING
  YESTERDAY        5                         9     -4        0
  MONTH TO DATE  186                       260    -74      276
  SINCE JUN 1    381                       448    -67      471
  SINCE JAN 1    502                       512    -10      527
..................................................................


WIND (MPH)
  HIGHEST WIND SPEED    26   HIGHEST WIND DIRECTION    NW (330)
  HIGHEST GUST SPEED    37   HIGHEST GUST DIRECTION     N (340)
  AVERAGE WIND SPEED    12.0


SKY COVER
  POSSIBLE SUNSHINE  MM
  AVERAGE SKY COVER 0.2


WEATHER CONDITIONS
 THE FOLLOWING WEATHER WAS RECORDED YESTERDAY.
  LIGHT RAIN


RELATIVE HUMIDITY (PERCENT)
 HIGHEST    93           100 AM
 LOWEST     47           400 PM
 AVERAGE    70

..........................................................


THE SIOUX CITY IA CLIMATE NORMALS FOR TODAY
                         NORMAL    RECORD    YEAR
 MAXIMUM TEMPERATURE (F)   85       104      1935
 MINIMUM TEMPERATURE (F)   63        44      2013


SUNRISE AND SUNSET
JULY 28 2014..........SUNRISE   614 AM CDT   SUNSET   849 PM CDT
JULY 29 2014..........SUNRISE   615 AM CDT   SUNSET   848 PM CDT


-  INDICATES NEGATIVE NUMBERS.
R  INDICATES RECORD WAS SET OR TIED.
MM INDICATES DATA IS MISSING.
T  INDICATES TRACE AMOUNT.




$$
