000
CDUS43 KFSD 182222
CLISUX


CLIMATE REPORT
NATIONAL WEATHER SERVICE SIOUX FALLS SD
521 PM CDT MON AUG 18 2014


...................................

...THE SIOUX CITY IA CLIMATE SUMMARY FOR AUGUST 18 2014...
VALID TODAY AS OF 0500 PM LOCAL TIME.

CLIMATE NORMAL PERIOD 1981 TO 2010
CLIMATE RECORD PERIOD 1889 TO 2014


WEATHER ITEM   OBSERVED TIME   RECORD YEAR NORMAL DEPARTURE LAST
                VALUE   (LST)  VALUE       VALUE  FROM      YEAR
                                                  NORMAL
..................................................................
TEMPERATURE (F)
 TODAY
  MAXIMUM         88    333 PM 104    1936  83      5       81
  MINIMUM         63    601 AM  46    2002  61      2       54
  AVERAGE         76                        72      4       68

PRECIPITATION (IN)
  TODAY            0.00          4.51 1937   0.11  -0.11     0.00
  MONTH TO DATE    4.27                      1.87   2.40     1.35
  SINCE JUN 1     24.53                      9.20  15.33     5.08
  SINCE JAN 1     29.78                     19.18  10.60    18.31

SNOWFALL (IN)
  TODAY            0.0           0.0    MM   0.0    0.0      0.0
  MONTH TO DATE    0.0                       0.0    0.0      0.0
  SINCE JUN 1      0.0                       0.0    0.0      0.0
  SINCE JUL 1      0.0                       0.0    0.0      0.0
  SNOW DEPTH       0

DEGREE DAYS
 HEATING
  TODAY            0                         0      0        0
  MONTH TO DATE    0                         0      0        5
  SINCE JUN 1     26                        30     -4       60
  SINCE JUL 1      6                         3      3       20

 COOLING
  TODAY           11                         7      4        3
  MONTH TO DATE  137                       150    -13       74
  SINCE JUN 1    525                       631   -106      555
  SINCE JAN 1    646                       695    -49      611
..................................................................


WIND (MPH)
  HIGHEST WIND SPEED     9   HIGHEST WIND DIRECTION    SW (220)
  HIGHEST GUST SPEED    14   HIGHEST GUST DIRECTION     W (280)
  AVERAGE WIND SPEED     4.3


SKY COVER
  POSSIBLE SUNSHINE  MM
  AVERAGE SKY COVER 0.0


WEATHER CONDITIONS
 THE FOLLOWING WEATHER WAS RECORDED TODAY.
  FOG


RELATIVE HUMIDITY (PERCENT)
 HIGHEST   100           600 AM
 LOWEST     46           200 PM
 AVERAGE    73

..........................................................


THE SIOUX CITY IA CLIMATE NORMALS FOR TOMORROW
                         NORMAL    RECORD    YEAR
 MAXIMUM TEMPERATURE (F)   83       100      1938
 MINIMUM TEMPERATURE (F)   61        43      2012
                                             2004


SUNRISE AND SUNSET
AUGUST 18 2014........SUNRISE   636 AM CDT   SUNSET   822 PM CDT
AUGUST 19 2014........SUNRISE   637 AM CDT   SUNSET   821 PM CDT


-  INDICATES NEGATIVE NUMBERS.
R  INDICATES RECORD WAS SET OR TIED.
MM INDICATES DATA IS MISSING.
T  INDICATES TRACE AMOUNT.




$$
