000
CDUS43 KFSD 162225
CLISUX


CLIMATE REPORT
NATIONAL WEATHER SERVICE SIOUX FALLS SD
525 PM CDT TUE AUG 16 2016


...................................

...THE SIOUX CITY IA CLIMATE SUMMARY FOR AUGUST 16 2016...
VALID TODAY AS OF 0500 PM LOCAL TIME.

CLIMATE NORMAL PERIOD 1981 TO 2010
CLIMATE RECORD PERIOD 1889 TO 2016


WEATHER ITEM   OBSERVED TIME   RECORD YEAR NORMAL DEPARTURE LAST
                VALUE   (LST)  VALUE       VALUE  FROM      YEAR
                                                  NORMAL
..................................................................
TEMPERATURE (F)
 TODAY
  MAXIMUM         86    359 PM 106    1937  84      2       87
  MINIMUM         67    259 AM  48    2012  61      6       70
                                      1897
  AVERAGE         77                        72      5       79

PRECIPITATION (IN)
  TODAY            0.35          2.40 1912   0.11   0.24     0.63
  MONTH TO DATE    2.46                      1.65   0.81     0.79
  SINCE JUN 1      6.03                      8.98  -2.95    10.66
  SINCE JAN 1     21.76                     18.96   2.80    18.56

SNOWFALL (IN)
  TODAY            0.0           0.0    MM   0.0    0.0      0.0
  MONTH TO DATE    0.0                       0.0    0.0      0.0
  SINCE JUN 1      0.0                       0.0    0.0      0.0
  SINCE JUL 1      0.0                       0.0    0.0      0.0
  SNOW DEPTH       0

DEGREE DAYS
 HEATING
  TODAY            0                         0      0        0
  MONTH TO DATE    0                         0      0        0
  SINCE JUN 1      0                        30    -30        5
  SINCE JUL 1      0                         3     -3        3

 COOLING
  TODAY           12                         8      4       14
  MONTH TO DATE  181                       135     46      159
  SINCE JUN 1    863                       616    247      656
  SINCE JAN 1    915                       680    235      685
..................................................................


WIND (MPH)
  HIGHEST WIND SPEED    25   HIGHEST WIND DIRECTION     W (270)
  HIGHEST GUST SPEED    33   HIGHEST GUST DIRECTION     W (290)
  AVERAGE WIND SPEED     9.6


SKY COVER
  POSSIBLE SUNSHINE  MM
  AVERAGE SKY COVER 0.3


WEATHER CONDITIONS
 THE FOLLOWING WEATHER WAS RECORDED TODAY.
  THUNDERSTORM
  RAIN
  LIGHT RAIN
  FOG


RELATIVE HUMIDITY (PERCENT)
 HIGHEST    87           100 AM
 LOWEST     51           300 PM
 AVERAGE    69

..........................................................


THE SIOUX CITY IA CLIMATE NORMALS FOR TOMORROW
                         NORMAL    RECORD    YEAR
 MAXIMUM TEMPERATURE (F)   83       104      1936
 MINIMUM TEMPERATURE (F)   61        43      2012


SUNRISE AND SUNSET
AUGUST 16 2016........SUNRISE   634 AM CDT   SUNSET   824 PM CDT
AUGUST 17 2016........SUNRISE   635 AM CDT   SUNSET   823 PM CDT


-  INDICATES NEGATIVE NUMBERS.
R  INDICATES RECORD WAS SET OR TIED.
MM INDICATES DATA IS MISSING.
T  INDICATES TRACE AMOUNT.




$$
