515
CDUS43 KFSD 200639
CLISUX


CLIMATE REPORT
NATIONAL WEATHER SERVICE SIOUX FALLS SD
138 AM CDT TUE JUN 20 2017


...................................

...THE SIOUX CITY IA CLIMATE SUMMARY FOR JUNE 19 2017...

CLIMATE NORMAL PERIOD 1981 TO 2010
CLIMATE RECORD PERIOD 1889 TO 2017


WEATHER ITEM   OBSERVED TIME   RECORD YEAR NORMAL DEPARTURE LAST
                VALUE   (LST)  VALUE       VALUE  FROM      YEAR
                                                  NORMAL
..................................................................
TEMPERATURE (F)
 YESTERDAY
  MAXIMUM         85    422 PM 103    1988  83      2       90
  MINIMUM         54    419 AM  43    1976  60     -6       67
  AVERAGE         70                        72     -2       79

PRECIPITATION (IN)
  YESTERDAY        0.00          1.16 1942   0.12  -0.12     0.00
  MONTH TO DATE    0.61                      2.50  -1.89     1.29
  SINCE JUN 1      0.61                      2.50  -1.89     1.29
  SINCE JAN 1     10.08                     12.48  -2.40    17.02

SNOWFALL (IN)
  YESTERDAY        0.0           0.0    MM   0.0    0.0      0.0
  MONTH TO DATE    0.0                       0.0    0.0      0.0
  SINCE JUN 1      0.0                       0.0    0.0      0.0
  SINCE JUL 1     28.6                      34.8   -6.2     57.6
  SNOW DEPTH       0

DEGREE DAYS
 HEATING
  YESTERDAY        0                         0      0        0
  MONTH TO DATE    0                        24    -24        0
  SINCE JUN 1      0                        24    -24        0
  SINCE JUL 1   5638                      6858  -1220     5655

 COOLING
  YESTERDAY        5                         7     -2       14
  MONTH TO DATE  196                        98     98      201
  SINCE JUN 1    196                        98     98      201
  SINCE JAN 1    234                       162     72      253
..................................................................


WIND (MPH)
  HIGHEST WIND SPEED    22   HIGHEST WIND DIRECTION    NW (320)
  HIGHEST GUST SPEED    29   HIGHEST GUST DIRECTION     N (340)
  AVERAGE WIND SPEED     9.1


SKY COVER
  POSSIBLE SUNSHINE  MM
  AVERAGE SKY COVER 0.1


WEATHER CONDITIONS
 THE FOLLOWING WEATHER WAS RECORDED YESTERDAY.
  NO SIGNIFICANT WEATHER WAS OBSERVED.


RELATIVE HUMIDITY (PERCENT)
 HIGHEST    93           300 AM
 LOWEST     28           200 PM
 AVERAGE    61

..........................................................


THE SIOUX CITY IA CLIMATE NORMALS FOR TODAY
                         NORMAL    RECORD    YEAR
 MAXIMUM TEMPERATURE (F)   84       102      1988
 MINIMUM TEMPERATURE (F)   60        46      1946


SUNRISE AND SUNSET
JUNE 20 2017..........SUNRISE   549 AM CDT   SUNSET   906 PM CDT
JUNE 21 2017..........SUNRISE   549 AM CDT   SUNSET   906 PM CDT


-  INDICATES NEGATIVE NUMBERS.
R  INDICATES RECORD WAS SET OR TIED.
MM INDICATES DATA IS MISSING.
T  INDICATES TRACE AMOUNT.




$$
