000
CDUS43 KFSD 250649
CLISUX


CLIMATE REPORT
NATIONAL WEATHER SERVICE SIOUX FALLS SD
1248 AM CST SUN JAN 25 2015


...................................

...THE SIOUX CITY IA CLIMATE SUMMARY FOR JANUARY 24 2015...

CLIMATE NORMAL PERIOD 1981 TO 2010
CLIMATE RECORD PERIOD 1889 TO 2015


WEATHER ITEM   OBSERVED TIME   RECORD YEAR NORMAL DEPARTURE LAST
                VALUE   (LST)  VALUE       VALUE  FROM      YEAR
                                                  NORMAL
..................................................................
TEMPERATURE (F)
 YESTERDAY
  MAXIMUM         50    417 PM  70    1981  31     19       49
  MINIMUM         26    445 AM -26    1894  10     16       12
  AVERAGE         38                        21     17       31

PRECIPITATION (IN)
  YESTERDAY        0.03          0.27 1956   0.02   0.01      T
  MONTH TO DATE    0.28                      0.48  -0.20     0.18
  SINCE DEC 1      1.68                      1.28   0.40     0.36
  SINCE JAN 1      0.28                      0.48  -0.20     0.18

SNOWFALL (IN)
  YESTERDAY        0.0           2.9  1956   0.2   -0.2      0.0
  MONTH TO DATE    4.5                       5.1   -0.6      1.9
  SINCE DEC 1      8.3                      12.9   -4.6      4.2
  SINCE JUL 1     12.8                      18.3   -5.5      5.1
  SNOW DEPTH       0

DEGREE DAYS
 HEATING
  YESTERDAY       27                        44    -17       34
  MONTH TO DATE 1050                      1078    -28     1113
  SINCE DEC 1   2180                      2394   -214     2563
  SINCE JUL 1   3675                      3870   -195     3987

 COOLING
  YESTERDAY        0                         0      0        0
  MONTH TO DATE    0                         0      0        0
  SINCE DEC 1      0                         0      0        0
  SINCE JAN 1      0                         0      0        0
..................................................................


WIND (MPH)
  HIGHEST WIND SPEED    23   HIGHEST WIND DIRECTION    NW (320)
  HIGHEST GUST SPEED    29   HIGHEST GUST DIRECTION    NW (310)
  AVERAGE WIND SPEED     7.6


SKY COVER
  POSSIBLE SUNSHINE  MM
  AVERAGE SKY COVER 0.4


WEATHER CONDITIONS
 THE FOLLOWING WEATHER WAS RECORDED YESTERDAY.
  LIGHT RAIN
  FOG


RELATIVE HUMIDITY (PERCENT)
 HIGHEST    96          1100 PM
 LOWEST     50           200 PM
 AVERAGE    73

..........................................................


THE SIOUX CITY IA CLIMATE NORMALS FOR TODAY
                         NORMAL    RECORD    YEAR
 MAXIMUM TEMPERATURE (F)   31        68      1944
 MINIMUM TEMPERATURE (F)   10       -25      1905


SUNRISE AND SUNSET
JANUARY 25 2015.......SUNRISE   746 AM CST   SUNSET   530 PM CST
JANUARY 26 2015.......SUNRISE   745 AM CST   SUNSET   532 PM CST


-  INDICATES NEGATIVE NUMBERS.
R  INDICATES RECORD WAS SET OR TIED.
MM INDICATES DATA IS MISSING.
T  INDICATES TRACE AMOUNT.




$$
