000
CDUS43 KFSD 152236
CLISUX


CLIMATE REPORT
NATIONAL WEATHER SERVICE SIOUX FALLS SD
436 PM CST MON JAN 15 2018


...................................

...THE SIOUX CITY IA CLIMATE SUMMARY FOR JANUARY 15 2018...
VALID TODAY AS OF 0400 PM LOCAL TIME.

CLIMATE NORMAL PERIOD 1981 TO 2010
CLIMATE RECORD PERIOD 1889 TO 2018


WEATHER ITEM   OBSERVED TIME   RECORD YEAR NORMAL DEPARTURE LAST
                VALUE   (LST)  VALUE       VALUE  FROM      YEAR
                                                  NORMAL
..................................................................
TEMPERATURE (F)
 TODAY
  MAXIMUM         12   1205 AM  64    2006  30    -18       38
  MINIMUM         -1    940 AM -20    2009  10    -11       14
  AVERAGE          6                        20    -14       26

PRECIPITATION (IN)
  TODAY            T             0.29 1953   0.02  -0.02      T
  MONTH TO DATE    0.06                      0.30  -0.24     0.12
  SINCE DEC 1      0.45                      1.10  -0.65     1.60
  SINCE JAN 1      0.06                      0.30  -0.24     0.12

SNOWFALL (IN)
  TODAY            T             3.0  1975   0.2   -0.2      0.0
  MONTH TO DATE    0.8                       3.1   -2.3      1.0
  SINCE DEC 1      8.1                      10.9   -2.8      5.5
  SINCE JUL 1      8.1                      16.3   -8.2      6.5
  SNOW DEPTH       1

DEGREE DAYS
 HEATING
  TODAY           59                        45     14       39
  MONTH TO DATE  772                       675     97      705
  SINCE DEC 1   2050                      1991     59     1945
  SINCE JUL 1   3369                      3467    -98     2889

 COOLING
  TODAY            0                         0      0        0
  MONTH TO DATE    0                         0      0        0
  SINCE DEC 1      0                         0      0        0
  SINCE JAN 1      0                         0      0        0
..................................................................


WIND (MPH)
  HIGHEST WIND SPEED    33   HIGHEST WIND DIRECTION    NW (330)
  HIGHEST GUST SPEED    38   HIGHEST GUST DIRECTION    NW (330)
  AVERAGE WIND SPEED    23.5


SKY COVER
  POSSIBLE SUNSHINE  MM
  AVERAGE SKY COVER 0.4


WEATHER CONDITIONS
 THE FOLLOWING WEATHER WAS RECORDED TODAY.
  LIGHT SNOW
  FOG
  HAZE


RELATIVE HUMIDITY (PERCENT)
 HIGHEST    79           500 AM
 LOWEST     65           900 AM
 AVERAGE    72

..........................................................


THE SIOUX CITY IA CLIMATE NORMALS FOR TOMORROW
                         NORMAL    RECORD    YEAR
 MAXIMUM TEMPERATURE (F)   30        54      1996
 MINIMUM TEMPERATURE (F)   10       -23      1953


SUNRISE AND SUNSET
JANUARY 15 2018.......SUNRISE   752 AM CST   SUNSET   518 PM CST
JANUARY 16 2018.......SUNRISE   752 AM CST   SUNSET   519 PM CST


-  INDICATES NEGATIVE NUMBERS.
R  INDICATES RECORD WAS SET OR TIED.
MM INDICATES DATA IS MISSING.
T  INDICATES TRACE AMOUNT.




$$
