011
CDUS43 KFSD 170702
CLISUX


CLIMATE REPORT
NATIONAL WEATHER SERVICE SIOUX FALLS SD
102 AM CST FRI FEB 17 2017


...................................

...THE SIOUX CITY IA CLIMATE SUMMARY FOR FEBRUARY 16 2017...

CLIMATE NORMAL PERIOD 1981 TO 2010
CLIMATE RECORD PERIOD 1889 TO 2017


WEATHER ITEM   OBSERVED TIME   RECORD YEAR NORMAL DEPARTURE LAST
                VALUE   (LST)  VALUE       VALUE  FROM      YEAR
                                                  NORMAL
..................................................................
TEMPERATURE (F)
 YESTERDAY
  MAXIMUM         65    429 PM  66    1981  35     30       37
  MINIMUM         29    742 AM -25    1936  16     13       31
  AVERAGE         47                        25     22       34

PRECIPITATION (IN)
  YESTERDAY        0.00          0.61 1938   0.02  -0.02     0.10
  MONTH TO DATE    0.17                      0.33  -0.16     0.97
  SINCE DEC 1      2.32                      1.75   0.57     4.56
  SINCE JAN 1      0.84                      0.95  -0.11     1.70

SNOWFALL (IN)
  YESTERDAY        0.0           6.1  1938   0.2   -0.2       T
  MONTH TO DATE    2.9                       3.8   -0.9     13.5
  SINCE DEC 1     14.6                      18.3   -3.7     30.2
  SINCE JUL 1     15.6                      23.7   -8.1     42.7
  SNOW DEPTH       0

DEGREE DAYS
 HEATING
  YESTERDAY       18                        40    -22       31
  MONTH TO DATE  534                       668   -134      653
  SINCE DEC 1   2998                      3368   -370     3020
  SINCE JUL 1   3942                      4844   -902     4126

 COOLING
  YESTERDAY        0                         0      0        0
  MONTH TO DATE    0                         0      0        0
  SINCE DEC 1      0                         0      0        0
  SINCE JAN 1      0                         0      0        0
..................................................................


WIND (MPH)
  HIGHEST WIND SPEED    12   HIGHEST WIND DIRECTION     E (100)
  HIGHEST GUST SPEED    17   HIGHEST GUST DIRECTION     E (70)
  AVERAGE WIND SPEED     5.1


SKY COVER
  POSSIBLE SUNSHINE  MM
  AVERAGE SKY COVER 0.0


WEATHER CONDITIONS
 THE FOLLOWING WEATHER WAS RECORDED YESTERDAY.
  NO SIGNIFICANT WEATHER WAS OBSERVED.


RELATIVE HUMIDITY (PERCENT)
 HIGHEST    86          1000 PM
 LOWEST     40           300 PM
 AVERAGE    63

..........................................................


THE SIOUX CITY IA CLIMATE NORMALS FOR TODAY
                         NORMAL    RECORD    YEAR
 MAXIMUM TEMPERATURE (F)   35        71      1981
 MINIMUM TEMPERATURE (F)   16       -19      1978


SUNRISE AND SUNSET
FEBRUARY 17 2017......SUNRISE   719 AM CST   SUNSET   601 PM CST
FEBRUARY 18 2017......SUNRISE   717 AM CST   SUNSET   602 PM CST


-  INDICATES NEGATIVE NUMBERS.
R  INDICATES RECORD WAS SET OR TIED.
MM INDICATES DATA IS MISSING.
T  INDICATES TRACE AMOUNT.




$$
