000
CDUS43 KFSD 290704
CLISUX


CLIMATE REPORT
NATIONAL WEATHER SERVICE SIOUX FALLS SD
203 AM CDT WED JUL 29 2015


...................................

...THE SIOUX CITY IA CLIMATE SUMMARY FOR JULY 28 2015...

CLIMATE NORMAL PERIOD 1981 TO 2010
CLIMATE RECORD PERIOD 1889 TO 2015


WEATHER ITEM   OBSERVED TIME   RECORD YEAR NORMAL DEPARTURE LAST
                VALUE   (LST)  VALUE       VALUE  FROM      YEAR
                                                  NORMAL
..................................................................
TEMPERATURE (F)
 YESTERDAY
  MAXIMUM         80    614 PM 104    1935  85     -5       80
  MINIMUM         62   1159 PM  44    2013  63     -1       55
  AVERAGE         71                        74     -3       68

PRECIPITATION (IN)
  YESTERDAY        1.47          2.93 1922   0.10   1.37     0.00
  MONTH TO DATE    5.68                      3.12   2.56     3.60
  SINCE JUN 1      9.87                      7.01   2.86    20.25
  SINCE JAN 1     17.77                     16.99   0.78    25.50

SNOWFALL (IN)
  YESTERDAY        0.0           0.0    MM   0.0    0.0      0.0
  MONTH TO DATE    0.0                       0.0    0.0      0.0
  SINCE JUN 1      0.0                       0.0    0.0      0.0
  SINCE JUL 1      0.0                       0.0    0.0      0.0
  SNOW DEPTH       0

DEGREE DAYS
 HEATING
  YESTERDAY        0                         0      0        0
  MONTH TO DATE    3                         0      3        6
  SINCE JUN 1      5                        27    -22       26
  SINCE JUL 1      3                         0      3        6

 COOLING
  YESTERDAY        6                         9     -3        3
  MONTH TO DATE  261                       269     -8      189
  SINCE JUN 1    470                       457     13      384
  SINCE JAN 1    499                       521    -22      505
..................................................................


WIND (MPH)
  HIGHEST WIND SPEED    33   HIGHEST WIND DIRECTION     N (360)
  HIGHEST GUST SPEED    40   HIGHEST GUST DIRECTION    SE (130)
  AVERAGE WIND SPEED     8.4


SKY COVER
  POSSIBLE SUNSHINE  MM
  AVERAGE SKY COVER 0.5


WEATHER CONDITIONS
 THE FOLLOWING WEATHER WAS RECORDED YESTERDAY.
  THUNDERSTORM
  HEAVY RAIN
  RAIN
  LIGHT RAIN
  FOG


RELATIVE HUMIDITY (PERCENT)
 HIGHEST    90           800 AM
 LOWEST     54           600 PM
 AVERAGE    72

..........................................................


THE SIOUX CITY IA CLIMATE NORMALS FOR TODAY
                         NORMAL    RECORD    YEAR
 MAXIMUM TEMPERATURE (F)   85       107      1947
 MINIMUM TEMPERATURE (F)   63        48      1952


SUNRISE AND SUNSET
JULY 29 2015..........SUNRISE   615 AM CDT   SUNSET   849 PM CDT
JULY 30 2015..........SUNRISE   616 AM CDT   SUNSET   848 PM CDT


-  INDICATES NEGATIVE NUMBERS.
R  INDICATES RECORD WAS SET OR TIED.
MM INDICATES DATA IS MISSING.
T  INDICATES TRACE AMOUNT.




$$
