000
CDUS43 KFSD 160642
CLISUX


CLIMATE REPORT
NATIONAL WEATHER SERVICE SIOUX FALLS SD
142 AM CDT TUE SEP 16 2014


...................................

...THE SIOUX CITY IA CLIMATE SUMMARY FOR SEPTEMBER 15 2014...

CLIMATE NORMAL PERIOD 1981 TO 2010
CLIMATE RECORD PERIOD 1889 TO 2014


WEATHER ITEM   OBSERVED TIME   RECORD YEAR NORMAL DEPARTURE LAST
                VALUE   (LST)  VALUE       VALUE  FROM      YEAR
                                                  NORMAL
..................................................................
TEMPERATURE (F)
 YESTERDAY
  MAXIMUM         65    318 PM  98    1955  77    -12       70
  MINIMUM         42   1159 PM  32    2011  51     -9       60
                                      2007
  AVERAGE         54                        64    -10       65

PRECIPITATION (IN)
  YESTERDAY        0.00          2.87 1988   0.10  -0.10     0.00
  MONTH TO DATE    1.35                      1.52  -0.17     1.10
  SINCE SEP 1      1.35                      1.52  -0.17     1.10
  SINCE JAN 1     36.98                     22.06  14.92    21.13

SNOWFALL (IN)
  YESTERDAY        0.0           0.0    MM   0.0    0.0      0.0
  MONTH TO DATE    0.0                       0.0    0.0      0.0
  SINCE SEP 1      0.0                       0.0    0.0      0.0
  SINCE JUL 1      0.0                       0.0    0.0      0.0
  SNOW DEPTH       0

DEGREE DAYS
 HEATING
  YESTERDAY       11                         4      7        0
  MONTH TO DATE   81                        37     44        8
  SINCE SEP 1     81                        37     44        8
  SINCE JUL 1     87                        52     35       28

 COOLING
  YESTERDAY        0                         3     -3        0
  MONTH TO DATE   37                        59    -22      104
  SINCE SEP 1     37                        59    -22      104
  SINCE JAN 1    803                       836    -33      905
..................................................................


WIND (MPH)
  HIGHEST WIND SPEED    22   HIGHEST WIND DIRECTION     N (10)
  HIGHEST GUST SPEED    27   HIGHEST GUST DIRECTION     N (360)
  AVERAGE WIND SPEED     8.0


SKY COVER
  POSSIBLE SUNSHINE  MM
  AVERAGE SKY COVER 0.5


WEATHER CONDITIONS
 THE FOLLOWING WEATHER WAS RECORDED YESTERDAY.
  FOG


RELATIVE HUMIDITY (PERCENT)
 HIGHEST    93           900 PM
 LOWEST     44           400 PM
 AVERAGE    69

..........................................................


THE SIOUX CITY IA CLIMATE NORMALS FOR TODAY
                         NORMAL    RECORD    YEAR
 MAXIMUM TEMPERATURE (F)   76        97      1955
 MINIMUM TEMPERATURE (F)   50        33      1903


SUNRISE AND SUNSET
SEPTEMBER 16 2014.....SUNRISE   706 AM CDT   SUNSET   733 PM CDT
SEPTEMBER 17 2014.....SUNRISE   708 AM CDT   SUNSET   732 PM CDT


-  INDICATES NEGATIVE NUMBERS.
R  INDICATES RECORD WAS SET OR TIED.
MM INDICATES DATA IS MISSING.
T  INDICATES TRACE AMOUNT.




$$
