000
CDUS43 KFSD 230638
CLISUX


CLIMATE REPORT
NATIONAL WEATHER SERVICE SIOUX FALLS SD
137 AM CDT TUE AUG 23 2016


...................................

...THE SIOUX CITY IA CLIMATE SUMMARY FOR AUGUST 22 2016...

CLIMATE NORMAL PERIOD 1981 TO 2010
CLIMATE RECORD PERIOD 1889 TO 2016


WEATHER ITEM   OBSERVED TIME   RECORD YEAR NORMAL DEPARTURE LAST
                VALUE   (LST)  VALUE       VALUE  FROM      YEAR
                                                  NORMAL
..................................................................
TEMPERATURE (F)
 YESTERDAY
  MAXIMUM         85    313 PM 100    1914  83      2       80
                                      1898
  MINIMUM         59    556 AM  43    1923  60     -1       58
                                      1890
  AVERAGE         72                        72      0       69

PRECIPITATION (IN)
  YESTERDAY        0.00          3.19 1988   0.10  -0.10      T
  MONTH TO DATE    2.46                      2.28   0.18     3.77
  SINCE JUN 1      6.03                      9.61  -3.58    13.64
  SINCE JAN 1     21.76                     19.59   2.17    21.54

SNOWFALL (IN)
  YESTERDAY        0.0           0.0    MM   0.0    0.0      0.0
  MONTH TO DATE    0.0                       0.0    0.0      0.0
  SINCE JUN 1      0.0                       0.0    0.0      0.0
  SINCE JUL 1      0.0                       0.0    0.0      0.0
  SNOW DEPTH       0

DEGREE DAYS
 HEATING
  YESTERDAY        0                         0      0        0
  MONTH TO DATE    0                         0      0        5
  SINCE JUN 1      0                        30    -30       10
  SINCE JUL 1      0                         3     -3        8

 COOLING
  YESTERDAY        7                         7      0        4
  MONTH TO DATE  228                       178     50      171
  SINCE JUN 1    910                       659    251      668
  SINCE JAN 1    962                       723    239      697
..................................................................


WIND (MPH)
  HIGHEST WIND SPEED    26   HIGHEST WIND DIRECTION     S (180)
  HIGHEST GUST SPEED    36   HIGHEST GUST DIRECTION     S (180)
  AVERAGE WIND SPEED    14.9


SKY COVER
  POSSIBLE SUNSHINE  MM
  AVERAGE SKY COVER 0.0


WEATHER CONDITIONS
 THE FOLLOWING WEATHER WAS RECORDED YESTERDAY.
  NO SIGNIFICANT WEATHER WAS OBSERVED.


RELATIVE HUMIDITY (PERCENT)
 HIGHEST    84           200 AM
 LOWEST     47          1200 PM
 AVERAGE    66

..........................................................


THE SIOUX CITY IA CLIMATE NORMALS FOR TODAY
                         NORMAL    RECORD    YEAR
 MAXIMUM TEMPERATURE (F)   83       102      1938
 MINIMUM TEMPERATURE (F)   60        40      1891


SUNRISE AND SUNSET
AUGUST 23 2016........SUNRISE   642 AM CDT   SUNSET   813 PM CDT
AUGUST 24 2016........SUNRISE   643 AM CDT   SUNSET   812 PM CDT


-  INDICATES NEGATIVE NUMBERS.
R  INDICATES RECORD WAS SET OR TIED.
MM INDICATES DATA IS MISSING.
T  INDICATES TRACE AMOUNT.




$$
