199
CDUS43 KFSD 062229
CLISUX


CLIMATE REPORT
NATIONAL WEATHER SERVICE SIOUX FALLS SD
428 PM CST SAT FEB 6 2016


...................................

...THE SIOUX CITY IA CLIMATE SUMMARY FOR FEBRUARY 6 2016...
VALID TODAY AS OF 0400 PM LOCAL TIME.

CLIMATE NORMAL PERIOD 1981 TO 2010
CLIMATE RECORD PERIOD 1889 TO 2016


WEATHER ITEM   OBSERVED TIME   RECORD YEAR NORMAL DEPARTURE LAST
                VALUE   (LST)  VALUE       VALUE  FROM      YEAR
                                                  NORMAL
..................................................................
TEMPERATURE (F)
 TODAY
  MAXIMUM         40    319 PM  57    1957  33      7       37
  MINIMUM         14    720 AM -17    1982  13      1       16
                                      1905
                                      1893
  AVERAGE         27                        23      4       27

PRECIPITATION (IN)
  TODAY            0.00          0.69 1928   0.02  -0.02     0.00
  MONTH TO DATE    0.56                      0.12   0.44     0.18
  SINCE DEC 1      4.15                      1.54   2.61     2.22
  SINCE JAN 1      1.29                      0.74   0.55     0.82

SNOWFALL (IN)
  TODAY            0.0           6.0  1921   0.3   -0.3      0.0
  MONTH TO DATE   12.6                       1.5   11.1      3.4
  SINCE DEC 1     29.3                      16.0   13.3     15.5
  SINCE JUL 1     41.8                      21.4   20.4     20.0
  SNOW DEPTH      13

DEGREE DAYS
 HEATING
  TODAY           38                        42     -4       38
  MONTH TO DATE  242                       257    -15      318
  SINCE DEC 1   2609                      2957   -348     2705
  SINCE JUL 1   3715                      4433   -718     4200

 COOLING
  TODAY            0                         0      0        0
  MONTH TO DATE    0                         0      0        0
  SINCE DEC 1      0                         0      0        0
  SINCE JAN 1      0                         0      0        0
..................................................................


WIND (MPH)
  HIGHEST WIND SPEED    18   HIGHEST WIND DIRECTION     S (200)
  HIGHEST GUST SPEED    21   HIGHEST GUST DIRECTION     S (200)
  AVERAGE WIND SPEED     7.5


SKY COVER
  POSSIBLE SUNSHINE  MM
  AVERAGE SKY COVER 0.4


WEATHER CONDITIONS
 THE FOLLOWING WEATHER WAS RECORDED TODAY.
  FOG
  FOG W/VISIBILITY <= 1/4 MILE
  HAZE


RELATIVE HUMIDITY (PERCENT)
 HIGHEST    92           100 AM
 LOWEST     59           300 PM
 AVERAGE    76

..........................................................


THE SIOUX CITY IA CLIMATE NORMALS FOR TOMORROW
                         NORMAL    RECORD    YEAR
 MAXIMUM TEMPERATURE (F)   33        69      1987
 MINIMUM TEMPERATURE (F)   13       -24      1905


SUNRISE AND SUNSET
FEBRUARY  6 2016......SUNRISE   734 AM CST   SUNSET   546 PM CST
FEBRUARY  7 2016......SUNRISE   733 AM CST   SUNSET   547 PM CST


-  INDICATES NEGATIVE NUMBERS.
R  INDICATES RECORD WAS SET OR TIED.
MM INDICATES DATA IS MISSING.
T  INDICATES TRACE AMOUNT.




$$
