000
CDUS43 KFSD 170633
CLISUX


CLIMATE REPORT
NATIONAL WEATHER SERVICE SIOUX FALLS SD
133 AM CDT SAT JUN 17 2017


...................................

...THE SIOUX CITY IA CLIMATE SUMMARY FOR JUNE 16 2017...

CLIMATE NORMAL PERIOD 1981 TO 2010
CLIMATE RECORD PERIOD 1889 TO 2017


WEATHER ITEM   OBSERVED TIME   RECORD YEAR NORMAL DEPARTURE LAST
                VALUE   (LST)  VALUE       VALUE  FROM      YEAR
                                                  NORMAL
..................................................................
TEMPERATURE (F)
 YESTERDAY
  MAXIMUM         89    323 PM 106    1946  83      6       94
  MINIMUM         61    324 AM  43    1999  59      2       66
  AVERAGE         75                        71      4       80

PRECIPITATION (IN)
  YESTERDAY        0.11          2.71 2006   0.13  -0.02     0.00
  MONTH TO DATE    0.59                      2.13  -1.54     0.90
  SINCE JUN 1      0.59                      2.13  -1.54     0.90
  SINCE JAN 1     10.06                     12.11  -2.05    16.63

SNOWFALL (IN)
  YESTERDAY        0.0           0.0    MM   0.0    0.0      0.0
  MONTH TO DATE    0.0                       0.0    0.0      0.0
  SINCE JUN 1      0.0                       0.0    0.0      0.0
  SINCE JUL 1     28.6                      34.8   -6.2     57.6
  SNOW DEPTH       0

DEGREE DAYS
 HEATING
  YESTERDAY        0                         1     -1        0
  MONTH TO DATE    0                        22    -22        0
  SINCE JUN 1      0                        22    -22        0
  SINCE JUL 1   5638                      6856  -1218     5655

 COOLING
  YESTERDAY       10                         6      4       15
  MONTH TO DATE  185                        77    108      158
  SINCE JUN 1    185                        77    108      158
  SINCE JAN 1    223                       141     82      210
..................................................................


WIND (MPH)
  HIGHEST WIND SPEED    16   HIGHEST WIND DIRECTION    SW (230)
  HIGHEST GUST SPEED    21   HIGHEST GUST DIRECTION    SW (220)
  AVERAGE WIND SPEED     6.4


SKY COVER
  POSSIBLE SUNSHINE  MM
  AVERAGE SKY COVER 0.1


WEATHER CONDITIONS
 THE FOLLOWING WEATHER WAS RECORDED YESTERDAY.
  THUNDERSTORM
  HEAVY RAIN
  LIGHT RAIN


RELATIVE HUMIDITY (PERCENT)
 HIGHEST    84           800 PM
 LOWEST     43           400 PM
 AVERAGE    64

..........................................................


THE SIOUX CITY IA CLIMATE NORMALS FOR TODAY
                         NORMAL    RECORD    YEAR
 MAXIMUM TEMPERATURE (F)   83        98      1959
 MINIMUM TEMPERATURE (F)   59        43      1915


SUNRISE AND SUNSET
JUNE 17 2017..........SUNRISE   548 AM CDT   SUNSET   905 PM CDT
JUNE 18 2017..........SUNRISE   548 AM CDT   SUNSET   905 PM CDT


-  INDICATES NEGATIVE NUMBERS.
R  INDICATES RECORD WAS SET OR TIED.
MM INDICATES DATA IS MISSING.
T  INDICATES TRACE AMOUNT.




$$
