528
CDUS43 KFSD 130716
CLISUX


CLIMATE REPORT
NATIONAL WEATHER SERVICE SIOUX FALLS SD
115 AM CST TUE FEB 13 2018


...................................

...THE SIOUX CITY IA CLIMATE SUMMARY FOR FEBRUARY 12 2018...

CLIMATE NORMAL PERIOD 1981 TO 2010
CLIMATE RECORD PERIOD 1889 TO 2018


WEATHER ITEM   OBSERVED TIME   RECORD YEAR NORMAL DEPARTURE LAST
                VALUE   (LST)  VALUE       VALUE  FROM      YEAR
                                                  NORMAL
..................................................................
TEMPERATURE (F)
 YESTERDAY
  MAXIMUM         14   1159 PM  63    1990  34    -20       48
  MINIMUM         -9    358 AM -25    1905  14    -23       27
  AVERAGE          3                        24    -21       38

PRECIPITATION (IN)
  YESTERDAY        0.00          0.52 1915   0.02  -0.02     0.00
  MONTH TO DATE    0.59                      0.25   0.34     0.17
  SINCE DEC 1      2.36                      1.67   0.69     2.32
  SINCE JAN 1      1.97                      0.87   1.10     0.84

SNOWFALL (IN)
  YESTERDAY        0.0           3.3  1950   0.3   -0.3      0.0
  MONTH TO DATE    7.1                       2.9    4.2      2.9
  SINCE DEC 1     27.8                      17.4   10.4     14.6
  SINCE JUL 1     27.8                      22.8    5.0     15.6
  SNOW DEPTH      10

DEGREE DAYS
 HEATING
  YESTERDAY       62                        41     21       27
  MONTH TO DATE  671                       507    164      440
  SINCE DEC 1   3360                      3207    153     2904
  SINCE JUL 1   4679                      4683     -4     3848

 COOLING
  YESTERDAY        0                         0      0        0
  MONTH TO DATE    0                         0      0        0
  SINCE DEC 1      0                         0      0        0
  SINCE JAN 1      0                         0      0        0
..................................................................


WIND (MPH)
  HIGHEST WIND SPEED    17   HIGHEST WIND DIRECTION    SE (120)
  HIGHEST GUST SPEED    20   HIGHEST GUST DIRECTION    SE (120)
  AVERAGE WIND SPEED     7.8


SKY COVER
  POSSIBLE SUNSHINE  MM
  AVERAGE SKY COVER 0.3


WEATHER CONDITIONS
 THE FOLLOWING WEATHER WAS RECORDED YESTERDAY.
  NO SIGNIFICANT WEATHER WAS OBSERVED.


RELATIVE HUMIDITY (PERCENT)
 HIGHEST    95          1200 AM
 LOWEST     64           200 PM
 AVERAGE    80

..........................................................


THE SIOUX CITY IA CLIMATE NORMALS FOR TODAY
                         NORMAL    RECORD    YEAR
 MAXIMUM TEMPERATURE (F)   34        64      1934
 MINIMUM TEMPERATURE (F)   15       -24      1905


SUNRISE AND SUNSET
FEBRUARY 13 2018......SUNRISE   725 AM CST   SUNSET   555 PM CST
FEBRUARY 14 2018......SUNRISE   723 AM CST   SUNSET   557 PM CST


-  INDICATES NEGATIVE NUMBERS.
R  INDICATES RECORD WAS SET OR TIED.
MM INDICATES DATA IS MISSING.
T  INDICATES TRACE AMOUNT.




$$
