000
CDUS43 KFSD 010634
CLISUX


CLIMATE REPORT
NATIONAL WEATHER SERVICE SIOUX FALLS SD
1233 AM CST THU DEC 1 2016


...................................

...THE SIOUX CITY IA CLIMATE SUMMARY FOR NOVEMBER 30 2016...

CLIMATE NORMAL PERIOD 1981 TO 2010
CLIMATE RECORD PERIOD 1889 TO 2016


WEATHER ITEM   OBSERVED TIME   RECORD YEAR NORMAL DEPARTURE LAST
                VALUE   (LST)  VALUE       VALUE  FROM      YEAR
                                                  NORMAL
..................................................................
TEMPERATURE (F)
 YESTERDAY
  MAXIMUM         36    238 PM  62    1990  38     -2       34
                                      1922
  MINIMUM         33   1159 PM  -9    1896  18     15       29
  AVERAGE         35                        28      7       32

PRECIPITATION (IN)
  YESTERDAY        T             1.00 1981   0.04  -0.04     0.63
  MONTH TO DATE    2.04                      1.31   0.73     4.55
  SINCE SEP 1      6.42                      6.40   0.02     8.54
  SINCE JAN 1     30.77                     26.94   3.83    32.28

SNOWFALL (IN)
  YESTERDAY        T             6.6  2015   0.2   -0.2      6.6
  MONTH TO DATE    1.0                       4.4   -3.4     12.5
  SINCE SEP 1      1.0                       5.4   -4.4     12.5
  SINCE JUL 1      1.0                       5.4   -4.4     12.5
  SNOW DEPTH       0

DEGREE DAYS
 HEATING
  YESTERDAY       30                        37     -7       33
  MONTH TO DATE  590                       876   -286      702
  SINCE SEP 1    944                      1461   -517     1083
  SINCE JUL 1    944                      1476   -532     1106

 COOLING
  YESTERDAY        0                         0      0        0
  MONTH TO DATE    0                         0      0        0
  SINCE SEP 1    143                        92     51      169
  SINCE JAN 1   1165                       869    296      889
..................................................................


WIND (MPH)
  HIGHEST WIND SPEED    25   HIGHEST WIND DIRECTION    NW (320)
  HIGHEST GUST SPEED    33   HIGHEST GUST DIRECTION    NW (310)
  AVERAGE WIND SPEED    17.3


SKY COVER
  POSSIBLE SUNSHINE  MM
  AVERAGE SKY COVER 1.0


WEATHER CONDITIONS
 THE FOLLOWING WEATHER WAS RECORDED YESTERDAY.
  LIGHT SNOW


RELATIVE HUMIDITY (PERCENT)
 HIGHEST    82           400 AM
 LOWEST     70           700 PM
 AVERAGE    76

..........................................................


THE SIOUX CITY IA CLIMATE NORMALS FOR TODAY
                         NORMAL    RECORD    YEAR
 MAXIMUM TEMPERATURE (F)   37        70      1998
 MINIMUM TEMPERATURE (F)   18        -8      1896


SUNRISE AND SUNSET
DECEMBER  1 2016......SUNRISE   736 AM CST   SUNSET   454 PM CST
DECEMBER  2 2016......SUNRISE   737 AM CST   SUNSET   453 PM CST


-  INDICATES NEGATIVE NUMBERS.
R  INDICATES RECORD WAS SET OR TIED.
MM INDICATES DATA IS MISSING.
T  INDICATES TRACE AMOUNT.




$$
