000
CDUS43 KFSD 120658
CLISUX


CLIMATE REPORT
NATIONAL WEATHER SERVICE SIOUX FALLS SD
133 AM CDT TUE JUL 12 2016


...................................

...THE SIOUX CITY IA CLIMATE SUMMARY FOR JULY 11 2016...

CLIMATE NORMAL PERIOD 1981 TO 2010
CLIMATE RECORD PERIOD 1889 TO 2016


WEATHER ITEM   OBSERVED TIME   RECORD YEAR NORMAL DEPARTURE LAST
                VALUE   (LST)  VALUE       VALUE  FROM      YEAR
                                                  NORMAL
..................................................................
TEMPERATURE (F)
 YESTERDAY
  MAXIMUM         91    408 PM 111    1939  86      5       89
  MINIMUM         68   1155 PM  50    2007  63      5       68
  AVERAGE         80                        75      5       79

PRECIPITATION (IN)
  YESTERDAY        T             2.74 1956   0.11  -0.11     0.00
  MONTH TO DATE    1.22                      1.25  -0.03     0.82
  SINCE JUN 1      2.60                      5.14  -2.54     5.01
  SINCE JAN 1     18.33                     15.12   3.21    12.91

SNOWFALL (IN)
  YESTERDAY        0.0           0.0    MM   0.0    0.0      0.0
  MONTH TO DATE    0.0                       0.0    0.0      0.0
  SINCE JUN 1      0.0                       0.0    0.0      0.0
  SINCE JUL 1      0.0                       0.0    0.0      0.0
  SNOW DEPTH       0

DEGREE DAYS
 HEATING
  YESTERDAY        0                         0      0        0
  MONTH TO DATE    0                         0      0        3
  SINCE JUN 1      0                        27    -27        5
  SINCE JUL 1      0                         0      0        3

 COOLING
  YESTERDAY       15                        10      5       14
  MONTH TO DATE  101                       104     -3       57
  SINCE JUN 1    434                       292    142      266
  SINCE JAN 1    486                       356    130      295
..................................................................


WIND (MPH)
  HIGHEST WIND SPEED    25   HIGHEST WIND DIRECTION     S (200)
  HIGHEST GUST SPEED    30   HIGHEST GUST DIRECTION    SW (210)
  AVERAGE WIND SPEED    12.7


SKY COVER
  POSSIBLE SUNSHINE  MM
  AVERAGE SKY COVER 0.3


WEATHER CONDITIONS
 THE FOLLOWING WEATHER WAS RECORDED YESTERDAY.
  THUNDERSTORM
  LIGHT RAIN


RELATIVE HUMIDITY (PERCENT)
 HIGHEST    87           400 AM
 LOWEST     63          1100 AM
 AVERAGE    75

..........................................................


THE SIOUX CITY IA CLIMATE NORMALS FOR TODAY
                         NORMAL    RECORD    YEAR
 MAXIMUM TEMPERATURE (F)   86       108      1995
 MINIMUM TEMPERATURE (F)   63        51      1975


SUNRISE AND SUNSET
JULY 12 2016..........SUNRISE   600 AM CDT   SUNSET   902 PM CDT
JULY 13 2016..........SUNRISE   601 AM CDT   SUNSET   902 PM CDT


-  INDICATES NEGATIVE NUMBERS.
R  INDICATES RECORD WAS SET OR TIED.
MM INDICATES DATA IS MISSING.
T  INDICATES TRACE AMOUNT.




$$
