000
CDUS43 KFSD 092220
CLISUX


CLIMATE REPORT
NATIONAL WEATHER SERVICE SIOUX FALLS SD
519 PM CDT MON OCT 9 2017


...................................

...THE SIOUX CITY IA CLIMATE SUMMARY FOR OCTOBER 9 2017...
VALID TODAY AS OF 0500 PM LOCAL TIME.

CLIMATE NORMAL PERIOD 1981 TO 2010
CLIMATE RECORD PERIOD 1889 TO 2017


WEATHER ITEM   OBSERVED TIME   RECORD YEAR NORMAL DEPARTURE LAST
                VALUE   (LST)  VALUE       VALUE  FROM      YEAR
                                                  NORMAL
..................................................................
TEMPERATURE (F)
 TODAY
  MAXIMUM         55   1107 AM  87    1980  67    -12       72
  MINIMUM         44    359 PM  20    2000  40      4       38
  AVERAGE         50                        54     -4       55

PRECIPITATION (IN)
  TODAY            T             1.20 1973   0.08  -0.08     0.00
  MONTH TO DATE    6.18                      0.78   5.40     1.02
  SINCE SEP 1      8.36                      3.74   4.62     3.80
  SINCE JAN 1     28.55                     24.28   4.27    28.15

SNOWFALL (IN)
  TODAY            0.0           5.1  1970   0.0    0.0      0.0
  MONTH TO DATE    0.0                       0.1   -0.1      0.0
  SINCE SEP 1      0.0                       0.1   -0.1      0.0
  SINCE JUL 1      0.0                       0.1   -0.1      0.0
  SNOW DEPTH       0

DEGREE DAYS
 HEATING
  TODAY           15                        12      3       10
  MONTH TO DATE   52                        95    -43       63
  SINCE SEP 1    118                       227   -109      113
  SINCE JUL 1    126                       242   -116      113

 COOLING
  TODAY            0                         0      0        0
  MONTH TO DATE    0                         8     -8        0
  SINCE SEP 1    119                        92     27      143
  SINCE JAN 1    951                       869     82     1165
..................................................................


WIND (MPH)
  HIGHEST WIND SPEED    24   HIGHEST WIND DIRECTION     N (350)
  HIGHEST GUST SPEED    31   HIGHEST GUST DIRECTION     N (350)
  AVERAGE WIND SPEED    13.6


SKY COVER
  POSSIBLE SUNSHINE  MM
  AVERAGE SKY COVER 0.9


WEATHER CONDITIONS
 THE FOLLOWING WEATHER WAS RECORDED TODAY.
  THUNDERSTORM
  LIGHT RAIN


RELATIVE HUMIDITY (PERCENT)
 HIGHEST    66           500 AM
 LOWEST     54          1200 AM
 AVERAGE    60

..........................................................


THE SIOUX CITY IA CLIMATE NORMALS FOR TOMORROW
                         NORMAL    RECORD    YEAR
 MAXIMUM TEMPERATURE (F)   66        92      1928
 MINIMUM TEMPERATURE (F)   40        24      2009
                                             2000
                                             1906


SUNRISE AND SUNSET
OCTOBER  9 2017.......SUNRISE   732 AM CDT   SUNSET   653 PM CDT
OCTOBER 10 2017.......SUNRISE   733 AM CDT   SUNSET   651 PM CDT


-  INDICATES NEGATIVE NUMBERS.
R  INDICATES RECORD WAS SET OR TIED.
MM INDICATES DATA IS MISSING.
T  INDICATES TRACE AMOUNT.




$$
