000
CDUS43 KFSD 070708
CLISUX


CLIMATE REPORT
NATIONAL WEATHER SERVICE SIOUX FALLS SD
107 AM CST SAT JAN 7 2017


...................................

...THE SIOUX CITY IA CLIMATE SUMMARY FOR JANUARY 6 2017...

CLIMATE NORMAL PERIOD 1981 TO 2010
CLIMATE RECORD PERIOD 1889 TO 2017


WEATHER ITEM   OBSERVED TIME   RECORD YEAR NORMAL DEPARTURE LAST
                VALUE   (LST)  VALUE       VALUE  FROM      YEAR
                                                  NORMAL
..................................................................
TEMPERATURE (F)
 YESTERDAY
  MAXIMUM         22    425 PM  56    1933  30     -8       36
  MINIMUM         -4    416 AM -20    1912  10    -14       30
  AVERAGE          9                        20    -11       33

PRECIPITATION (IN)
  YESTERDAY        0.00          0.43 2010   0.02  -0.02     0.04
  MONTH TO DATE    0.05                      0.12  -0.07     0.04
  SINCE DEC 1      1.53                      0.92   0.61     2.90
  SINCE JAN 1      0.05                      0.12  -0.07     0.04

SNOWFALL (IN)
  YESTERDAY        0.0           5.5  2010   0.2   -0.2       T
  MONTH TO DATE    0.2                       1.2   -1.0       T
  SINCE DEC 1      4.7                       9.0   -4.3     11.8
  SINCE JUL 1      5.7                      14.4   -8.7     24.3
  SNOW DEPTH       T

DEGREE DAYS
 HEATING
  YESTERDAY       56                        45     11       32
  MONTH TO DATE  293                       270     23      243
  SINCE DEC 1   1533                      1586    -53     1288
  SINCE JUL 1   2477                      3062   -585     2394

 COOLING
  YESTERDAY        0                         0      0        0
  MONTH TO DATE    0                         0      0        0
  SINCE DEC 1      0                         0      0        0
  SINCE JAN 1      0                         0      0        0
..................................................................


WIND (MPH)
  HIGHEST WIND SPEED    12   HIGHEST WIND DIRECTION     W (260)
  HIGHEST GUST SPEED    15   HIGHEST GUST DIRECTION     W (250)
  AVERAGE WIND SPEED     5.2


SKY COVER
  POSSIBLE SUNSHINE  MM
  AVERAGE SKY COVER 0.2


WEATHER CONDITIONS
 THE FOLLOWING WEATHER WAS RECORDED YESTERDAY.
  NO SIGNIFICANT WEATHER WAS OBSERVED.


RELATIVE HUMIDITY (PERCENT)
 HIGHEST    79          1200 AM
 LOWEST     52           300 PM
 AVERAGE    66

..........................................................


THE SIOUX CITY IA CLIMATE NORMALS FOR TODAY
                         NORMAL    RECORD    YEAR
 MAXIMUM TEMPERATURE (F)   30        64      2003
 MINIMUM TEMPERATURE (F)   10       -26      1912


SUNRISE AND SUNSET
JANUARY  7 2017.......SUNRISE   755 AM CST   SUNSET   510 PM CST
JANUARY  8 2017.......SUNRISE   754 AM CST   SUNSET   511 PM CST


-  INDICATES NEGATIVE NUMBERS.
R  INDICATES RECORD WAS SET OR TIED.
MM INDICATES DATA IS MISSING.
T  INDICATES TRACE AMOUNT.




$$
