000
CDUS43 KFSD 290642
CLISUX


CLIMATE REPORT
NATIONAL WEATHER SERVICE SIOUX FALLS SD
1239 AM CST TUE NOV 29 2016


...................................

...THE SIOUX CITY IA CLIMATE SUMMARY FOR NOVEMBER 28 2016...

CLIMATE NORMAL PERIOD 1981 TO 2010
CLIMATE RECORD PERIOD 1889 TO 2016


WEATHER ITEM   OBSERVED TIME   RECORD YEAR NORMAL DEPARTURE LAST
                VALUE   (LST)  VALUE       VALUE  FROM      YEAR
                                                  NORMAL
..................................................................
TEMPERATURE (F)
 YESTERDAY
  MAXIMUM         50    320 PM  63    1941  39     11       30
  MINIMUM         38   1159 PM  -9    1891  19     19       12
  AVERAGE         44                        29     15       21

PRECIPITATION (IN)
  YESTERDAY        0.00          0.55 2005   0.04  -0.04      T
  MONTH TO DATE    2.04                      1.23   0.81     3.92
  SINCE SEP 1      6.42                      6.32   0.10     7.91
  SINCE JAN 1     30.77                     26.86   3.91    31.65

SNOWFALL (IN)
  YESTERDAY        0.0           4.0  2005   0.2   -0.2       T
  MONTH TO DATE    1.0                       3.9   -2.9      5.9
  SINCE SEP 1      1.0                       4.9   -3.9      5.9
  SINCE JUL 1      1.0                       4.9   -3.9      5.9
  SNOW DEPTH       0

DEGREE DAYS
 HEATING
  YESTERDAY       21                        36    -15       44
  MONTH TO DATE  532                       802   -270      636
  SINCE SEP 1    886                      1387   -501     1017
  SINCE JUL 1    886                      1402   -516     1040

 COOLING
  YESTERDAY        0                         0      0        0
  MONTH TO DATE    0                         0      0        0
  SINCE SEP 1    143                        92     51      169
  SINCE JAN 1   1165                       869    296      889
..................................................................


WIND (MPH)
  HIGHEST WIND SPEED    26   HIGHEST WIND DIRECTION     W (290)
  HIGHEST GUST SPEED    37   HIGHEST GUST DIRECTION     W (280)
  AVERAGE WIND SPEED    13.8


SKY COVER
  POSSIBLE SUNSHINE  MM
  AVERAGE SKY COVER 0.5


WEATHER CONDITIONS
 THE FOLLOWING WEATHER WAS RECORDED YESTERDAY.
  NO SIGNIFICANT WEATHER WAS OBSERVED.


RELATIVE HUMIDITY (PERCENT)
 HIGHEST    86           700 AM
 LOWEST     56          1200 PM
 AVERAGE    71

..........................................................


THE SIOUX CITY IA CLIMATE NORMALS FOR TODAY
                         NORMAL    RECORD    YEAR
 MAXIMUM TEMPERATURE (F)   38        63      2014
                                             1998
 MINIMUM TEMPERATURE (F)   18        -5      1896


SUNRISE AND SUNSET
NOVEMBER 29 2016......SUNRISE   734 AM CST   SUNSET   454 PM CST
NOVEMBER 30 2016......SUNRISE   735 AM CST   SUNSET   454 PM CST


-  INDICATES NEGATIVE NUMBERS.
R  INDICATES RECORD WAS SET OR TIED.
MM INDICATES DATA IS MISSING.
T  INDICATES TRACE AMOUNT.




$$
