000
CDUS43 KFSD 180635
CLISUX


CLIMATE REPORT
NATIONAL WEATHER SERVICE SIOUX FALLS SD
1235 AM CST SAT FEB 18 2017


...................................

...THE SIOUX CITY IA CLIMATE SUMMARY FOR FEBRUARY 17 2017...

CLIMATE NORMAL PERIOD 1981 TO 2010
CLIMATE RECORD PERIOD 1889 TO 2017


WEATHER ITEM   OBSERVED TIME   RECORD YEAR NORMAL DEPARTURE LAST
                VALUE   (LST)  VALUE       VALUE  FROM      YEAR
                                                  NORMAL
..................................................................
TEMPERATURE (F)
 YESTERDAY
  MAXIMUM         66    302 PM  71    1981  35     31       37
  MINIMUM         33    735 AM -19    1978  16     17       30
  AVERAGE         50                        26     24       34

PRECIPITATION (IN)
  YESTERDAY        0.00          0.68 1961   0.02  -0.02     0.00
  MONTH TO DATE    0.17                      0.35  -0.18     0.97
  SINCE DEC 1      2.32                      1.77   0.55     4.56
  SINCE JAN 1      0.84                      0.97  -0.13     1.70

SNOWFALL (IN)
  YESTERDAY        0.0           5.0  1961   0.3   -0.3      0.0
  MONTH TO DATE    2.9                       4.1   -1.2     13.5
  SINCE DEC 1     14.6                      18.6   -4.0     30.2
  SINCE JUL 1     15.6                      24.0   -8.4     42.7
  SNOW DEPTH       0

DEGREE DAYS
 HEATING
  YESTERDAY       15                        39    -24       31
  MONTH TO DATE  549                       707   -158      684
  SINCE DEC 1   3013                      3407   -394     3051
  SINCE JUL 1   3957                      4883   -926     4157

 COOLING
  YESTERDAY        0                         0      0        0
  MONTH TO DATE    0                         0      0        0
  SINCE DEC 1      0                         0      0        0
  SINCE JAN 1      0                         0      0        0
..................................................................


WIND (MPH)
  HIGHEST WIND SPEED    20   HIGHEST WIND DIRECTION    NW (300)
  HIGHEST GUST SPEED    24   HIGHEST GUST DIRECTION     W (290)
  AVERAGE WIND SPEED     8.8


SKY COVER
  POSSIBLE SUNSHINE  MM
  AVERAGE SKY COVER 0.0


WEATHER CONDITIONS
 THE FOLLOWING WEATHER WAS RECORDED YESTERDAY.
  NO SIGNIFICANT WEATHER WAS OBSERVED.


RELATIVE HUMIDITY (PERCENT)
 HIGHEST    82          1200 AM
 LOWEST     37           300 PM
 AVERAGE    60

..........................................................


THE SIOUX CITY IA CLIMATE NORMALS FOR TODAY
                         NORMAL    RECORD    YEAR
 MAXIMUM TEMPERATURE (F)   36        69      1930
 MINIMUM TEMPERATURE (F)   16       -18      1903


SUNRISE AND SUNSET
FEBRUARY 18 2017......SUNRISE   717 AM CST   SUNSET   602 PM CST
FEBRUARY 19 2017......SUNRISE   716 AM CST   SUNSET   603 PM CST


-  INDICATES NEGATIVE NUMBERS.
R  INDICATES RECORD WAS SET OR TIED.
MM INDICATES DATA IS MISSING.
T  INDICATES TRACE AMOUNT.




$$
