000
CDUS43 KFSD 090707
CLISUX


CLIMATE REPORT
NATIONAL WEATHER SERVICE SIOUX FALLS SD
206 AM CDT WED APR 9 2014


...................................

...THE SIOUX CITY IA CLIMATE SUMMARY FOR APRIL 8 2014...

CLIMATE NORMAL PERIOD 1981 TO 2010
CLIMATE RECORD PERIOD 1889 TO 2014


WEATHER ITEM   OBSERVED TIME   RECORD YEAR NORMAL DEPARTURE LAST
                VALUE   (LST)  VALUE       VALUE  FROM      YEAR
                                                  NORMAL
..................................................................
TEMPERATURE (F)
 YESTERDAY
  MAXIMUM         59    426 PM  89    1931  59      0       74
  MINIMUM         31   1159 PM  14    2007  34     -3       33
                                      1997
  AVERAGE         45                        46     -1       54

PRECIPITATION (IN)
  YESTERDAY        0.00          1.09 1999   0.09  -0.09      T
  MONTH TO DATE    0.66                      0.70  -0.04     0.03
  SINCE MAR 1      1.04                      2.70  -1.66     2.03
  SINCE JAN 1      1.81                      3.99  -2.18     3.23

SNOWFALL (IN)
  YESTERDAY        0.0           1.2  1962   0.1   -0.1      0.0
  MONTH TO DATE    3.5                       0.8    2.7      0.0
  SINCE MAR 1      8.2                       7.3    0.9     11.7
  SINCE JUL 1     22.0                      33.8  -11.8     32.5
  SNOW DEPTH       0

DEGREE DAYS
 HEATING
  YESTERDAY       20                        19      1       11
  MONTH TO DATE  193                       162     31      161
  SINCE MAR 1   1173                      1046    127     1208
  SINCE JUL 1   6777                      6340    437     6357

 COOLING
  YESTERDAY        0                         0      0        0
  MONTH TO DATE    0                         0      0        0
  SINCE MAR 1      0                         0      0        0
  SINCE JAN 1      0                         0      0        0
..................................................................


WIND (MPH)
  HIGHEST WIND SPEED    24   HIGHEST WIND DIRECTION    NW (320)
  HIGHEST GUST SPEED    31   HIGHEST GUST DIRECTION     N (360)
  AVERAGE WIND SPEED    13.2


SKY COVER
  POSSIBLE SUNSHINE  MM
  AVERAGE SKY COVER 0.1


WEATHER CONDITIONS
 THE FOLLOWING WEATHER WAS RECORDED YESTERDAY.
  NO SIGNIFICANT WEATHER WAS OBSERVED.


RELATIVE HUMIDITY (PERCENT)
 HIGHEST    89           500 AM
 LOWEST     19           300 PM
 AVERAGE    54

..........................................................


THE SIOUX CITY IA CLIMATE NORMALS FOR TODAY
                         NORMAL    RECORD    YEAR
 MAXIMUM TEMPERATURE (F)   60        87      1977
 MINIMUM TEMPERATURE (F)   34        16      1928


SUNRISE AND SUNSET
APRIL  9 2014.........SUNRISE   654 AM CDT   SUNSET   800 PM CDT
APRIL 10 2014.........SUNRISE   653 AM CDT   SUNSET   802 PM CDT


-  INDICATES NEGATIVE NUMBERS.
R  INDICATES RECORD WAS SET OR TIED.
MM INDICATES DATA IS MISSING.
T  INDICATES TRACE AMOUNT.




$$
