000
CDUS43 KFSD 240644
CLISUX


CLIMATE REPORT
NATIONAL WEATHER SERVICE SIOUX FALLS SD
142 AM CDT FRI JUL 24 2015


...................................

...THE SIOUX CITY IA CLIMATE SUMMARY FOR JULY 23 2015...

CLIMATE NORMAL PERIOD 1981 TO 2010
CLIMATE RECORD PERIOD 1889 TO 2015


WEATHER ITEM   OBSERVED TIME   RECORD YEAR NORMAL DEPARTURE LAST
                VALUE   (LST)  VALUE       VALUE  FROM      YEAR
                                                  NORMAL
..................................................................
TEMPERATURE (F)
 YESTERDAY
  MAXIMUM         87    357 PM 105    1934  85      2       83
  MINIMUM         61    531 AM  49    1904  63     -2       60
  AVERAGE         74                        74      0       72

PRECIPITATION (IN)
  YESTERDAY        0.00          1.52 1896   0.11  -0.11     0.00
  MONTH TO DATE    2.76                      2.59   0.17     3.51
  SINCE JUN 1      6.95                      6.48   0.47    20.16
  SINCE JAN 1     14.85                     16.46  -1.61    25.41

SNOWFALL (IN)
  YESTERDAY        0.0           0.0    MM   0.0    0.0      0.0
  MONTH TO DATE    0.0                       0.0    0.0      0.0
  SINCE JUN 1      0.0                       0.0    0.0      0.0
  SINCE JUL 1      0.0                       0.0    0.0      0.0
  SNOW DEPTH       0

DEGREE DAYS
 HEATING
  YESTERDAY        0                         0      0        0
  MONTH TO DATE    3                         0      3        6
  SINCE JUN 1      5                        27    -22       26
  SINCE JUL 1      3                         0      3        6

 COOLING
  YESTERDAY        9                        10     -1        7
  MONTH TO DATE  194                       224    -30      147
  SINCE JUN 1    403                       412     -9      342
  SINCE JAN 1    432                       476    -44      463
..................................................................


WIND (MPH)
  HIGHEST WIND SPEED    20   HIGHEST WIND DIRECTION     S (160)
  HIGHEST GUST SPEED    24   HIGHEST GUST DIRECTION     S (160)
  AVERAGE WIND SPEED    10.9


SKY COVER
  POSSIBLE SUNSHINE  MM
  AVERAGE SKY COVER 0.2


WEATHER CONDITIONS
 THE FOLLOWING WEATHER WAS RECORDED YESTERDAY.
  NO SIGNIFICANT WEATHER WAS OBSERVED.


RELATIVE HUMIDITY (PERCENT)
 HIGHEST    93           100 AM
 LOWEST     59           400 PM
 AVERAGE    76

..........................................................


THE SIOUX CITY IA CLIMATE NORMALS FOR TODAY
                         NORMAL    RECORD    YEAR
 MAXIMUM TEMPERATURE (F)   85       108      1940
 MINIMUM TEMPERATURE (F)   63        48      1905


SUNRISE AND SUNSET
JULY 24 2015..........SUNRISE   610 AM CDT   SUNSET   854 PM CDT
JULY 25 2015..........SUNRISE   611 AM CDT   SUNSET   853 PM CDT


-  INDICATES NEGATIVE NUMBERS.
R  INDICATES RECORD WAS SET OR TIED.
MM INDICATES DATA IS MISSING.
T  INDICATES TRACE AMOUNT.




$$
