000
CDUS43 KFSD 122222
CLISUX


CLIMATE REPORT
NATIONAL WEATHER SERVICE SIOUX FALLS SD
421 PM CST SUN FEB 12 2017


...................................

...THE SIOUX CITY IA CLIMATE SUMMARY FOR FEBRUARY 12 2017...
VALID TODAY AS OF 0400 PM LOCAL TIME.

CLIMATE NORMAL PERIOD 1981 TO 2010
CLIMATE RECORD PERIOD 1889 TO 2017


WEATHER ITEM   OBSERVED TIME   RECORD YEAR NORMAL DEPARTURE LAST
                VALUE   (LST)  VALUE       VALUE  FROM      YEAR
                                                  NORMAL
..................................................................
TEMPERATURE (F)
 TODAY
  MAXIMUM         48    337 PM  63    1990  34     14       22
  MINIMUM         34    749 AM -25    1905  14     20        8
  AVERAGE         41                        24     17       15

PRECIPITATION (IN)
  TODAY            0.00          0.52 1915   0.02  -0.02     0.00
  MONTH TO DATE    0.17                      0.25  -0.08     0.87
  SINCE DEC 1      2.32                      1.67   0.65     4.46
  SINCE JAN 1      0.84                      0.87  -0.03     1.60

SNOWFALL (IN)
  TODAY            0.0           3.3  1950   0.3   -0.3      0.0
  MONTH TO DATE    2.9                       2.9    0.0     13.4
  SINCE DEC 1     14.6                      17.4   -2.8     30.1
  SINCE JUL 1     15.6                      22.8   -7.2     42.6
  SNOW DEPTH       0

DEGREE DAYS
 HEATING
  TODAY           24                        41    -17       50
  MONTH TO DATE  437                       507    -70      496
  SINCE DEC 1   2901                      3207   -306     2863
  SINCE JUL 1   3845                      4683   -838     3969

 COOLING
  TODAY            0                         0      0        0
  MONTH TO DATE    0                         0      0        0
  SINCE DEC 1      0                         0      0        0
  SINCE JAN 1      0                         0      0        0
..................................................................


WIND (MPH)
  HIGHEST WIND SPEED    28   HIGHEST WIND DIRECTION    NW (330)
  HIGHEST GUST SPEED    34   HIGHEST GUST DIRECTION    NW (310)
  AVERAGE WIND SPEED    16.1


SKY COVER
  POSSIBLE SUNSHINE  MM
  AVERAGE SKY COVER 0.0


WEATHER CONDITIONS
 THE FOLLOWING WEATHER WAS RECORDED TODAY.
  NO SIGNIFICANT WEATHER WAS OBSERVED.


RELATIVE HUMIDITY (PERCENT)
 HIGHEST    85           100 AM
 LOWEST     42           200 PM
 AVERAGE    64

..........................................................


THE SIOUX CITY IA CLIMATE NORMALS FOR TOMORROW
                         NORMAL    RECORD    YEAR
 MAXIMUM TEMPERATURE (F)   34        64      1934
 MINIMUM TEMPERATURE (F)   15       -24      1905


SUNRISE AND SUNSET
FEBRUARY 12 2017......SUNRISE   726 AM CST   SUNSET   554 PM CST
FEBRUARY 13 2017......SUNRISE   724 AM CST   SUNSET   556 PM CST


-  INDICATES NEGATIVE NUMBERS.
R  INDICATES RECORD WAS SET OR TIED.
MM INDICATES DATA IS MISSING.
T  INDICATES TRACE AMOUNT.




$$
