000
CDUS43 KFSD 300639
CLISUX


CLIMATE REPORT
NATIONAL WEATHER SERVICE SIOUX FALLS SD
1239 AM CST SAT JAN 30 2016


...................................

...THE SIOUX CITY IA CLIMATE SUMMARY FOR JANUARY 29 2016...

CLIMATE NORMAL PERIOD 1981 TO 2010
CLIMATE RECORD PERIOD 1889 TO 2016


WEATHER ITEM   OBSERVED TIME   RECORD YEAR NORMAL DEPARTURE LAST
                VALUE   (LST)  VALUE       VALUE  FROM      YEAR
                                                  NORMAL
..................................................................
TEMPERATURE (F)
 YESTERDAY
  MAXIMUM         44    329 PM  63    1931  31     13       37
  MINIMUM         27    243 AM -22    1966  11     16       23
  AVERAGE         36                        21     15       30

PRECIPITATION (IN)
  YESTERDAY        0.00          0.99 2001   0.02  -0.02      T
  MONTH TO DATE    0.69                      0.58   0.11     0.34
  SINCE DEC 1      3.55                      1.38   2.17     1.74
  SINCE JAN 1      0.69                      0.58   0.11     0.34

SNOWFALL (IN)
  YESTERDAY        0.0          11.0  1891   0.2   -0.2      0.0
  MONTH TO DATE    4.9                       6.2   -1.3      4.5
  SINCE DEC 1     16.7                      14.0    2.7      8.3
  SINCE JUL 1     29.2                      19.4    9.8     12.8
  SNOW DEPTH       4

DEGREE DAYS
 HEATING
  YESTERDAY       29                        44    -15       35
  MONTH TO DATE 1263                      1298    -35     1188
  SINCE DEC 1   2308                      2614   -306     2318
  SINCE JUL 1   3414                      4090   -676     3813

 COOLING
  YESTERDAY        0                         0      0        0
  MONTH TO DATE    0                         0      0        0
  SINCE DEC 1      0                         0      0        0
  SINCE JAN 1      0                         0      0        0
..................................................................


WIND (MPH)
  HIGHEST WIND SPEED    20   HIGHEST WIND DIRECTION    SE (130)
  HIGHEST GUST SPEED    25   HIGHEST GUST DIRECTION     S (160)
  AVERAGE WIND SPEED     9.8


SKY COVER
  POSSIBLE SUNSHINE  MM
  AVERAGE SKY COVER 0.0


WEATHER CONDITIONS
 THE FOLLOWING WEATHER WAS RECORDED YESTERDAY.
  NO SIGNIFICANT WEATHER WAS OBSERVED.


RELATIVE HUMIDITY (PERCENT)
 HIGHEST    89          1100 PM
 LOWEST     67           400 PM
 AVERAGE    78

..........................................................


THE SIOUX CITY IA CLIMATE NORMALS FOR TODAY
                         NORMAL    RECORD    YEAR
 MAXIMUM TEMPERATURE (F)   32        65      2012
 MINIMUM TEMPERATURE (F)   11       -23      1918


SUNRISE AND SUNSET
JANUARY 30 2016.......SUNRISE   742 AM CST   SUNSET   536 PM CST
JANUARY 31 2016.......SUNRISE   741 AM CST   SUNSET   538 PM CST


-  INDICATES NEGATIVE NUMBERS.
R  INDICATES RECORD WAS SET OR TIED.
MM INDICATES DATA IS MISSING.
T  INDICATES TRACE AMOUNT.




$$
