000
CDUS43 KFSD 130633
CLISUX


CLIMATE REPORT
NATIONAL WEATHER SERVICE SIOUX FALLS SD
132 AM CDT FRI MAY 13 2016


...................................

...THE SIOUX CITY IA CLIMATE SUMMARY FOR MAY 12 2016...

CLIMATE NORMAL PERIOD 1981 TO 2010
CLIMATE RECORD PERIOD 1889 TO 2016


WEATHER ITEM   OBSERVED TIME   RECORD YEAR NORMAL DEPARTURE LAST
                VALUE   (LST)  VALUE       VALUE  FROM      YEAR
                                                  NORMAL
..................................................................
TEMPERATURE (F)
 YESTERDAY
  MAXIMUM         66    452 PM  91    1940  72     -6       69
  MINIMUM         45   1159 PM  28    1946  47     -2       39
  AVERAGE         56                        60     -4       54

PRECIPITATION (IN)
  YESTERDAY        0.00          1.42 2005   0.12  -0.12     0.00
  MONTH TO DATE    1.69                      1.39   0.30     1.29
  SINCE MAR 1     10.56                      6.34   4.22     4.70
  SINCE JAN 1     12.40                      7.63   4.77     5.66

SNOWFALL (IN)
  YESTERDAY        0.0           T    1953   0.1   -0.1      0.0
                                      1943
  MONTH TO DATE    0.0                       0.2   -0.2      0.0
  SINCE MAR 1     14.5                       8.5    6.0       T
  SINCE JUL 1     57.6                      35.0   22.6     21.5
  SNOW DEPTH       0

DEGREE DAYS
 HEATING
  YESTERDAY        9                         7      2       11
  MONTH TO DATE   77                        99    -22       65
  SINCE MAR 1   1104                      1457   -353     1140
  SINCE JUL 1   5563                      6751  -1188     6306

 COOLING
  YESTERDAY        0                         1     -1        0
  MONTH TO DATE    3                        12     -9       11
  SINCE MAR 1      3                        23    -20       12
  SINCE JAN 1      3                        23    -20       12
..................................................................


WIND (MPH)
  HIGHEST WIND SPEED    28   HIGHEST WIND DIRECTION    NW (300)
  HIGHEST GUST SPEED    36   HIGHEST GUST DIRECTION    NW (320)
  AVERAGE WIND SPEED    12.3


SKY COVER
  POSSIBLE SUNSHINE  MM
  AVERAGE SKY COVER 0.1


WEATHER CONDITIONS
 THE FOLLOWING WEATHER WAS RECORDED YESTERDAY.
  NO SIGNIFICANT WEATHER WAS OBSERVED.


RELATIVE HUMIDITY (PERCENT)
 HIGHEST    82          1100 PM
 LOWEST     37           500 PM
 AVERAGE    60

..........................................................


THE SIOUX CITY IA CLIMATE NORMALS FOR TODAY
                         NORMAL    RECORD    YEAR
 MAXIMUM TEMPERATURE (F)   72        95      1987
 MINIMUM TEMPERATURE (F)   48        25      1997


SUNRISE AND SUNSET
MAY 13 2016...........SUNRISE   606 AM CDT   SUNSET   839 PM CDT
MAY 14 2016...........SUNRISE   604 AM CDT   SUNSET   840 PM CDT


-  INDICATES NEGATIVE NUMBERS.
R  INDICATES RECORD WAS SET OR TIED.
MM INDICATES DATA IS MISSING.
T  INDICATES TRACE AMOUNT.




$$
