000
CDUS43 KFSD 110725
CLISUX


CLIMATE REPORT
NATIONAL WEATHER SERVICE SIOUX FALLS SD
225 AM CDT SUN SEP 11 2016


...................................

...THE SIOUX CITY IA CLIMATE SUMMARY FOR SEPTEMBER 10 2016...

CLIMATE NORMAL PERIOD 1981 TO 2010
CLIMATE RECORD PERIOD 1889 TO 2016


WEATHER ITEM   OBSERVED TIME   RECORD YEAR NORMAL DEPARTURE LAST
                VALUE   (LST)  VALUE       VALUE  FROM      YEAR
                                                  NORMAL
..................................................................
TEMPERATURE (F)
 YESTERDAY
  MAXIMUM         75    419 PM  98    1931  78     -3       79
                                      1895
  MINIMUM         52   1159 PM  36    1995  53     -1       56
  AVERAGE         64                        66     -2       68

PRECIPITATION (IN)
  YESTERDAY        0.00          2.59 1949   0.10  -0.10      T
  MONTH TO DATE    0.44                      1.03  -0.59     0.29
  SINCE SEP 1      0.44                      1.03  -0.59     0.29
  SINCE JAN 1     24.79                     21.57   3.22    24.03

SNOWFALL (IN)
  YESTERDAY        0.0           0.0    MM   0.0    0.0      0.0
  MONTH TO DATE    0.0                       0.0    0.0      0.0
  SINCE SEP 1      0.0                       0.0    0.0      0.0
  SINCE JUL 1      0.0                       0.0    0.0      0.0
  SNOW DEPTH       0

DEGREE DAYS
 HEATING
  YESTERDAY        1                         3     -2        0
  MONTH TO DATE    1                        19    -18        0
  SINCE SEP 1      1                        19    -18        0
  SINCE JUL 1      1                        34    -33       23

 COOLING
  YESTERDAY        0                         4     -4        3
  MONTH TO DATE   40                        44     -4       99
  SINCE SEP 1     40                        44     -4       99
  SINCE JAN 1   1062                       821    241      819
..................................................................


WIND (MPH)
  HIGHEST WIND SPEED    17   HIGHEST WIND DIRECTION    NW (320)
  HIGHEST GUST SPEED    24   HIGHEST GUST DIRECTION    NW (320)
  AVERAGE WIND SPEED     8.9


SKY COVER
  POSSIBLE SUNSHINE  MM
  AVERAGE SKY COVER 0.0


WEATHER CONDITIONS
 THE FOLLOWING WEATHER WAS RECORDED YESTERDAY.
  NO SIGNIFICANT WEATHER WAS OBSERVED.


RELATIVE HUMIDITY (PERCENT)
 HIGHEST    89           200 AM
 LOWEST     46           300 PM
 AVERAGE    68

..........................................................


THE SIOUX CITY IA CLIMATE NORMALS FOR TODAY
                         NORMAL    RECORD    YEAR
 MAXIMUM TEMPERATURE (F)   78        98      2012
 MINIMUM TEMPERATURE (F)   53        35      1894


SUNRISE AND SUNSET
SEPTEMBER 11 2016.....SUNRISE   702 AM CDT   SUNSET   741 PM CDT
SEPTEMBER 12 2016.....SUNRISE   703 AM CDT   SUNSET   740 PM CDT


-  INDICATES NEGATIVE NUMBERS.
R  INDICATES RECORD WAS SET OR TIED.
MM INDICATES DATA IS MISSING.
T  INDICATES TRACE AMOUNT.




$$
