000
CDUS43 KFSD 140631
CLISUX


CLIMATE REPORT
NATIONAL WEATHER SERVICE SIOUX FALLS SD
131 AM CDT TUE OCT 14 2014


...................................

...THE SIOUX CITY IA CLIMATE SUMMARY FOR OCTOBER 13 2014...

CLIMATE NORMAL PERIOD 1981 TO 2010
CLIMATE RECORD PERIOD 1889 TO 2014


WEATHER ITEM   OBSERVED TIME   RECORD YEAR NORMAL DEPARTURE LAST
                VALUE   (LST)  VALUE       VALUE  FROM      YEAR
                                                  NORMAL
..................................................................
TEMPERATURE (F)
 YESTERDAY
  MAXIMUM         60    545 PM  92    1975  65     -5       69
  MINIMUM         50   1159 PM  17    1909  39     11       29
  AVERAGE         55                        52      3       49

PRECIPITATION (IN)
  YESTERDAY        0.06          0.94 1981   0.07  -0.01     0.01
  MONTH TO DATE    0.60                      1.08  -0.48     1.00
  SINCE SEP 1      3.39                      4.04  -0.65     2.44
  SINCE JAN 1     39.02                     24.58  14.44    22.47

SNOWFALL (IN)
  YESTERDAY        0.0           T    1969   0.1   -0.1      0.0
  MONTH TO DATE    0.0                       0.2   -0.2      0.0
  SINCE SEP 1      0.0                       0.2   -0.2      0.0
  SINCE JUL 1      0.0                       0.2   -0.2      0.0
  SNOW DEPTH       0

DEGREE DAYS
 HEATING
  YESTERDAY       10                        13     -3       16
  MONTH TO DATE  164                       146     18       78
  SINCE SEP 1    270                       278     -8      123
  SINCE JUL 1    276                       293    -17      143

 COOLING
  YESTERDAY        0                         0      0        0
  MONTH TO DATE    4                         8     -4        7
  SINCE SEP 1     96                        92      4      159
  SINCE JAN 1    862                       869     -7      960
..................................................................


WIND (MPH)
  HIGHEST WIND SPEED    24   HIGHEST WIND DIRECTION     N (360)
  HIGHEST GUST SPEED    31   HIGHEST GUST DIRECTION     N (340)
  AVERAGE WIND SPEED    14.0


SKY COVER
  POSSIBLE SUNSHINE  MM
  AVERAGE SKY COVER 0.6


WEATHER CONDITIONS
 THE FOLLOWING WEATHER WAS RECORDED YESTERDAY.
  LIGHT RAIN
  FOG


RELATIVE HUMIDITY (PERCENT)
 HIGHEST    93          1200 AM
 LOWEST     57           600 PM
 AVERAGE    75

..........................................................


THE SIOUX CITY IA CLIMATE NORMALS FOR TODAY
                         NORMAL    RECORD    YEAR
 MAXIMUM TEMPERATURE (F)   64        89      1958
 MINIMUM TEMPERATURE (F)   39        20      1937


SUNRISE AND SUNSET
OCTOBER 14 2014.......SUNRISE   737 AM CDT   SUNSET   645 PM CDT
OCTOBER 15 2014.......SUNRISE   738 AM CDT   SUNSET   643 PM CDT


-  INDICATES NEGATIVE NUMBERS.
R  INDICATES RECORD WAS SET OR TIED.
MM INDICATES DATA IS MISSING.
T  INDICATES TRACE AMOUNT.




$$
