165
CDUS43 KFSD 042224
CLISUX


CLIMATE REPORT
NATIONAL WEATHER SERVICE SIOUX FALLS SD
523 PM CDT WED MAY 4 2016


...................................

...THE SIOUX CITY IA CLIMATE SUMMARY FOR MAY 4 2016...
VALID TODAY AS OF 0500 PM LOCAL TIME.

CLIMATE NORMAL PERIOD 1981 TO 2010
CLIMATE RECORD PERIOD 1889 TO 2016


WEATHER ITEM   OBSERVED TIME   RECORD YEAR NORMAL DEPARTURE LAST
                VALUE   (LST)  VALUE       VALUE  FROM      YEAR
                                                  NORMAL
..................................................................
TEMPERATURE (F)
 TODAY
  MAXIMUM         69    348 PM  93    1952  69      0       71
  MINIMUM         41    506 AM  28    1944  44     -3       55
  AVERAGE         55                        57     -2       63

PRECIPITATION (IN)
  TODAY            0.00          1.85 2003   0.12  -0.12     0.05
  MONTH TO DATE    0.51                      0.46   0.05     0.23
  SINCE MAR 1      9.38                      5.41   3.97     3.64
  SINCE JAN 1     11.22                      6.70   4.52     4.60

SNOWFALL (IN)
  TODAY            0.0           1.4  1917   0.0    0.0      0.0
  MONTH TO DATE    0.0                       0.1   -0.1      0.0
  SINCE MAR 1     14.5                       8.4    6.1       T
  SINCE JUL 1     57.6                      34.9   22.7     21.5
  SNOW DEPTH       0

DEGREE DAYS
 HEATING
  TODAY           10                         9      1        2
  MONTH TO DATE   50                        38     12       10
  SINCE MAR 1   1077                      1396   -319     1085
  SINCE JUL 1   5536                      6690  -1154     6251

 COOLING
  TODAY            0                         1     -1        0
  MONTH TO DATE    0                         4     -4        7
  SINCE MAR 1      0                        15    -15        8
  SINCE JAN 1      0                        15    -15        8
..................................................................


WIND (MPH)
  HIGHEST WIND SPEED    21   HIGHEST WIND DIRECTION    NW (330)
  HIGHEST GUST SPEED    25   HIGHEST GUST DIRECTION    NW (310)
  AVERAGE WIND SPEED    12.4


SKY COVER
  POSSIBLE SUNSHINE  MM
  AVERAGE SKY COVER 0.0


WEATHER CONDITIONS
 THE FOLLOWING WEATHER WAS RECORDED TODAY.
  NO SIGNIFICANT WEATHER WAS OBSERVED.


RELATIVE HUMIDITY (PERCENT)
 HIGHEST    76           500 AM
 LOWEST     35           100 PM
 AVERAGE    56

..........................................................


THE SIOUX CITY IA CLIMATE NORMALS FOR TOMORROW
                         NORMAL    RECORD    YEAR
 MAXIMUM TEMPERATURE (F)   70        95      2004
 MINIMUM TEMPERATURE (F)   45        28      1944


SUNRISE AND SUNSET
MAY  4 2016...........SUNRISE   616 AM CDT   SUNSET   829 PM CDT
MAY  5 2016...........SUNRISE   615 AM CDT   SUNSET   830 PM CDT


-  INDICATES NEGATIVE NUMBERS.
R  INDICATES RECORD WAS SET OR TIED.
MM INDICATES DATA IS MISSING.
T  INDICATES TRACE AMOUNT.




$$
