000
CDUS43 KFSD 142225
CLISUX


CLIMATE REPORT
NATIONAL WEATHER SERVICE SIOUX FALLS SD
424 PM CST THU DEC 14 2017


...................................

...THE SIOUX CITY IA CLIMATE SUMMARY FOR DECEMBER 14 2017...
VALID TODAY AS OF 0400 PM LOCAL TIME.

CLIMATE NORMAL PERIOD 1981 TO 2010
CLIMATE RECORD PERIOD 1889 TO 2017


WEATHER ITEM   OBSERVED TIME   RECORD YEAR NORMAL DEPARTURE LAST
                VALUE   (LST)  VALUE       VALUE  FROM      YEAR
                                                  NORMAL
..................................................................
TEMPERATURE (F)
 TODAY
  MAXIMUM         39    321 PM  59    1998  32      7       21
  MINIMUM         29    827 AM -22    1901  13     16        6
  AVERAGE         34                        22     12       14

PRECIPITATION (IN)
  TODAY            0.00          0.86 2015   0.03  -0.03      T
  MONTH TO DATE    0.02                      0.42  -0.40     0.13
  SINCE DEC 1      0.02                      0.42  -0.40     0.13
  SINCE JAN 1     29.30                     27.36   1.94    30.90

SNOWFALL (IN)
  TODAY            0.0           3.5  1974   0.3   -0.3       T
  MONTH TO DATE    0.2                       3.7   -3.5      1.2
  SINCE DEC 1      0.2                       3.7   -3.5      1.2
  SINCE JUL 1      0.2                       9.1   -8.9      2.2
  SNOW DEPTH       0

DEGREE DAYS
 HEATING
  TODAY           31                        43    -12       51
  MONTH TO DATE  461                       566   -105      567
  SINCE DEC 1    461                       566   -105      567
  SINCE JUL 1   1780                      2042   -262     1511

 COOLING
  TODAY            0                         0      0        0
  MONTH TO DATE    0                         0      0        0
  SINCE DEC 1      0                         0      0        0
  SINCE JAN 1    951                       869     82     1165
..................................................................


WIND (MPH)
  HIGHEST WIND SPEED    14   HIGHEST WIND DIRECTION    NW (330)
  HIGHEST GUST SPEED    18   HIGHEST GUST DIRECTION     N (350)
  AVERAGE WIND SPEED     6.1


SKY COVER
  POSSIBLE SUNSHINE  MM
  AVERAGE SKY COVER 1.0


WEATHER CONDITIONS
 THE FOLLOWING WEATHER WAS RECORDED TODAY.
  NO SIGNIFICANT WEATHER WAS OBSERVED.


RELATIVE HUMIDITY (PERCENT)
 HIGHEST    85           700 AM
 LOWEST     59           100 PM
 AVERAGE    72

..........................................................


THE SIOUX CITY IA CLIMATE NORMALS FOR TOMORROW
                         NORMAL    RECORD    YEAR
 MAXIMUM TEMPERATURE (F)   32        62      1939
 MINIMUM TEMPERATURE (F)   13       -20      1901


SUNRISE AND SUNSET
DECEMBER 14 2017......SUNRISE   747 AM CST   SUNSET   453 PM CST
DECEMBER 15 2017......SUNRISE   748 AM CST   SUNSET   454 PM CST


-  INDICATES NEGATIVE NUMBERS.
R  INDICATES RECORD WAS SET OR TIED.
MM INDICATES DATA IS MISSING.
T  INDICATES TRACE AMOUNT.




$$
