000
CDUS43 KFSD 102324
CLISUX


CLIMATE REPORT
NATIONAL WEATHER SERVICE SIOUX FALLS SD
623 PM CDT SAT JUN 10 2017


...................................

...THE SIOUX CITY IA CLIMATE SUMMARY FOR JUNE 10 2017...
VALID TODAY AS OF 0600 PM LOCAL TIME.

CLIMATE NORMAL PERIOD 1981 TO 2010
CLIMATE RECORD PERIOD 1889 TO 2017


WEATHER ITEM   OBSERVED TIME   RECORD YEAR NORMAL DEPARTURE LAST
                VALUE   (LST)  VALUE       VALUE  FROM      YEAR
                                                  NORMAL
..................................................................
TEMPERATURE (F)
 TODAY
  MAXIMUM         94    500 PM 107    1933  81     13       95
  MINIMUM         73        MM  44    1908  57     16       75
  AVERAGE         84                        69     15       85

PRECIPITATION (IN)
  TODAY            0.00          1.29 1907   0.13  -0.13     0.00
  MONTH TO DATE    0.00                      1.35  -1.35     0.16
  SINCE JUN 1      0.00                      1.35  -1.35     0.16
  SINCE JAN 1      9.47                     11.33  -1.86    15.89

SNOWFALL (IN)
  TODAY            0.0           0.0    MM   0.0    0.0      0.0
  MONTH TO DATE    0.0                       0.0    0.0      0.0
  SINCE JUN 1      0.0                       0.0    0.0      0.0
  SINCE JUL 1     28.6                      34.8   -6.2     57.6
  SNOW DEPTH       0

DEGREE DAYS
 HEATING
  TODAY            0                         1     -1        0
  MONTH TO DATE    0                        16    -16        0
  SINCE JUN 1      0                        16    -16        0
  SINCE JUL 1   5638                      6850  -1212     5655

 COOLING
  TODAY           19                         5     14       20
  MONTH TO DATE  109                        42     67       66
  SINCE JUN 1    109                        42     67       66
  SINCE JAN 1    147                       106     41      118
..................................................................


WIND (MPH)
  HIGHEST WIND SPEED    25   HIGHEST WIND DIRECTION     S (180)
  HIGHEST GUST SPEED    36   HIGHEST GUST DIRECTION    SW (210)
  AVERAGE WIND SPEED    19.8


SKY COVER
  POSSIBLE SUNSHINE  MM
  AVERAGE SKY COVER 0.3


WEATHER CONDITIONS
 THE FOLLOWING WEATHER WAS RECORDED TODAY.
  NO SIGNIFICANT WEATHER WAS OBSERVED.


RELATIVE HUMIDITY (PERCENT)
 HIGHEST    73           500 AM
 LOWEST     46           400 PM
 AVERAGE    60

..........................................................


THE SIOUX CITY IA CLIMATE NORMALS FOR TOMORROW
                         NORMAL    RECORD    YEAR
 MAXIMUM TEMPERATURE (F)   81        99      1926
 MINIMUM TEMPERATURE (F)   58        40      1903


SUNRISE AND SUNSET
JUNE 10 2017..........SUNRISE   548 AM CDT   SUNSET   902 PM CDT
JUNE 11 2017..........SUNRISE   548 AM CDT   SUNSET   903 PM CDT


-  INDICATES NEGATIVE NUMBERS.
R  INDICATES RECORD WAS SET OR TIED.
MM INDICATES DATA IS MISSING.
T  INDICATES TRACE AMOUNT.




$$
