000
CDUS43 KFSD 170629
CLISUX


CLIMATE REPORT
NATIONAL WEATHER SERVICE SIOUX FALLS SD
125 AM CDT WED SEP 17 2014


...................................

...THE SIOUX CITY IA CLIMATE SUMMARY FOR SEPTEMBER 16 2014...

CLIMATE NORMAL PERIOD 1981 TO 2010
CLIMATE RECORD PERIOD 1889 TO 2014


WEATHER ITEM   OBSERVED TIME   RECORD YEAR NORMAL DEPARTURE LAST
                VALUE   (LST)  VALUE       VALUE  FROM      YEAR
                                                  NORMAL
..................................................................
TEMPERATURE (F)
 YESTERDAY
  MAXIMUM         70    437 PM  97    1955  76     -6       72
  MINIMUM         38    622 AM  33    1903  50    -12       54
  AVERAGE         54                        63     -9       63

PRECIPITATION (IN)
  YESTERDAY        0.00          1.69 1906   0.10  -0.10      T
  MONTH TO DATE    1.35                      1.62  -0.27     1.10
  SINCE SEP 1      1.35                      1.62  -0.27     1.10
  SINCE JAN 1     36.98                     22.16  14.82    21.13

SNOWFALL (IN)
  YESTERDAY        0.0           0.0    MM   0.0    0.0      0.0
  MONTH TO DATE    0.0                       0.0    0.0      0.0
  SINCE SEP 1      0.0                       0.0    0.0      0.0
  SINCE JUL 1      0.0                       0.0    0.0      0.0
  SNOW DEPTH       0

DEGREE DAYS
 HEATING
  YESTERDAY       11                         4      7        2
  MONTH TO DATE   92                        41     51       10
  SINCE SEP 1     92                        41     51       10
  SINCE JUL 1     98                        56     42       30

 COOLING
  YESTERDAY        0                         3     -3        0
  MONTH TO DATE   37                        62    -25      104
  SINCE SEP 1     37                        62    -25      104
  SINCE JAN 1    803                       839    -36      905
..................................................................


WIND (MPH)
  HIGHEST WIND SPEED    16   HIGHEST WIND DIRECTION     S (190)
  HIGHEST GUST SPEED    21   HIGHEST GUST DIRECTION     S (190)
  AVERAGE WIND SPEED     6.0


SKY COVER
  POSSIBLE SUNSHINE  MM
  AVERAGE SKY COVER 0.3


WEATHER CONDITIONS
 THE FOLLOWING WEATHER WAS RECORDED YESTERDAY.
  FOG
  FOG W/VISIBILITY <= 1/4 MILE


RELATIVE HUMIDITY (PERCENT)
 HIGHEST   100           600 AM
 LOWEST     44           300 PM
 AVERAGE    72

..........................................................


THE SIOUX CITY IA CLIMATE NORMALS FOR TODAY
                         NORMAL    RECORD    YEAR
 MAXIMUM TEMPERATURE (F)   76       103      1895
 MINIMUM TEMPERATURE (F)   50        33      1980


SUNRISE AND SUNSET
SEPTEMBER 17 2014.....SUNRISE   708 AM CDT   SUNSET   732 PM CDT
SEPTEMBER 18 2014.....SUNRISE   709 AM CDT   SUNSET   730 PM CDT


-  INDICATES NEGATIVE NUMBERS.
R  INDICATES RECORD WAS SET OR TIED.
MM INDICATES DATA IS MISSING.
T  INDICATES TRACE AMOUNT.




$$
