000
CDUS43 KFSD 260640
CLISUX


CLIMATE REPORT
NATIONAL WEATHER SERVICE SIOUX FALLS SD
139 AM CDT FRI SEP 26 2014


...................................

...THE SIOUX CITY IA CLIMATE SUMMARY FOR SEPTEMBER 25 2014...

CLIMATE NORMAL PERIOD 1981 TO 2010
CLIMATE RECORD PERIOD 1889 TO 2014


WEATHER ITEM   OBSERVED TIME   RECORD YEAR NORMAL DEPARTURE LAST
                VALUE   (LST)  VALUE       VALUE  FROM      YEAR
                                                  NORMAL
..................................................................
TEMPERATURE (F)
 YESTERDAY
  MAXIMUM         84    434 PM  93    1998  73     11       80
                                      1897
  MINIMUM         56    633 AM  29    1926  46     10       45
                                      1893
  AVERAGE         70                        59     11       63

PRECIPITATION (IN)
  YESTERDAY        0.00          2.14 2005   0.09  -0.09     0.00
  MONTH TO DATE    2.44                      2.50  -0.06     1.29
  SINCE SEP 1      2.44                      2.50  -0.06     1.29
  SINCE JAN 1     38.07                     23.04  15.03    21.32

SNOWFALL (IN)
  YESTERDAY        0.0           T    1939   0.0    0.0      0.0
  MONTH TO DATE    0.0                       0.0    0.0      0.0
  SINCE SEP 1      0.0                       0.0    0.0      0.0
  SINCE JUL 1      0.0                       0.0    0.0      0.0
  SNOW DEPTH       0

DEGREE DAYS
 HEATING
  YESTERDAY        0                         7     -7        2
  MONTH TO DATE  104                        93     11       36
  SINCE SEP 1    104                        93     11       36
  SINCE JUL 1    110                       108      2       56

 COOLING
  YESTERDAY        5                         1      4        0
  MONTH TO DATE   66                        77    -11      123
  SINCE SEP 1     66                        77    -11      123
  SINCE JAN 1    832                       854    -22      924
..................................................................


WIND (MPH)
  HIGHEST WIND SPEED    13   HIGHEST WIND DIRECTION     S (160)
  HIGHEST GUST SPEED    17   HIGHEST GUST DIRECTION     S (170)
  AVERAGE WIND SPEED     6.4


SKY COVER
  POSSIBLE SUNSHINE  MM
  AVERAGE SKY COVER 0.0


WEATHER CONDITIONS
 THE FOLLOWING WEATHER WAS RECORDED YESTERDAY.
  FOG


RELATIVE HUMIDITY (PERCENT)
 HIGHEST   100           600 AM
 LOWEST     44           400 PM
 AVERAGE    72

..........................................................


THE SIOUX CITY IA CLIMATE NORMALS FOR TODAY
                         NORMAL    RECORD    YEAR
 MAXIMUM TEMPERATURE (F)   72        93      1956
 MINIMUM TEMPERATURE (F)   46        25      1984


SUNRISE AND SUNSET
SEPTEMBER 26 2014.....SUNRISE   717 AM CDT   SUNSET   716 PM CDT
SEPTEMBER 27 2014.....SUNRISE   718 AM CDT   SUNSET   714 PM CDT


-  INDICATES NEGATIVE NUMBERS.
R  INDICATES RECORD WAS SET OR TIED.
MM INDICATES DATA IS MISSING.
T  INDICATES TRACE AMOUNT.




$$
