000
CDUS43 KFSD 300634
CLISUX


CLIMATE REPORT
NATIONAL WEATHER SERVICE SIOUX FALLS SD
1233 AM CST THU NOV 30 2017


...................................

...THE SIOUX CITY IA CLIMATE SUMMARY FOR NOVEMBER 29 2017...

CLIMATE NORMAL PERIOD 1981 TO 2010
CLIMATE RECORD PERIOD 1889 TO 2017


WEATHER ITEM   OBSERVED TIME   RECORD YEAR NORMAL DEPARTURE LAST
                VALUE   (LST)  VALUE       VALUE  FROM      YEAR
                                                  NORMAL
..................................................................
TEMPERATURE (F)
 YESTERDAY
  MAXIMUM         49    330 PM  63    2014  38     11       39
                                      1998
  MINIMUM         15    739 AM  -5    1896  18     -3       34
  AVERAGE         32                        28      4       37

PRECIPITATION (IN)
  YESTERDAY        0.00          1.69 1991   0.04  -0.04      T
  MONTH TO DATE    0.08                      1.27  -1.19     2.04
  SINCE SEP 1      9.09                      6.36   2.73     6.42
  SINCE JAN 1     29.28                     26.90   2.38    30.77

SNOWFALL (IN)
  YESTERDAY        0.0           4.2  1919   0.3   -0.3       T
  MONTH TO DATE    0.0                       4.2   -4.2      1.0
  SINCE SEP 1      T                         5.2   -5.2      1.0
  SINCE JUL 1      T                         5.2   -5.2      1.0
  SNOW DEPTH       0

DEGREE DAYS
 HEATING
  YESTERDAY       33                        37     -4       28
  MONTH TO DATE  797                       839    -42      560
  SINCE SEP 1   1287                      1424   -137      914
  SINCE JUL 1   1295                      1439   -144      914

 COOLING
  YESTERDAY        0                         0      0        0
  MONTH TO DATE    0                         0      0        0
  SINCE SEP 1    119                        92     27      143
  SINCE JAN 1    951                       869     82     1165
..................................................................


WIND (MPH)
  HIGHEST WIND SPEED    26   HIGHEST WIND DIRECTION    NW (320)
  HIGHEST GUST SPEED    34   HIGHEST GUST DIRECTION    NW (310)
  AVERAGE WIND SPEED     8.3


SKY COVER
  POSSIBLE SUNSHINE  MM
  AVERAGE SKY COVER 0.0


WEATHER CONDITIONS
 THE FOLLOWING WEATHER WAS RECORDED YESTERDAY.
  FOG


RELATIVE HUMIDITY (PERCENT)
 HIGHEST    88           700 AM
 LOWEST     26           300 PM
 AVERAGE    57

..........................................................


THE SIOUX CITY IA CLIMATE NORMALS FOR TODAY
                         NORMAL    RECORD    YEAR
 MAXIMUM TEMPERATURE (F)   38        62      1990
                                             1922
 MINIMUM TEMPERATURE (F)   18        -9      1896


SUNRISE AND SUNSET
NOVEMBER 30 2017......SUNRISE   734 AM CST   SUNSET   454 PM CST
DECEMBER  1 2017......SUNRISE   735 AM CST   SUNSET   454 PM CST


-  INDICATES NEGATIVE NUMBERS.
R  INDICATES RECORD WAS SET OR TIED.
MM INDICATES DATA IS MISSING.
T  INDICATES TRACE AMOUNT.




$$
