000
CDUS43 KFSD 150616
CLISUX


CLIMATE REPORT
NATIONAL WEATHER SERVICE SIOUX FALLS SD
116 AM CDT WED MAR 15 2017


...................................

...THE SIOUX CITY IA CLIMATE SUMMARY FOR MARCH 14 2017...

CLIMATE NORMAL PERIOD 1981 TO 2010
CLIMATE RECORD PERIOD 1889 TO 2017


WEATHER ITEM   OBSERVED TIME   RECORD YEAR NORMAL DEPARTURE LAST
                VALUE   (LST)  VALUE       VALUE  FROM      YEAR
                                                  NORMAL
..................................................................
TEMPERATURE (F)
 YESTERDAY
  MAXIMUM         29        MM  77    2012  46    -17       73
  MINIMUM         14        MM -12    1960  25    -11       46
  AVERAGE         22                        36    -14       60

PRECIPITATION (IN)
  YESTERDAY        0.00          0.50 1957   0.07  -0.07     0.13
  MONTH TO DATE    0.35                      0.70  -0.35     0.20
  SINCE MAR 1      0.35                      0.70  -0.35     0.20
  SINCE JAN 1      1.94                      1.99  -0.05     2.04

SNOWFALL (IN)
  YESTERDAY        0.0           6.1  1912   0.2   -0.2      0.0
  MONTH TO DATE    2.8                       3.3   -0.5      0.1
  SINCE MAR 1      2.8                       3.3   -0.5      0.1
  SINCE JUL 1     28.3                      29.8   -1.5     43.2
  SNOW DEPTH       2

DEGREE DAYS
 HEATING
  YESTERDAY       43                        29     14        5
  MONTH TO DATE  416                       451    -35      248
  SINCE MAR 1    416                       451    -35      248
  SINCE JUL 1   4653                      5745  -1092     4707

 COOLING
  YESTERDAY        0                         0      0        0
  MONTH TO DATE    0                         0      0        0
  SINCE MAR 1      0                         0      0        0
  SINCE JAN 1      0                         0      0        0
..................................................................


WIND (MPH)
  HIGHEST WIND SPEED    12   HIGHEST WIND DIRECTION     E (80)
  HIGHEST GUST SPEED    MM   HIGHEST GUST DIRECTION    MM
  AVERAGE WIND SPEED     7.0


SKY COVER
  POSSIBLE SUNSHINE  MM
  AVERAGE SKY COVER 0.5


WEATHER CONDITIONS
 THE FOLLOWING WEATHER WAS RECORDED YESTERDAY.
  NO SIGNIFICANT WEATHER WAS OBSERVED.


RELATIVE HUMIDITY (PERCENT)
 HIGHEST    73          1200 AM
 LOWEST     46           200 PM
 AVERAGE    60

..........................................................


THE SIOUX CITY IA CLIMATE NORMALS FOR TODAY
                         NORMAL    RECORD    YEAR
 MAXIMUM TEMPERATURE (F)   47        85      1935
 MINIMUM TEMPERATURE (F)   25        -4      1897
                                             1893


SUNRISE AND SUNSET
MARCH 15 2017.........SUNRISE   737 AM CDT   SUNSET   732 PM CDT
MARCH 16 2017.........SUNRISE   735 AM CDT   SUNSET   734 PM CDT


-  INDICATES NEGATIVE NUMBERS.
R  INDICATES RECORD WAS SET OR TIED.
MM INDICATES DATA IS MISSING.
T  INDICATES TRACE AMOUNT.




$$
