000
CDUS43 KFSD 202235
CLISUX


CLIMATE REPORT
NATIONAL WEATHER SERVICE SIOUX FALLS SD
435 PM CST THU NOV 20 2014


...................................

...THE SIOUX CITY IA CLIMATE SUMMARY FOR NOVEMBER 20 2014...
VALID TODAY AS OF 0400 PM LOCAL TIME.

CLIMATE NORMAL PERIOD 1981 TO 2010
CLIMATE RECORD PERIOD 1889 TO 2014


WEATHER ITEM   OBSERVED TIME   RECORD YEAR NORMAL DEPARTURE LAST
                VALUE   (LST)  VALUE       VALUE  FROM      YEAR
                                                  NORMAL
..................................................................
TEMPERATURE (F)
 TODAY
  MAXIMUM         29    234 PM  74    1933  44    -15       57
                                      1890
  MINIMUM         11    340 AM  -2    1937  23    -12       31
  AVERAGE         20                        33    -13       44

PRECIPITATION (IN)
  TODAY            0.00          1.11 1930   0.04  -0.04     0.00
  MONTH TO DATE    0.27                      0.89  -0.62     1.07
  SINCE SEP 1      4.19                      5.98  -1.79     6.40
  SINCE JAN 1     39.82                     26.52  13.30    26.43

SNOWFALL (IN)
  TODAY            0.0           2.5  1975   0.2   -0.2      0.0
  MONTH TO DATE    4.4                       2.3    2.1      0.6
  SINCE SEP 1      4.4                       3.3    1.1      0.6
  SINCE JUL 1      4.4                       3.3    1.1      0.6
  SNOW DEPTH       3

DEGREE DAYS
 HEATING
  TODAY           45                        32     13       21
  MONTH TO DATE  676                       527    149      497
  SINCE SEP 1   1150                      1112     38     1002
  SINCE JUL 1   1156                      1127     29     1022

 COOLING
  TODAY            0                         0      0        0
  MONTH TO DATE    0                         0      0        0
  SINCE SEP 1     96                        92      4      159
  SINCE JAN 1    862                       869     -7      960
..................................................................


WIND (MPH)
  HIGHEST WIND SPEED    14   HIGHEST WIND DIRECTION    NW (320)
  HIGHEST GUST SPEED    18   HIGHEST GUST DIRECTION     N (340)
  AVERAGE WIND SPEED     8.0


SKY COVER
  POSSIBLE SUNSHINE  MM
  AVERAGE SKY COVER 0.6


WEATHER CONDITIONS
 THE FOLLOWING WEATHER WAS RECORDED TODAY.
  NO SIGNIFICANT WEATHER WAS OBSERVED.


RELATIVE HUMIDITY (PERCENT)
 HIGHEST    84           600 AM
 LOWEST     53           200 PM
 AVERAGE    69

..........................................................


THE SIOUX CITY IA CLIMATE NORMALS FOR TOMORROW
                         NORMAL    RECORD    YEAR
 MAXIMUM TEMPERATURE (F)   43        72      2012
 MINIMUM TEMPERATURE (F)   22        -9      1937


SUNRISE AND SUNSET
NOVEMBER 20 2014......SUNRISE   723 AM CST   SUNSET   459 PM CST
NOVEMBER 21 2014......SUNRISE   724 AM CST   SUNSET   459 PM CST


-  INDICATES NEGATIVE NUMBERS.
R  INDICATES RECORD WAS SET OR TIED.
MM INDICATES DATA IS MISSING.
T  INDICATES TRACE AMOUNT.




$$
