000
CDUS43 KFSD 270652
CLISUX


CLIMATE REPORT
NATIONAL WEATHER SERVICE SIOUX FALLS SD
1251 AM CST SUN NOV 27 2016


...................................

...THE SIOUX CITY IA CLIMATE SUMMARY FOR NOVEMBER 26 2016...

CLIMATE NORMAL PERIOD 1981 TO 2010
CLIMATE RECORD PERIOD 1889 TO 2016


WEATHER ITEM   OBSERVED TIME   RECORD YEAR NORMAL DEPARTURE LAST
                VALUE   (LST)  VALUE       VALUE  FROM      YEAR
                                                  NORMAL
..................................................................
TEMPERATURE (F)
 YESTERDAY
  MAXIMUM         54    344 PM  68    1941  40     14       38
  MINIMUM         27   1130 PM  -8    1993  20      7       22
  AVERAGE         41                        30     11       30

PRECIPITATION (IN)
  YESTERDAY        0.00          1.64 1896   0.04  -0.04     0.36
  MONTH TO DATE    1.60                      1.15   0.45     3.92
  SINCE SEP 1      5.98                      6.24  -0.26     7.91
  SINCE JAN 1     30.33                     26.78   3.55    31.65

SNOWFALL (IN)
  YESTERDAY        0.0           2.7  1952   0.2   -0.2      0.2
  MONTH TO DATE    1.0                       3.5   -2.5      5.9
  SINCE SEP 1      1.0                       4.5   -3.5      5.9
  SINCE JUL 1      1.0                       4.5   -3.5      5.9
  SNOW DEPTH       0

DEGREE DAYS
 HEATING
  YESTERDAY       24                        35    -11       35
  MONTH TO DATE  488                       730   -242      549
  SINCE SEP 1    842                      1315   -473      930
  SINCE JUL 1    842                      1330   -488      953

 COOLING
  YESTERDAY        0                         0      0        0
  MONTH TO DATE    0                         0      0        0
  SINCE SEP 1    143                        92     51      169
  SINCE JAN 1   1165                       869    296      889
..................................................................


WIND (MPH)
  HIGHEST WIND SPEED    13   HIGHEST WIND DIRECTION     S (180)
  HIGHEST GUST SPEED    16   HIGHEST GUST DIRECTION     S (170)
  AVERAGE WIND SPEED     5.1


SKY COVER
  POSSIBLE SUNSHINE  MM
  AVERAGE SKY COVER 0.0


WEATHER CONDITIONS
 THE FOLLOWING WEATHER WAS RECORDED YESTERDAY.
  FOG
  FOG W/VISIBILITY <= 1/4 MILE


RELATIVE HUMIDITY (PERCENT)
 HIGHEST    92           900 PM
 LOWEST     52           100 PM
 AVERAGE    72

..........................................................


THE SIOUX CITY IA CLIMATE NORMALS FOR TODAY
                         NORMAL    RECORD    YEAR
 MAXIMUM TEMPERATURE (F)   39        73      1998
 MINIMUM TEMPERATURE (F)   19        -1      1985


SUNRISE AND SUNSET
NOVEMBER 27 2016......SUNRISE   731 AM CST   SUNSET   455 PM CST
NOVEMBER 28 2016......SUNRISE   732 AM CST   SUNSET   455 PM CST


-  INDICATES NEGATIVE NUMBERS.
R  INDICATES RECORD WAS SET OR TIED.
MM INDICATES DATA IS MISSING.
T  INDICATES TRACE AMOUNT.




$$
