000
CDUS43 KFSD 210633
CLISUX


CLIMATE REPORT
NATIONAL WEATHER SERVICE SIOUX FALLS SD
132 AM CDT SAT MAR 21 2015


...................................

...THE SIOUX CITY IA CLIMATE SUMMARY FOR MARCH 20 2015...

CLIMATE NORMAL PERIOD 1981 TO 2010
CLIMATE RECORD PERIOD 1889 TO 2015


WEATHER ITEM   OBSERVED TIME   RECORD YEAR NORMAL DEPARTURE LAST
                VALUE   (LST)  VALUE       VALUE  FROM      YEAR
                                                  NORMAL
..................................................................
TEMPERATURE (F)
 YESTERDAY
  MAXIMUM         79R   446 PM  74    1934  50     29       62
  MINIMUM         21    604 AM   3    1951  27     -6       20
  AVERAGE         50                        38     12       41

PRECIPITATION (IN)
  YESTERDAY        0.00          1.39 1912   0.07  -0.07     0.00
  MONTH TO DATE    T                         1.12  -1.12     0.31
  SINCE MAR 1      T                         1.12  -1.12     0.31
  SINCE JAN 1      0.96                      2.41  -1.45     1.08

SNOWFALL (IN)
  YESTERDAY        0.0          12.0  1912   0.2   -0.2      0.0
  MONTH TO DATE    T                         4.6   -4.6      4.6
  SINCE MAR 1      T                         4.6   -4.6      4.6
  SINCE JUL 1     21.5                      31.1   -9.6     18.4
  SNOW DEPTH       0

DEGREE DAYS
 HEATING
  YESTERDAY       15                        27    -12       24
  MONTH TO DATE  469                       619   -150      662
  SINCE MAR 1    469                       619   -150      662
  SINCE JUL 1   5635                      5913   -278     6266

 COOLING
  YESTERDAY        0                         0      0        0
  MONTH TO DATE    0                         0      0        0
  SINCE MAR 1      0                         0      0        0
  SINCE JAN 1      0                         0      0        0
..................................................................


WIND (MPH)
  HIGHEST WIND SPEED    24   HIGHEST WIND DIRECTION    SW (240)
  HIGHEST GUST SPEED    29   HIGHEST GUST DIRECTION    SW (240)
  AVERAGE WIND SPEED     8.7


SKY COVER
  POSSIBLE SUNSHINE  MM
  AVERAGE SKY COVER 0.0


WEATHER CONDITIONS
 THE FOLLOWING WEATHER WAS RECORDED YESTERDAY.
  FOG


RELATIVE HUMIDITY (PERCENT)
 HIGHEST    88           600 AM
 LOWEST     13           500 PM
 AVERAGE    51

..........................................................


THE SIOUX CITY IA CLIMATE NORMALS FOR TODAY
                         NORMAL    RECORD    YEAR
 MAXIMUM TEMPERATURE (F)   50        85      1910
 MINIMUM TEMPERATURE (F)   27        -2      1974


SUNRISE AND SUNSET
MARCH 21 2015.........SUNRISE   727 AM CDT   SUNSET   739 PM CDT
MARCH 22 2015.........SUNRISE   726 AM CDT   SUNSET   740 PM CDT


-  INDICATES NEGATIVE NUMBERS.
R  INDICATES RECORD WAS SET OR TIED.
MM INDICATES DATA IS MISSING.
T  INDICATES TRACE AMOUNT.




$$
