000
CDUS43 KFSD 050644
CLISUX


CLIMATE REPORT
NATIONAL WEATHER SERVICE SIOUX FALLS SD
143 AM CDT WED JUL 5 2017


...................................

...THE SIOUX CITY IA CLIMATE SUMMARY FOR JULY 4 2017...

CLIMATE NORMAL PERIOD 1981 TO 2010
CLIMATE RECORD PERIOD 1889 TO 2017


WEATHER ITEM   OBSERVED TIME   RECORD YEAR NORMAL DEPARTURE LAST
                VALUE   (LST)  VALUE       VALUE  FROM      YEAR
                                                  NORMAL
..................................................................
TEMPERATURE (F)
 YESTERDAY
  MAXIMUM         90    400 PM 111    1936  86      4       81
  MINIMUM         67        MM  46    1967  63      4       67
  AVERAGE         79                        74      5       74

PRECIPITATION (IN)
  YESTERDAY        0.00          1.87 2003   0.12  -0.12     0.00
  MONTH TO DATE    0.03                      0.45  -0.42     0.01
  SINCE JUN 1      1.75                      4.34  -2.59     1.39
  SINCE JAN 1     11.22                     14.32  -3.10    17.12

SNOWFALL (IN)
  YESTERDAY        0.0           0.0    MM   0.0    0.0      0.0
  MONTH TO DATE    0.0                       0.0    0.0      0.0
  SINCE JUN 1      0.0                       0.0    0.0      0.0
  SINCE JUL 1      0.0                       0.0    0.0      0.0
  SNOW DEPTH       0

DEGREE DAYS
 HEATING
  YESTERDAY        0                         0      0        0
  MONTH TO DATE    0                         0      0        0
  SINCE JUN 1     10                        27    -17        0
  SINCE JUL 1      0                         0      0        0

 COOLING
  YESTERDAY       14                         9      5        9
  MONTH TO DATE   43                        36      7       15
  SINCE JUN 1    298                       224     74      348
  SINCE JAN 1    336                       288     48      400
..................................................................


WIND (MPH)
  HIGHEST WIND SPEED    14   HIGHEST WIND DIRECTION    SE (140)
  HIGHEST GUST SPEED    MM   HIGHEST GUST DIRECTION    MM
  AVERAGE WIND SPEED     7.5


SKY COVER
  POSSIBLE SUNSHINE  MM
  AVERAGE SKY COVER 0.1


WEATHER CONDITIONS
 THE FOLLOWING WEATHER WAS RECORDED YESTERDAY.
  NO SIGNIFICANT WEATHER WAS OBSERVED.


RELATIVE HUMIDITY (PERCENT)
 HIGHEST   100           500 AM
 LOWEST     52           400 PM
 AVERAGE    76

..........................................................


THE SIOUX CITY IA CLIMATE NORMALS FOR TODAY
                         NORMAL    RECORD    YEAR
 MAXIMUM TEMPERATURE (F)   86       108      1936
 MINIMUM TEMPERATURE (F)   63        47      1972


SUNRISE AND SUNSET
JULY  5 2017..........SUNRISE   555 AM CDT   SUNSET   905 PM CDT
JULY  6 2017..........SUNRISE   555 AM CDT   SUNSET   905 PM CDT


-  INDICATES NEGATIVE NUMBERS.
R  INDICATES RECORD WAS SET OR TIED.
MM INDICATES DATA IS MISSING.
T  INDICATES TRACE AMOUNT.




$$
