000
CDUS43 KFSD 160650
CLISUX


CLIMATE REPORT
NATIONAL WEATHER SERVICE SIOUX FALLS SD
149 AM CDT SAT APR 16 2016


...................................

...THE SIOUX CITY IA CLIMATE SUMMARY FOR APRIL 15 2016...

CLIMATE NORMAL PERIOD 1981 TO 2010
CLIMATE RECORD PERIOD 1889 TO 2016


WEATHER ITEM   OBSERVED TIME   RECORD YEAR NORMAL DEPARTURE LAST
                VALUE   (LST)  VALUE       VALUE  FROM      YEAR
                                                  NORMAL
..................................................................
TEMPERATURE (F)
 YESTERDAY
  MAXIMUM         78    334 PM  96    2002  62     16       59
  MINIMUM         48    507 AM  16    2014  37     11       37
  AVERAGE         63                        49     14       48

PRECIPITATION (IN)
  YESTERDAY        0.00          2.01 2011   0.09  -0.09      T
  MONTH TO DATE    0.03                      1.36  -1.33     1.96
  SINCE MAR 1      3.09                      3.36  -0.27     2.84
  SINCE JAN 1      4.93                      4.65   0.28     3.80

SNOWFALL (IN)
  YESTERDAY        0.0           1.1  1953   0.1   -0.1      0.0
  MONTH TO DATE    0.0                       1.3   -1.3      0.0
  SINCE MAR 1     14.5                       7.8    6.7       T
  SINCE JUL 1     57.6                      34.3   23.3     21.5
  SNOW DEPTH       0

DEGREE DAYS
 HEATING
  YESTERDAY        2                        16    -14       17
  MONTH TO DATE  241                       282    -41      204
  SINCE MAR 1    874                      1166   -292      911
  SINCE JUL 1   5333                      6460  -1127     6077

 COOLING
  YESTERDAY        0                         0      0        0
  MONTH TO DATE    0                         0      0        1
  SINCE MAR 1      0                         0      0        1
  SINCE JAN 1      0                         0      0        1
..................................................................


WIND (MPH)
  HIGHEST WIND SPEED    32   HIGHEST WIND DIRECTION     S (170)
  HIGHEST GUST SPEED    39   HIGHEST GUST DIRECTION     S (160)
  AVERAGE WIND SPEED    16.7


SKY COVER
  POSSIBLE SUNSHINE  MM
  AVERAGE SKY COVER 0.2


WEATHER CONDITIONS
 THE FOLLOWING WEATHER WAS RECORDED YESTERDAY.
  NO SIGNIFICANT WEATHER WAS OBSERVED.


RELATIVE HUMIDITY (PERCENT)
 HIGHEST    66           400 AM
 LOWEST     33           200 PM
 AVERAGE    50

..........................................................


THE SIOUX CITY IA CLIMATE NORMALS FOR TODAY
                         NORMAL    RECORD    YEAR
 MAXIMUM TEMPERATURE (F)   63        90      2004
 MINIMUM TEMPERATURE (F)   37        20      1904


SUNRISE AND SUNSET
APRIL 16 2016.........SUNRISE   642 AM CDT   SUNSET   809 PM CDT
APRIL 17 2016.........SUNRISE   641 AM CDT   SUNSET   810 PM CDT


-  INDICATES NEGATIVE NUMBERS.
R  INDICATES RECORD WAS SET OR TIED.
MM INDICATES DATA IS MISSING.
T  INDICATES TRACE AMOUNT.




$$
