000
CDUS43 KFSD 072221
CLISUX


CLIMATE REPORT
NATIONAL WEATHER SERVICE SIOUX FALLS SD
521 PM CDT THU JUL 7 2016


...................................

...THE SIOUX CITY IA CLIMATE SUMMARY FOR JULY 7 2016...
VALID TODAY AS OF 0500 PM LOCAL TIME.

CLIMATE NORMAL PERIOD 1981 TO 2010
CLIMATE RECORD PERIOD 1889 TO 2016


WEATHER ITEM   OBSERVED TIME   RECORD YEAR NORMAL DEPARTURE LAST
                VALUE   (LST)  VALUE       VALUE  FROM      YEAR
                                                  NORMAL
..................................................................
TEMPERATURE (F)
 TODAY
  MAXIMUM         84    139 PM 106    1980  86     -2       73
  MINIMUM         65    552 AM  47    1934  63      2       53
  AVERAGE         75                        74      1       63

PRECIPITATION (IN)
  TODAY            0.21          1.35 1938   0.12   0.09     0.00
                                      1904
  MONTH TO DATE    1.22                      0.80   0.42     0.82
  SINCE JUN 1      2.60                      4.69  -2.09     5.01
  SINCE JAN 1     18.33                     14.67   3.66    12.91

SNOWFALL (IN)
  TODAY            0.0           0.0    MM   0.0    0.0      0.0
  MONTH TO DATE    0.0                       0.0    0.0      0.0
  SINCE JUN 1      0.0                       0.0    0.0      0.0
  SINCE JUL 1      0.0                       0.0    0.0      0.0
  SNOW DEPTH       0

DEGREE DAYS
 HEATING
  TODAY            0                         0      0        2
  MONTH TO DATE    0                         0      0        2
  SINCE JUN 1      0                        27    -27        4
  SINCE JUL 1      0                         0      0        2

 COOLING
  TODAY           10                        10      0        0
  MONTH TO DATE   52                        64    -12       30
  SINCE JUN 1    385                       252    133      239
  SINCE JAN 1    437                       316    121      268
..................................................................


WIND (MPH)
  HIGHEST WIND SPEED    21   HIGHEST WIND DIRECTION     N (10)
  HIGHEST GUST SPEED    27   HIGHEST GUST DIRECTION    SE (150)
  AVERAGE WIND SPEED     7.1


SKY COVER
  POSSIBLE SUNSHINE  MM
  AVERAGE SKY COVER 0.1


WEATHER CONDITIONS
 THE FOLLOWING WEATHER WAS RECORDED TODAY.
  THUNDERSTORM
  RAIN
  LIGHT RAIN
  FOG


RELATIVE HUMIDITY (PERCENT)
 HIGHEST    93           500 AM
 LOWEST     58          1100 AM
 AVERAGE    76

..........................................................


THE SIOUX CITY IA CLIMATE NORMALS FOR TOMORROW
                         NORMAL    RECORD    YEAR
 MAXIMUM TEMPERATURE (F)   86       104      1930
 MINIMUM TEMPERATURE (F)   63        47      1891


SUNRISE AND SUNSET
JULY  7 2016..........SUNRISE   556 AM CDT   SUNSET   904 PM CDT
JULY  8 2016..........SUNRISE   557 AM CDT   SUNSET   904 PM CDT


-  INDICATES NEGATIVE NUMBERS.
R  INDICATES RECORD WAS SET OR TIED.
MM INDICATES DATA IS MISSING.
T  INDICATES TRACE AMOUNT.




$$
