000
CDUS43 KFSD 100701
CLISUX


CLIMATE REPORT
NATIONAL WEATHER SERVICE SIOUX FALLS SD
201 AM CDT WED SEP 10 2014


...................................

...THE SIOUX CITY IA CLIMATE SUMMARY FOR SEPTEMBER 9 2014...

CLIMATE NORMAL PERIOD 1981 TO 2010
CLIMATE RECORD PERIOD 1889 TO 2014


WEATHER ITEM   OBSERVED TIME   RECORD YEAR NORMAL DEPARTURE LAST
                VALUE   (LST)  VALUE       VALUE  FROM      YEAR
                                                  NORMAL
..................................................................
TEMPERATURE (F)
 YESTERDAY
  MAXIMUM         78   1131 AM  99    1931  79     -1       94
  MINIMUM         63    602 AM  37    1995  54      9       68
  AVERAGE         71                        66      5       81

PRECIPITATION (IN)
  YESTERDAY        T             4.65 1914   0.10  -0.10     0.00
  MONTH TO DATE    0.89                      0.93  -0.04     1.10
  SINCE SEP 1      0.89                      0.93  -0.04     1.10
  SINCE JAN 1     36.52                     21.47  15.05    21.13

SNOWFALL (IN)
  YESTERDAY        0.0           0.0    MM   0.0    0.0      0.0
  MONTH TO DATE    0.0                       0.0    0.0      0.0
  SINCE SEP 1      0.0                       0.0    0.0      0.0
  SINCE JUL 1      0.0                       0.0    0.0      0.0
  SNOW DEPTH       0

DEGREE DAYS
 HEATING
  YESTERDAY        0                         3     -3        0
  MONTH TO DATE   13                        16     -3        0
  SINCE SEP 1     13                        16     -3        0
  SINCE JUL 1     19                        31    -12       20

 COOLING
  YESTERDAY        6                         4      2       16
  MONTH TO DATE   37                        40     -3       82
  SINCE SEP 1     37                        40     -3       82
  SINCE JAN 1    803                       817    -14      883
..................................................................


WIND (MPH)
  HIGHEST WIND SPEED    15   HIGHEST WIND DIRECTION     S (180)
  HIGHEST GUST SPEED    19   HIGHEST GUST DIRECTION     S (170)
  AVERAGE WIND SPEED     6.1


SKY COVER
  POSSIBLE SUNSHINE  MM
  AVERAGE SKY COVER 0.4


WEATHER CONDITIONS
 THE FOLLOWING WEATHER WAS RECORDED YESTERDAY.
  LIGHT RAIN
  FOG
  FOG W/VISIBILITY <= 1/4 MILE


RELATIVE HUMIDITY (PERCENT)
 HIGHEST   100          1200 AM
 LOWEST     69           200 PM
 AVERAGE    85

..........................................................


THE SIOUX CITY IA CLIMATE NORMALS FOR TODAY
                         NORMAL    RECORD    YEAR
 MAXIMUM TEMPERATURE (F)   78        98      1931
                                             1895
 MINIMUM TEMPERATURE (F)   53        36      1995


SUNRISE AND SUNSET
SEPTEMBER 10 2014.....SUNRISE   700 AM CDT   SUNSET   744 PM CDT
SEPTEMBER 11 2014.....SUNRISE   701 AM CDT   SUNSET   742 PM CDT


-  INDICATES NEGATIVE NUMBERS.
R  INDICATES RECORD WAS SET OR TIED.
MM INDICATES DATA IS MISSING.
T  INDICATES TRACE AMOUNT.




$$
