000
CDUS43 KFSD 090744
CLISUX


CLIMATE REPORT
NATIONAL WEATHER SERVICE SIOUX FALLS SD
144 AM CST TUE DEC 9 2014


...................................

...THE SIOUX CITY IA CLIMATE SUMMARY FOR DECEMBER 8 2014...

CLIMATE NORMAL PERIOD 1981 TO 2010
CLIMATE RECORD PERIOD 1889 TO 2014


WEATHER ITEM   OBSERVED TIME   RECORD YEAR NORMAL DEPARTURE LAST
                VALUE   (LST)  VALUE       VALUE  FROM      YEAR
                                                  NORMAL
..................................................................
TEMPERATURE (F)
 YESTERDAY
  MAXIMUM         46    340 PM  64    1970  34     12       16
  MINIMUM         25   1159 PM -19    1978  15     10        2
  AVERAGE         36                        24     12        9

PRECIPITATION (IN)
  YESTERDAY        0.00          0.47 2009   0.03  -0.03     0.13
  MONTH TO DATE    T                         0.25  -0.25     0.13
  SINCE DEC 1      T                         0.25  -0.25     0.13
  SINCE JAN 1     39.96                     27.19  12.77    26.58

SNOWFALL (IN)
  YESTERDAY        0.0           8.5  2009   0.3   -0.3      1.4
  MONTH TO DATE    0.0                       2.1   -2.1      1.6
  SINCE DEC 1      0.0                       2.1   -2.1      1.6
  SINCE JUL 1      4.5                       7.5   -3.0      2.5
  SNOW DEPTH       0

DEGREE DAYS
 HEATING
  YESTERDAY       29                        41    -12       56
  MONTH TO DATE  283                       315    -32      373
  SINCE DEC 1    283                       315    -32      373
  SINCE JUL 1   1778                      1791    -13     1797

 COOLING
  YESTERDAY        0                         0      0        0
  MONTH TO DATE    0                         0      0        0
  SINCE DEC 1      0                         0      0        0
  SINCE JAN 1    862                       869     -7      960
..................................................................


WIND (MPH)
  HIGHEST WIND SPEED    26   HIGHEST WIND DIRECTION     N (350)
  HIGHEST GUST SPEED    33   HIGHEST GUST DIRECTION     N (350)
  AVERAGE WIND SPEED    14.9


SKY COVER
  POSSIBLE SUNSHINE  MM
  AVERAGE SKY COVER 0.4


WEATHER CONDITIONS
 THE FOLLOWING WEATHER WAS RECORDED YESTERDAY.
  FOG


RELATIVE HUMIDITY (PERCENT)
 HIGHEST    92          1200 AM
 LOWEST     49           200 PM
 AVERAGE    71

..........................................................


THE SIOUX CITY IA CLIMATE NORMALS FOR TODAY
                         NORMAL    RECORD    YEAR
 MAXIMUM TEMPERATURE (F)   33        63      1957
 MINIMUM TEMPERATURE (F)   14       -16      1958


SUNRISE AND SUNSET
DECEMBER  9 2014......SUNRISE   743 AM CST   SUNSET   453 PM CST
DECEMBER 10 2014......SUNRISE   744 AM CST   SUNSET   453 PM CST


-  INDICATES NEGATIVE NUMBERS.
R  INDICATES RECORD WAS SET OR TIED.
MM INDICATES DATA IS MISSING.
T  INDICATES TRACE AMOUNT.




$$
