000
CDUS43 KFSD 070639
CLISUX


CLIMATE REPORT
NATIONAL WEATHER SERVICE SIOUX FALLS SD
1239 AM CST WED FEB 7 2018


...................................

...THE SIOUX CITY IA CLIMATE SUMMARY FOR FEBRUARY 6 2018...

CLIMATE NORMAL PERIOD 1981 TO 2010
CLIMATE RECORD PERIOD 1889 TO 2018


WEATHER ITEM   OBSERVED TIME   RECORD YEAR NORMAL DEPARTURE LAST
                VALUE   (LST)  VALUE       VALUE  FROM      YEAR
                                                  NORMAL
..................................................................
TEMPERATURE (F)
 YESTERDAY
  MAXIMUM         10   1159 PM  57    1957  33    -23       48
  MINIMUM         -7    433 AM -17    1982  13    -20       25
                                      1905
                                      1893
  AVERAGE          2                        23    -21       37

PRECIPITATION (IN)
  YESTERDAY        0.01          0.69 1928   0.02  -0.01     0.00
  MONTH TO DATE    0.31                      0.12   0.19      T
  SINCE DEC 1      2.08                      1.54   0.54     2.15
  SINCE JAN 1      1.69                      0.74   0.95     0.67

SNOWFALL (IN)
  YESTERDAY        0.1           6.0  1921   0.3   -0.2      0.0
  MONTH TO DATE    3.3                       1.5    1.8       T
  SINCE DEC 1     24.0                      16.0    8.0     11.7
  SINCE JUL 1     24.0                      21.4    2.6     12.7
  SNOW DEPTH      10

DEGREE DAYS
 HEATING
  YESTERDAY       63                        42     21       28
  MONTH TO DATE  317                       257     60      227
  SINCE DEC 1   3006                      2957     49     2691
  SINCE JUL 1   4325                      4433   -108     3635

 COOLING
  YESTERDAY        0                         0      0        0
  MONTH TO DATE    0                         0      0        0
  SINCE DEC 1      0                         0      0        0
  SINCE JAN 1      0                         0      0        0
..................................................................


WIND (MPH)
  HIGHEST WIND SPEED    13   HIGHEST WIND DIRECTION     S (160)
  HIGHEST GUST SPEED    14   HIGHEST GUST DIRECTION     S (160)
  AVERAGE WIND SPEED     6.5


SKY COVER
  POSSIBLE SUNSHINE  MM
  AVERAGE SKY COVER 0.8


WEATHER CONDITIONS
 THE FOLLOWING WEATHER WAS RECORDED YESTERDAY.
  LIGHT SNOW
  FOG
  HAZE


RELATIVE HUMIDITY (PERCENT)
 HIGHEST    91           300 AM
 LOWEST     69           100 PM
 AVERAGE    80

..........................................................


THE SIOUX CITY IA CLIMATE NORMALS FOR TODAY
                         NORMAL    RECORD    YEAR
 MAXIMUM TEMPERATURE (F)   33        69      1987
 MINIMUM TEMPERATURE (F)   13       -24      1905


SUNRISE AND SUNSET
FEBRUARY  7 2018......SUNRISE   732 AM CST   SUNSET   548 PM CST
FEBRUARY  8 2018......SUNRISE   731 AM CST   SUNSET   549 PM CST


-  INDICATES NEGATIVE NUMBERS.
R  INDICATES RECORD WAS SET OR TIED.
MM INDICATES DATA IS MISSING.
T  INDICATES TRACE AMOUNT.




$$
