000
CDUS43 KFSD 290626
CLISUX


CLIMATE REPORT
NATIONAL WEATHER SERVICE SIOUX FALLS SD
126 AM CDT MON JUN 29 2015


...................................

...THE SIOUX CITY IA CLIMATE SUMMARY FOR JUNE 28 2015...

CLIMATE NORMAL PERIOD 1981 TO 2010
CLIMATE RECORD PERIOD 1889 TO 2015


WEATHER ITEM   OBSERVED TIME   RECORD YEAR NORMAL DEPARTURE LAST
                VALUE   (LST)  VALUE       VALUE  FROM      YEAR
                                                  NORMAL
..................................................................
TEMPERATURE (F)
 YESTERDAY
  MAXIMUM         87    417 PM 103    1988  85      2       80
                                      1936
  MINIMUM         66   1134 PM  47    2004  62      4       62
                                      1895
  AVERAGE         77                        73      4       71

PRECIPITATION (IN)
  YESTERDAY        0.00          1.11 1969   0.12  -0.12     0.04
  MONTH TO DATE    4.14                      3.65   0.49    14.31
  SINCE JUN 1      4.14                      3.65   0.49    14.31
  SINCE JAN 1     12.04                     13.63  -1.59    19.56

SNOWFALL (IN)
  YESTERDAY        0.0           0.0    MM   0.0    0.0      0.0
  MONTH TO DATE    0.0                       0.0    0.0      0.0
  SINCE JUN 1      0.0                       0.0    0.0      0.0
  SINCE JUL 1     21.5                      34.8  -13.3     23.8
  SNOW DEPTH       0

DEGREE DAYS
 HEATING
  YESTERDAY        0                         0      0        0
  MONTH TO DATE    2                        24    -22       20
  SINCE JUN 1      2                        24    -22       20
  SINCE JUL 1   6409                      6858   -449     7246

 COOLING
  YESTERDAY       12                         9      3        6
  MONTH TO DATE  196                       169     27      178
  SINCE JUN 1    196                       169     27      178
  SINCE JAN 1    225                       233     -8      299
..................................................................


WIND (MPH)
  HIGHEST WIND SPEED    26   HIGHEST WIND DIRECTION     N (340)
  HIGHEST GUST SPEED    33   HIGHEST GUST DIRECTION    NW (330)
  AVERAGE WIND SPEED    12.8


SKY COVER
  POSSIBLE SUNSHINE  MM
  AVERAGE SKY COVER 0.2


WEATHER CONDITIONS
 THE FOLLOWING WEATHER WAS RECORDED YESTERDAY.
  NO SIGNIFICANT WEATHER WAS OBSERVED.


RELATIVE HUMIDITY (PERCENT)
 HIGHEST    73           300 AM
 LOWEST     34           400 PM
 AVERAGE    54

..........................................................


THE SIOUX CITY IA CLIMATE NORMALS FOR TODAY
                         NORMAL    RECORD    YEAR
 MAXIMUM TEMPERATURE (F)   85       100      1970
                                             1931
                                             1911
 MINIMUM TEMPERATURE (F)   62        44      1923


SUNRISE AND SUNSET
JUNE 29 2015..........SUNRISE   551 AM CDT   SUNSET   907 PM CDT
JUNE 30 2015..........SUNRISE   552 AM CDT   SUNSET   906 PM CDT


-  INDICATES NEGATIVE NUMBERS.
R  INDICATES RECORD WAS SET OR TIED.
MM INDICATES DATA IS MISSING.
T  INDICATES TRACE AMOUNT.




$$
