000
CDUS43 KFSD 230626
CLISUX


CLIMATE REPORT
NATIONAL WEATHER SERVICE SIOUX FALLS SD
125 AM CDT FRI SEP 23 2016


...................................

...THE SIOUX CITY IA CLIMATE SUMMARY FOR SEPTEMBER 22 2016...

CLIMATE NORMAL PERIOD 1981 TO 2010
CLIMATE RECORD PERIOD 1889 TO 2016


WEATHER ITEM   OBSERVED TIME   RECORD YEAR NORMAL DEPARTURE LAST
                VALUE   (LST)  VALUE       VALUE  FROM      YEAR
                                                  NORMAL
..................................................................
TEMPERATURE (F)
 YESTERDAY
  MAXIMUM         83    507 PM  95    1936  74      9       81
  MINIMUM         69    711 AM  25    1995  48     21       63
  AVERAGE         76                        61     15       72

PRECIPITATION (IN)
  YESTERDAY        0.25          2.02 1994   0.10   0.15     0.01
  MONTH TO DATE    1.55                      2.21  -0.66     0.46
  SINCE SEP 1      1.55                      2.21  -0.66     0.46
  SINCE JAN 1     25.90                     22.75   3.15    24.20

SNOWFALL (IN)
  YESTERDAY        0.0           0.0    MM   0.0    0.0      0.0
  MONTH TO DATE    0.0                       0.0    0.0      0.0
  SINCE SEP 1      0.0                       0.0    0.0      0.0
  SINCE JUL 1      0.0                       0.0    0.0      0.0
  SNOW DEPTH       0

DEGREE DAYS
 HEATING
  YESTERDAY        0                         6     -6        0
  MONTH TO DATE   13                        73    -60       38
  SINCE SEP 1     13                        73    -60       38
  SINCE JUL 1     13                        88    -75       61

 COOLING
  YESTERDAY       11                         2      9        7
  MONTH TO DATE  116                        74     42      141
  SINCE SEP 1    116                        74     42      141
  SINCE JAN 1   1138                       851    287      861
..................................................................


WIND (MPH)
  HIGHEST WIND SPEED    25   HIGHEST WIND DIRECTION     E (110)
  HIGHEST GUST SPEED    34   HIGHEST GUST DIRECTION     W (260)
  AVERAGE WIND SPEED    12.4


SKY COVER
  POSSIBLE SUNSHINE  MM
  AVERAGE SKY COVER 0.6


WEATHER CONDITIONS
 THE FOLLOWING WEATHER WAS RECORDED YESTERDAY.
  THUNDERSTORM
  HEAVY RAIN
  RAIN
  LIGHT RAIN


RELATIVE HUMIDITY (PERCENT)
 HIGHEST    90           500 AM
 LOWEST     65           300 PM
 AVERAGE    78

..........................................................


THE SIOUX CITY IA CLIMATE NORMALS FOR TODAY
                         NORMAL    RECORD    YEAR
 MAXIMUM TEMPERATURE (F)   74        95      1938
 MINIMUM TEMPERATURE (F)   47        25      2012


SUNRISE AND SUNSET
SEPTEMBER 23 2016.....SUNRISE   714 AM CDT   SUNSET   720 PM CDT
SEPTEMBER 24 2016.....SUNRISE   716 AM CDT   SUNSET   718 PM CDT


-  INDICATES NEGATIVE NUMBERS.
R  INDICATES RECORD WAS SET OR TIED.
MM INDICATES DATA IS MISSING.
T  INDICATES TRACE AMOUNT.




$$
