000
CDUS43 KFSD 200626
CLISUX


CLIMATE REPORT
NATIONAL WEATHER SERVICE SIOUX FALLS SD
125 AM CDT FRI MAR 20 2015


...................................

...THE SIOUX CITY IA CLIMATE SUMMARY FOR MARCH 19 2015...

CLIMATE NORMAL PERIOD 1981 TO 2010
CLIMATE RECORD PERIOD 1889 TO 2015


WEATHER ITEM   OBSERVED TIME   RECORD YEAR NORMAL DEPARTURE LAST
                VALUE   (LST)  VALUE       VALUE  FROM      YEAR
                                                  NORMAL
..................................................................
TEMPERATURE (F)
 YESTERDAY
  MAXIMUM         58    452 PM  80    1921  49      9       51
  MINIMUM         28   1139 PM  -2    1923  27      1       24
  AVERAGE         43                        38      5       38

PRECIPITATION (IN)
  YESTERDAY        0.00          0.98 1982   0.08  -0.08     0.00
  MONTH TO DATE    T                         1.05  -1.05     0.31
  SINCE MAR 1      T                         1.05  -1.05     0.31
  SINCE JAN 1      0.96                      2.34  -1.38     1.08

SNOWFALL (IN)
  YESTERDAY        0.0           6.7  1933   0.2   -0.2      0.0
  MONTH TO DATE    T                         4.4   -4.4      4.6
  SINCE MAR 1      T                         4.4   -4.4      4.6
  SINCE JUL 1     21.5                      30.9   -9.4     18.4
  SNOW DEPTH       0

DEGREE DAYS
 HEATING
  YESTERDAY       22                        27     -5       27
  MONTH TO DATE  454                       592   -138      638
  SINCE MAR 1    454                       592   -138      638
  SINCE JUL 1   5620                      5886   -266     6242

 COOLING
  YESTERDAY        0                         0      0        0
  MONTH TO DATE    0                         0      0        0
  SINCE MAR 1      0                         0      0        0
  SINCE JAN 1      0                         0      0        0
..................................................................


WIND (MPH)
  HIGHEST WIND SPEED    20   HIGHEST WIND DIRECTION     N (340)
  HIGHEST GUST SPEED    24   HIGHEST GUST DIRECTION     S (200)
  AVERAGE WIND SPEED     9.8


SKY COVER
  POSSIBLE SUNSHINE  MM
  AVERAGE SKY COVER 0.6


WEATHER CONDITIONS
 THE FOLLOWING WEATHER WAS RECORDED YESTERDAY.
  NO SIGNIFICANT WEATHER WAS OBSERVED.


RELATIVE HUMIDITY (PERCENT)
 HIGHEST    64          1100 PM
 LOWEST     40           300 PM
 AVERAGE    52

..........................................................


THE SIOUX CITY IA CLIMATE NORMALS FOR TODAY
                         NORMAL    RECORD    YEAR
 MAXIMUM TEMPERATURE (F)   50        74      1934
 MINIMUM TEMPERATURE (F)   27         3      1951


SUNRISE AND SUNSET
MARCH 20 2015.........SUNRISE   729 AM CDT   SUNSET   738 PM CDT
MARCH 21 2015.........SUNRISE   727 AM CDT   SUNSET   739 PM CDT


-  INDICATES NEGATIVE NUMBERS.
R  INDICATES RECORD WAS SET OR TIED.
MM INDICATES DATA IS MISSING.
T  INDICATES TRACE AMOUNT.




$$
