000
CDUS43 KFSD 032229
CLISUX


CLIMATE REPORT
NATIONAL WEATHER SERVICE SIOUX FALLS SD
428 PM CST FRI FEB 3 2017


...................................

...THE SIOUX CITY IA CLIMATE SUMMARY FOR FEBRUARY 3 2017...
VALID TODAY AS OF 0400 PM LOCAL TIME.

CLIMATE NORMAL PERIOD 1981 TO 2010
CLIMATE RECORD PERIOD 1889 TO 2017


WEATHER ITEM   OBSERVED TIME   RECORD YEAR NORMAL DEPARTURE LAST
                VALUE   (LST)  VALUE       VALUE  FROM      YEAR
                                                  NORMAL
..................................................................
TEMPERATURE (F)
 TODAY
  MAXIMUM         28    349 PM  62    1934  32     -4       27
  MINIMUM         13    811 AM -20    1905  12      1        6
  AVERAGE         21                        22     -1       17

PRECIPITATION (IN)
  TODAY            0.00          0.65 1997   0.02  -0.02      T
  MONTH TO DATE    T                         0.06  -0.06     0.78
  SINCE DEC 1      2.15                      1.48   0.67     4.37
  SINCE JAN 1      0.67                      0.68  -0.01     1.51

SNOWFALL (IN)
  TODAY            0.0           7.0  1997   0.2   -0.2      0.1
  MONTH TO DATE    T                         0.7   -0.7     12.5
  SINCE DEC 1     11.7                      15.2   -3.5     29.2
  SINCE JUL 1     12.7                      20.6   -7.9     41.7
  SNOW DEPTH       0

DEGREE DAYS
 HEATING
  TODAY           44                        43      1       48
  MONTH TO DATE  128                       129     -1      113
  SINCE DEC 1   2592                      2829   -237     2480
  SINCE JUL 1   3536                      4305   -769     3586

 COOLING
  TODAY            0                         0      0        0
  MONTH TO DATE    0                         0      0        0
  SINCE DEC 1      0                         0      0        0
  SINCE JAN 1      0                         0      0        0
..................................................................


WIND (MPH)
  HIGHEST WIND SPEED    15   HIGHEST WIND DIRECTION    NW (320)
  HIGHEST GUST SPEED    19   HIGHEST GUST DIRECTION    NW (320)
  AVERAGE WIND SPEED     8.7


SKY COVER
  POSSIBLE SUNSHINE  MM
  AVERAGE SKY COVER 0.4


WEATHER CONDITIONS
 THE FOLLOWING WEATHER WAS RECORDED TODAY.
  NO SIGNIFICANT WEATHER WAS OBSERVED.


RELATIVE HUMIDITY (PERCENT)
 HIGHEST    76           700 AM
 LOWEST     50           200 PM
 AVERAGE    63

..........................................................


THE SIOUX CITY IA CLIMATE NORMALS FOR TOMORROW
                         NORMAL    RECORD    YEAR
 MAXIMUM TEMPERATURE (F)   32        66      2005
 MINIMUM TEMPERATURE (F)   12       -25      1905


SUNRISE AND SUNSET
FEBRUARY  3 2017......SUNRISE   737 AM CST   SUNSET   543 PM CST
FEBRUARY  4 2017......SUNRISE   736 AM CST   SUNSET   544 PM CST


-  INDICATES NEGATIVE NUMBERS.
R  INDICATES RECORD WAS SET OR TIED.
MM INDICATES DATA IS MISSING.
T  INDICATES TRACE AMOUNT.




$$
