000
CDUS43 KFSD 020643
CLISUX


CLIMATE REPORT
NATIONAL WEATHER SERVICE SIOUX FALLS SD
1242 AM CST THU FEB 2 2017


...................................

...THE SIOUX CITY IA CLIMATE SUMMARY FOR FEBRUARY 1 2017...

CLIMATE NORMAL PERIOD 1981 TO 2010
CLIMATE RECORD PERIOD 1889 TO 2017


WEATHER ITEM   OBSERVED TIME   RECORD YEAR NORMAL DEPARTURE LAST
                VALUE   (LST)  VALUE       VALUE  FROM      YEAR
                                                  NORMAL
..................................................................
TEMPERATURE (F)
 YESTERDAY
  MAXIMUM         34   1239 AM  58    1987  32      2       44
  MINIMUM         17   1159 PM -26    1917  11      6       24
  AVERAGE         26                        22      4       34

PRECIPITATION (IN)
  YESTERDAY        T             0.41 1915   0.02  -0.02     0.00
  MONTH TO DATE    T                         0.02  -0.02     0.00
  SINCE DEC 1      2.15                      1.44   0.71     3.59
  SINCE JAN 1      0.67                      0.64   0.03     0.73

SNOWFALL (IN)
  YESTERDAY        T             8.1  1915   0.2   -0.2      0.0
  MONTH TO DATE    T                         0.2   -0.2      0.0
  SINCE DEC 1     11.7                      14.7   -3.0     16.7
  SINCE JUL 1     12.7                      20.1   -7.4     29.2
  SNOW DEPTH       T

DEGREE DAYS
 HEATING
  YESTERDAY       39                        43     -4       31
  MONTH TO DATE   39                        43     -4       31
  SINCE DEC 1   2503                      2743   -240     2398
  SINCE JUL 1   3447                      4219   -772     3504

 COOLING
  YESTERDAY        0                         0      0        0
  MONTH TO DATE    0                         0      0        0
  SINCE DEC 1      0                         0      0        0
  SINCE JAN 1      0                         0      0        0
..................................................................


WIND (MPH)
  HIGHEST WIND SPEED    30   HIGHEST WIND DIRECTION    NW (330)
  HIGHEST GUST SPEED    36   HIGHEST GUST DIRECTION     N (340)
  AVERAGE WIND SPEED    18.3


SKY COVER
  POSSIBLE SUNSHINE  MM
  AVERAGE SKY COVER 0.8


WEATHER CONDITIONS
 THE FOLLOWING WEATHER WAS RECORDED YESTERDAY.
  LIGHT SNOW


RELATIVE HUMIDITY (PERCENT)
 HIGHEST    82          1200 AM
 LOWEST     56           900 PM
 AVERAGE    69

..........................................................


THE SIOUX CITY IA CLIMATE NORMALS FOR TODAY
                         NORMAL    RECORD    YEAR
 MAXIMUM TEMPERATURE (F)   32        65      1992
 MINIMUM TEMPERATURE (F)   12       -30      1905


SUNRISE AND SUNSET
FEBRUARY  2 2017......SUNRISE   738 AM CST   SUNSET   541 PM CST
FEBRUARY  3 2017......SUNRISE   737 AM CST   SUNSET   543 PM CST


-  INDICATES NEGATIVE NUMBERS.
R  INDICATES RECORD WAS SET OR TIED.
MM INDICATES DATA IS MISSING.
T  INDICATES TRACE AMOUNT.




$$
