000
CDUS43 KFSD 220653
CLISUX


CLIMATE REPORT
NATIONAL WEATHER SERVICE SIOUX FALLS SD
1252 AM CST TUE NOV 22 2016


...................................

...THE SIOUX CITY IA CLIMATE SUMMARY FOR NOVEMBER 21 2016...

CLIMATE NORMAL PERIOD 1981 TO 2010
CLIMATE RECORD PERIOD 1889 TO 2016


WEATHER ITEM   OBSERVED TIME   RECORD YEAR NORMAL DEPARTURE LAST
                VALUE   (LST)  VALUE       VALUE  FROM      YEAR
                                                  NORMAL
..................................................................
TEMPERATURE (F)
 YESTERDAY
  MAXIMUM         50    339 PM  72    2012  43      7       29
  MINIMUM         24    504 AM  -9    1937  22      2       10
  AVERAGE         37                        33      4       20

PRECIPITATION (IN)
  YESTERDAY        T             0.53 1940   0.05  -0.05     0.00
  MONTH TO DATE    0.37                      0.94  -0.57     3.56
  SINCE SEP 1      4.75                      6.03  -1.28     7.55
  SINCE JAN 1     29.10                     26.57   2.53    31.29

SNOWFALL (IN)
  YESTERDAY        0.0           5.4  1898   0.2   -0.2      0.0
  MONTH TO DATE    1.0                       2.5   -1.5      5.7
  SINCE SEP 1      1.0                       3.5   -2.5      5.7
  SINCE JUL 1      1.0                       3.5   -2.5      5.7
  SNOW DEPTH       0

DEGREE DAYS
 HEATING
  YESTERDAY       28                        32     -4       45
  MONTH TO DATE  366                       559   -193      400
  SINCE SEP 1    720                      1144   -424      781
  SINCE JUL 1    720                      1159   -439      804

 COOLING
  YESTERDAY        0                         0      0        0
  MONTH TO DATE    0                         0      0        0
  SINCE SEP 1    143                        92     51      169
  SINCE JAN 1   1165                       869    296      889
..................................................................


WIND (MPH)
  HIGHEST WIND SPEED    18   HIGHEST WIND DIRECTION    SE (120)
  HIGHEST GUST SPEED    29   HIGHEST GUST DIRECTION    NE (60)
  AVERAGE WIND SPEED    11.6


SKY COVER
  POSSIBLE SUNSHINE  MM
  AVERAGE SKY COVER 0.3


WEATHER CONDITIONS
 THE FOLLOWING WEATHER WAS RECORDED YESTERDAY.
  LIGHT RAIN


RELATIVE HUMIDITY (PERCENT)
 HIGHEST    81           200 AM
 LOWEST     46           400 PM
 AVERAGE    64

..........................................................


THE SIOUX CITY IA CLIMATE NORMALS FOR TODAY
                         NORMAL    RECORD    YEAR
 MAXIMUM TEMPERATURE (F)   42        68      2006
 MINIMUM TEMPERATURE (F)   22        -3      1898


SUNRISE AND SUNSET
NOVEMBER 22 2016......SUNRISE   726 AM CST   SUNSET   458 PM CST
NOVEMBER 23 2016......SUNRISE   727 AM CST   SUNSET   457 PM CST


-  INDICATES NEGATIVE NUMBERS.
R  INDICATES RECORD WAS SET OR TIED.
MM INDICATES DATA IS MISSING.
T  INDICATES TRACE AMOUNT.




$$
