000
CDUS43 KFSD 150650
CLISUX


CLIMATE REPORT
NATIONAL WEATHER SERVICE SIOUX FALLS SD
149 AM CDT FRI SEP 15 2017


...................................

...THE SIOUX CITY IA CLIMATE SUMMARY FOR SEPTEMBER 14 2017...

CLIMATE NORMAL PERIOD 1981 TO 2010
CLIMATE RECORD PERIOD 1889 TO 2017


WEATHER ITEM   OBSERVED TIME   RECORD YEAR NORMAL DEPARTURE LAST
                VALUE   (LST)  VALUE       VALUE  FROM      YEAR
                                                  NORMAL
..................................................................
TEMPERATURE (F)
 YESTERDAY
  MAXIMUM         90    313 PM  99    1939  77     13       68
  MINIMUM         60    623 AM  35    2007  51      9       52
  AVERAGE         75                        64     11       60

PRECIPITATION (IN)
  YESTERDAY        0.00          1.59 2001   0.09  -0.09     0.00
  MONTH TO DATE    0.11                      1.42  -1.31     0.54
  SINCE SEP 1      0.11                      1.42  -1.31     0.54
  SINCE JAN 1     20.30                     21.96  -1.66    24.89

SNOWFALL (IN)
  YESTERDAY        0.0           0.0    MM   0.0    0.0      0.0
  MONTH TO DATE    0.0                       0.0    0.0      0.0
  SINCE SEP 1      0.0                       0.0    0.0      0.0
  SINCE JUL 1      0.0                       0.0    0.0      0.0
  SNOW DEPTH       0

DEGREE DAYS
 HEATING
  YESTERDAY        0                         4     -4        5
  MONTH TO DATE   20                        33    -13       13
  SINCE SEP 1     20                        33    -13       13
  SINCE JUL 1     28                        48    -20       13

 COOLING
  YESTERDAY       10                         3      7        0
  MONTH TO DATE   58                        56      2       57
  SINCE SEP 1     58                        56      2       57
  SINCE JAN 1    890                       833     57     1079
..................................................................


WIND (MPH)
  HIGHEST WIND SPEED    17   HIGHEST WIND DIRECTION     S (180)
  HIGHEST GUST SPEED    24   HIGHEST GUST DIRECTION     S (200)
  AVERAGE WIND SPEED     9.7


SKY COVER
  POSSIBLE SUNSHINE  MM
  AVERAGE SKY COVER 0.0


WEATHER CONDITIONS
 THE FOLLOWING WEATHER WAS RECORDED YESTERDAY.
  NO SIGNIFICANT WEATHER WAS OBSERVED.


RELATIVE HUMIDITY (PERCENT)
 HIGHEST   100           100 AM
 LOWEST     44           400 PM
 AVERAGE    72

..........................................................


THE SIOUX CITY IA CLIMATE NORMALS FOR TODAY
                         NORMAL    RECORD    YEAR
 MAXIMUM TEMPERATURE (F)   77        98      1955
 MINIMUM TEMPERATURE (F)   51        32      2011
                                             2007


SUNRISE AND SUNSET
SEPTEMBER 15 2017.....SUNRISE   706 AM CDT   SUNSET   735 PM CDT
SEPTEMBER 16 2017.....SUNRISE   707 AM CDT   SUNSET   733 PM CDT


-  INDICATES NEGATIVE NUMBERS.
R  INDICATES RECORD WAS SET OR TIED.
MM INDICATES DATA IS MISSING.
T  INDICATES TRACE AMOUNT.




$$
