000
CDUS43 KFSD 280632
CLISUX


CLIMATE REPORT
NATIONAL WEATHER SERVICE SIOUX FALLS SD
1229 AM CST THU JAN 28 2016


...................................

...THE SIOUX CITY IA CLIMATE SUMMARY FOR JANUARY 27 2016...

CLIMATE NORMAL PERIOD 1981 TO 2010
CLIMATE RECORD PERIOD 1889 TO 2016


WEATHER ITEM   OBSERVED TIME   RECORD YEAR NORMAL DEPARTURE LAST
                VALUE   (LST)  VALUE       VALUE  FROM      YEAR
                                                  NORMAL
..................................................................
TEMPERATURE (F)
 YESTERDAY
  MAXIMUM         43    410 PM  63    1934  31     12       49
  MINIMUM         11    400 AM -21    1902  11      0       25
  AVERAGE         27                        21      6       37

PRECIPITATION (IN)
  YESTERDAY        T             0.66 1944   0.03  -0.03     0.00
  MONTH TO DATE    0.69                      0.54   0.15     0.34
  SINCE DEC 1      3.55                      1.34   2.21     1.74
  SINCE JAN 1      0.69                      0.54   0.15     0.34

SNOWFALL (IN)
  YESTERDAY        T             5.9  1949   0.3   -0.3      0.0
  MONTH TO DATE    4.9                       5.8   -0.9      4.5
  SINCE DEC 1     16.7                      13.6    3.1      8.3
  SINCE JUL 1     29.2                      19.0   10.2     12.8
  SNOW DEPTH       5

DEGREE DAYS
 HEATING
  YESTERDAY       38                        44     -6       28
  MONTH TO DATE 1204                      1210     -6     1130
  SINCE DEC 1   2249                      2526   -277     2260
  SINCE JUL 1   3355                      4002   -647     3755

 COOLING
  YESTERDAY        0                         0      0        0
  MONTH TO DATE    0                         0      0        0
  SINCE DEC 1      0                         0      0        0
  SINCE JAN 1      0                         0      0        0
..................................................................


WIND (MPH)
  HIGHEST WIND SPEED    17   HIGHEST WIND DIRECTION     W (270)
  HIGHEST GUST SPEED    23   HIGHEST GUST DIRECTION     W (270)
  AVERAGE WIND SPEED     8.8


SKY COVER
  POSSIBLE SUNSHINE  MM
  AVERAGE SKY COVER 0.3


WEATHER CONDITIONS
 THE FOLLOWING WEATHER WAS RECORDED YESTERDAY.
  LIGHT SNOW
  FOG
  FOG W/VISIBILITY <= 1/4 MILE
  HAZE


RELATIVE HUMIDITY (PERCENT)
 HIGHEST    88          1200 AM
 LOWEST     57           300 PM
 AVERAGE    73

..........................................................


THE SIOUX CITY IA CLIMATE NORMALS FOR TODAY
                         NORMAL    RECORD    YEAR
 MAXIMUM TEMPERATURE (F)   31        58      1931
                                             1896
 MINIMUM TEMPERATURE (F)   11       -17      1966
                                             1948
                                             1897


SUNRISE AND SUNSET
JANUARY 28 2016.......SUNRISE   743 AM CST   SUNSET   534 PM CST
JANUARY 29 2016.......SUNRISE   743 AM CST   SUNSET   535 PM CST


-  INDICATES NEGATIVE NUMBERS.
R  INDICATES RECORD WAS SET OR TIED.
MM INDICATES DATA IS MISSING.
T  INDICATES TRACE AMOUNT.




$$
