521
CDUS43 KFSD 120727
CLISUX


CLIMATE REPORT
NATIONAL WEATHER SERVICE SIOUX FALLS SD
127 AM CST THU JAN 12 2017


...................................

...THE SIOUX CITY IA CLIMATE SUMMARY FOR JANUARY 11 2017...

CLIMATE NORMAL PERIOD 1981 TO 2010
CLIMATE RECORD PERIOD 1889 TO 2017


WEATHER ITEM   OBSERVED TIME   RECORD YEAR NORMAL DEPARTURE LAST
                VALUE   (LST)  VALUE       VALUE  FROM      YEAR
                                                  NORMAL
..................................................................
TEMPERATURE (F)
 YESTERDAY
  MAXIMUM         22    432 AM  56    1986  30     -8       36
                                      1941
  MINIMUM          9   1158 PM -26    1918  10     -1       -1
                                      1912
  AVERAGE         16                        20     -4       18

PRECIPITATION (IN)
  YESTERDAY        0.06          0.48 1916   0.02   0.04      T
  MONTH TO DATE    0.12                      0.22  -0.10     0.48
  SINCE DEC 1      1.60                      1.02   0.58     3.34
  SINCE JAN 1      0.12                      0.22  -0.10     0.48

SNOWFALL (IN)
  YESTERDAY        0.8           8.0  1905   0.2    0.6       T
  MONTH TO DATE    1.0                       2.3   -1.3      3.4
  SINCE DEC 1      5.5                      10.1   -4.6     15.2
  SINCE JUL 1      6.5                      15.5   -9.0     27.7
  SNOW DEPTH       T

DEGREE DAYS
 HEATING
  YESTERDAY       49                        45      4       47
  MONTH TO DATE  527                       495     32      479
  SINCE DEC 1   1767                      1811    -44     1524
  SINCE JUL 1   2711                      3287   -576     2630

 COOLING
  YESTERDAY        0                         0      0        0
  MONTH TO DATE    0                         0      0        0
  SINCE DEC 1      0                         0      0        0
  SINCE JAN 1      0                         0      0        0
..................................................................


WIND (MPH)
  HIGHEST WIND SPEED    31   HIGHEST WIND DIRECTION     N (350)
  HIGHEST GUST SPEED    38   HIGHEST GUST DIRECTION     N (350)
  AVERAGE WIND SPEED    15.2


SKY COVER
  POSSIBLE SUNSHINE  MM
  AVERAGE SKY COVER 0.5


WEATHER CONDITIONS
 THE FOLLOWING WEATHER WAS RECORDED YESTERDAY.
  LIGHT SNOW
  FOG


RELATIVE HUMIDITY (PERCENT)
 HIGHEST    92           500 AM
 LOWEST     54           400 PM
 AVERAGE    73

..........................................................


THE SIOUX CITY IA CLIMATE NORMALS FOR TODAY
                         NORMAL    RECORD    YEAR
 MAXIMUM TEMPERATURE (F)   30        59      1996
                                             1987
                                             1928
 MINIMUM TEMPERATURE (F)   10       -35      1912


SUNRISE AND SUNSET
JANUARY 12 2017.......SUNRISE   753 AM CST   SUNSET   515 PM CST
JANUARY 13 2017.......SUNRISE   753 AM CST   SUNSET   516 PM CST


-  INDICATES NEGATIVE NUMBERS.
R  INDICATES RECORD WAS SET OR TIED.
MM INDICATES DATA IS MISSING.
T  INDICATES TRACE AMOUNT.




$$
