000
CDUS43 KFSD 240633
CLISUX


CLIMATE REPORT
NATIONAL WEATHER SERVICE SIOUX FALLS SD
1231 AM CST FRI NOV 24 2017


...................................

...THE SIOUX CITY IA CLIMATE SUMMARY FOR NOVEMBER 23 2017...

CLIMATE NORMAL PERIOD 1981 TO 2010
CLIMATE RECORD PERIOD 1889 TO 2017


WEATHER ITEM   OBSERVED TIME   RECORD YEAR NORMAL DEPARTURE LAST
                VALUE   (LST)  VALUE       VALUE  FROM      YEAR
                                                  NORMAL
..................................................................
TEMPERATURE (F)
 YESTERDAY
  MAXIMUM         63R   340 PM  62    1902  42     21       40
  MINIMUM         25    245 AM  -4    1898  21      4       37
  AVERAGE         44                        32     12       39

PRECIPITATION (IN)
  YESTERDAY        0.00          1.93 1905   0.05  -0.05     0.01
  MONTH TO DATE    0.08                      1.03  -0.95     1.60
  SINCE SEP 1      9.09                      6.12   2.97     5.98
  SINCE JAN 1     29.28                     26.66   2.62    30.33

SNOWFALL (IN)
  YESTERDAY        0.0           1.5  1999   0.1   -0.1      0.0
                                      1909
  MONTH TO DATE    0.0                       2.8   -2.8      1.0
  SINCE SEP 1      T                         3.8   -3.8      1.0
  SINCE JUL 1      T                         3.8   -3.8      1.0
  SNOW DEPTH       0

DEGREE DAYS
 HEATING
  YESTERDAY       21                        34    -13       26
  MONTH TO DATE  663                       626     37      416
  SINCE SEP 1   1153                      1211    -58      770
  SINCE JUL 1   1161                      1226    -65      770

 COOLING
  YESTERDAY        0                         0      0        0
  MONTH TO DATE    0                         0      0        0
  SINCE SEP 1    119                        92     27      143
  SINCE JAN 1    951                       869     82     1165
..................................................................


WIND (MPH)
  HIGHEST WIND SPEED    13   HIGHEST WIND DIRECTION     S (180)
  HIGHEST GUST SPEED    16   HIGHEST GUST DIRECTION     S (180)
  AVERAGE WIND SPEED     6.8


SKY COVER
  POSSIBLE SUNSHINE  MM
  AVERAGE SKY COVER 0.0


WEATHER CONDITIONS
 THE FOLLOWING WEATHER WAS RECORDED YESTERDAY.
  NO SIGNIFICANT WEATHER WAS OBSERVED.


RELATIVE HUMIDITY (PERCENT)
 HIGHEST    89           800 AM
 LOWEST     43           200 PM
 AVERAGE    66

..........................................................


THE SIOUX CITY IA CLIMATE NORMALS FOR TODAY
                         NORMAL    RECORD    YEAR
 MAXIMUM TEMPERATURE (F)   41        68      1990
 MINIMUM TEMPERATURE (F)   21         0      1893


SUNRISE AND SUNSET
NOVEMBER 24 2017......SUNRISE   728 AM CST   SUNSET   457 PM CST
NOVEMBER 25 2017......SUNRISE   729 AM CST   SUNSET   456 PM CST


-  INDICATES NEGATIVE NUMBERS.
R  INDICATES RECORD WAS SET OR TIED.
MM INDICATES DATA IS MISSING.
T  INDICATES TRACE AMOUNT.




$$
