000
CDUS43 KFSD 190629
CLISUX


CLIMATE REPORT
NATIONAL WEATHER SERVICE SIOUX FALLS SD
127 AM CDT THU MAY 19 2016


...................................

...THE SIOUX CITY IA CLIMATE SUMMARY FOR MAY 18 2016...

CLIMATE NORMAL PERIOD 1981 TO 2010
CLIMATE RECORD PERIOD 1889 TO 2016


WEATHER ITEM   OBSERVED TIME   RECORD YEAR NORMAL DEPARTURE LAST
                VALUE   (LST)  VALUE       VALUE  FROM      YEAR
                                                  NORMAL
..................................................................
TEMPERATURE (F)
 YESTERDAY
  MAXIMUM         74    243 PM  99    1934  74      0       58
  MINIMUM         38    516 AM  33    1915  50    -12       40
  AVERAGE         56                        62     -6       49

PRECIPITATION (IN)
  YESTERDAY        0.00          1.35 1962   0.12  -0.12     0.00
  MONTH TO DATE    1.69                      2.12  -0.43     2.19
  SINCE MAR 1     10.56                      7.07   3.49     5.60
  SINCE JAN 1     12.40                      8.36   4.04     6.56

SNOWFALL (IN)
  YESTERDAY        0.0           T    1968   0.0    0.0      0.0
  MONTH TO DATE    0.0                       0.2   -0.2      0.0
  SINCE MAR 1     14.5                       8.5    6.0       T
  SINCE JUL 1     57.6                      35.0   22.6     21.5
  SNOW DEPTH       0

DEGREE DAYS
 HEATING
  YESTERDAY        9                         5      4       16
  MONTH TO DATE  152                       133     19       91
  SINCE MAR 1   1179                      1491   -312     1166
  SINCE JUL 1   5638                      6785  -1147     6332

 COOLING
  YESTERDAY        0                         2     -2        0
  MONTH TO DATE    3                        22    -19       18
  SINCE MAR 1      3                        33    -30       19
  SINCE JAN 1      3                        33    -30       19
..................................................................


WIND (MPH)
  HIGHEST WIND SPEED    10   HIGHEST WIND DIRECTION    SE (120)
  HIGHEST GUST SPEED    13   HIGHEST GUST DIRECTION    SE (120)
  AVERAGE WIND SPEED     5.0


SKY COVER
  POSSIBLE SUNSHINE  MM
  AVERAGE SKY COVER 0.1


WEATHER CONDITIONS
 THE FOLLOWING WEATHER WAS RECORDED YESTERDAY.
  NO SIGNIFICANT WEATHER WAS OBSERVED.


RELATIVE HUMIDITY (PERCENT)
 HIGHEST    79           400 AM
 LOWEST     31           100 PM
 AVERAGE    55

..........................................................


THE SIOUX CITY IA CLIMATE NORMALS FOR TODAY
                         NORMAL    RECORD    YEAR
 MAXIMUM TEMPERATURE (F)   74        99      1934
 MINIMUM TEMPERATURE (F)   50        32      2002
                                             1895


SUNRISE AND SUNSET
MAY 19 2016...........SUNRISE   600 AM CDT   SUNSET   845 PM CDT
MAY 20 2016...........SUNRISE   559 AM CDT   SUNSET   846 PM CDT


-  INDICATES NEGATIVE NUMBERS.
R  INDICATES RECORD WAS SET OR TIED.
MM INDICATES DATA IS MISSING.
T  INDICATES TRACE AMOUNT.




$$
