000
CDUS43 KFSD 160709
CLISUX


CLIMATE REPORT
NATIONAL WEATHER SERVICE SIOUX FALLS SD
108 AM CST TUE DEC 16 2014


...................................

...THE SIOUX CITY IA CLIMATE SUMMARY FOR DECEMBER 15 2014...

CLIMATE NORMAL PERIOD 1981 TO 2010
CLIMATE RECORD PERIOD 1889 TO 2014


WEATHER ITEM   OBSERVED TIME   RECORD YEAR NORMAL DEPARTURE LAST
                VALUE   (LST)  VALUE       VALUE  FROM      YEAR
                                                  NORMAL
..................................................................
TEMPERATURE (F)
 YESTERDAY
  MAXIMUM         40   1218 AM  62    1939  32      8       21
  MINIMUM         25   1159 PM -20    1901  13     12       10
  AVERAGE         33                        22     11       16

PRECIPITATION (IN)
  YESTERDAY        0.44          0.96 2012   0.02   0.42     0.00
  MONTH TO DATE    0.49                      0.44   0.05     0.16
  SINCE DEC 1      0.49                      0.44   0.05     0.16
  SINCE JAN 1     40.45                     27.38  13.07    26.61

SNOWFALL (IN)
  YESTERDAY        T             3.6  1940   0.2   -0.2      0.0
                                      1925
  MONTH TO DATE    T                         3.9   -3.9      2.1
  SINCE DEC 1      T                         3.9   -3.9      2.1
  SINCE JUL 1      4.5                       9.3   -4.8      3.0
  SNOW DEPTH       0

DEGREE DAYS
 HEATING
  YESTERDAY       32                        43    -11       49
  MONTH TO DATE  474                       609   -135      728
  SINCE DEC 1    474                       609   -135      728
  SINCE JUL 1   1969                      2085   -116     2152

 COOLING
  YESTERDAY        0                         0      0        0
  MONTH TO DATE    0                         0      0        0
  SINCE DEC 1      0                         0      0        0
  SINCE JAN 1    862                       869     -7      960
..................................................................


WIND (MPH)
  HIGHEST WIND SPEED    33   HIGHEST WIND DIRECTION     N (340)
  HIGHEST GUST SPEED    40   HIGHEST GUST DIRECTION     N (340)
  AVERAGE WIND SPEED    18.9


SKY COVER
  POSSIBLE SUNSHINE  MM
  AVERAGE SKY COVER 1.0


WEATHER CONDITIONS
 THE FOLLOWING WEATHER WAS RECORDED YESTERDAY.
  RAIN
  LIGHT RAIN
  LIGHT SNOW
  FOG


RELATIVE HUMIDITY (PERCENT)
 HIGHEST   100          1200 AM
 LOWEST     78           700 PM
 AVERAGE    89

..........................................................


THE SIOUX CITY IA CLIMATE NORMALS FOR TODAY
                         NORMAL    RECORD    YEAR
 MAXIMUM TEMPERATURE (F)   31        64      1962
                                             1939
 MINIMUM TEMPERATURE (F)   13       -15      1989


SUNRISE AND SUNSET
DECEMBER 16 2014......SUNRISE   749 AM CST   SUNSET   454 PM CST
DECEMBER 17 2014......SUNRISE   749 AM CST   SUNSET   454 PM CST


-  INDICATES NEGATIVE NUMBERS.
R  INDICATES RECORD WAS SET OR TIED.
MM INDICATES DATA IS MISSING.
T  INDICATES TRACE AMOUNT.




$$
