000
CDUS43 KFSD 082220
CLISUX


CLIMATE REPORT
NATIONAL WEATHER SERVICE SIOUX FALLS SD
519 PM CDT SAT APR 8 2017


...................................

...THE SIOUX CITY IA CLIMATE SUMMARY FOR APRIL 8 2017...
VALID TODAY AS OF 0500 PM LOCAL TIME.

CLIMATE NORMAL PERIOD 1981 TO 2010
CLIMATE RECORD PERIOD 1889 TO 2017


WEATHER ITEM   OBSERVED TIME   RECORD YEAR NORMAL DEPARTURE LAST
                VALUE   (LST)  VALUE       VALUE  FROM      YEAR
                                                  NORMAL
..................................................................
TEMPERATURE (F)
 TODAY
  MAXIMUM         79    351 PM  89    1931  59     20       50
  MINIMUM         44    427 AM  14    2007  34     10       27
                                      1997
  AVERAGE         62                        46     16       39

PRECIPITATION (IN)
  TODAY            0.00          1.09 1999   0.09  -0.09     0.00
  MONTH TO DATE    0.50                      0.70  -0.20     0.03
  SINCE MAR 1      2.01                      2.70  -0.69     3.09
  SINCE JAN 1      3.60                      3.99  -0.39     4.93

SNOWFALL (IN)
  TODAY            0.0           1.2  1962   0.1   -0.1      0.0
  MONTH TO DATE    0.0                       0.8   -0.8      0.0
  SINCE MAR 1      3.1                       7.3   -4.2     14.5
  SINCE JUL 1     28.6                      33.8   -5.2     57.6
  SNOW DEPTH       0

DEGREE DAYS
 HEATING
  TODAY            3                        19    -16       26
  MONTH TO DATE  119                       162    -43      154
  SINCE MAR 1    888                      1046   -158      787
  SINCE JUL 1   5125                      6340  -1215     5246

 COOLING
  TODAY            0                         0      0        0
  MONTH TO DATE    0                         0      0        0
  SINCE MAR 1      0                         0      0        0
  SINCE JAN 1      0                         0      0        0
..................................................................


WIND (MPH)
  HIGHEST WIND SPEED    22   HIGHEST WIND DIRECTION     S (200)
  HIGHEST GUST SPEED    27   HIGHEST GUST DIRECTION     S (200)
  AVERAGE WIND SPEED    14.6


SKY COVER
  POSSIBLE SUNSHINE  MM
  AVERAGE SKY COVER 0.0


WEATHER CONDITIONS
 THE FOLLOWING WEATHER WAS RECORDED TODAY.
  NO SIGNIFICANT WEATHER WAS OBSERVED.


RELATIVE HUMIDITY (PERCENT)
 HIGHEST    83           500 AM
 LOWEST     35           300 PM
 AVERAGE    59

..........................................................


THE SIOUX CITY IA CLIMATE NORMALS FOR TOMORROW
                         NORMAL    RECORD    YEAR
 MAXIMUM TEMPERATURE (F)   60        87      1977
 MINIMUM TEMPERATURE (F)   34        16      1928


SUNRISE AND SUNSET
APRIL  8 2017.........SUNRISE   656 AM CDT   SUNSET   800 PM CDT
APRIL  9 2017.........SUNRISE   654 AM CDT   SUNSET   801 PM CDT


-  INDICATES NEGATIVE NUMBERS.
R  INDICATES RECORD WAS SET OR TIED.
MM INDICATES DATA IS MISSING.
T  INDICATES TRACE AMOUNT.




$$
