000
CDUS43 KFSD 010656
CLISUX


CLIMATE REPORT
NATIONAL WEATHER SERVICE SIOUX FALLS SD
155 AM CDT SUN OCT 1 2017


...................................

...THE SIOUX CITY IA CLIMATE SUMMARY FOR SEPTEMBER 30 2017...

CLIMATE NORMAL PERIOD 1981 TO 2010
CLIMATE RECORD PERIOD 1889 TO 2017


WEATHER ITEM   OBSERVED TIME   RECORD YEAR NORMAL DEPARTURE LAST
                VALUE   (LST)  VALUE       VALUE  FROM      YEAR
                                                  NORMAL
..................................................................
TEMPERATURE (F)
 YESTERDAY
  MAXIMUM         74    157 PM  92    1897  71      3       76
  MINIMUM         52    155 AM  27    1895  44      8       41
  AVERAGE         63                        57      6       59

PRECIPITATION (IN)
  YESTERDAY        T             1.43 1911   0.09  -0.09     0.00
  MONTH TO DATE    2.18                      2.96  -0.78     2.78
  SINCE SEP 1      2.18                      2.96  -0.78     2.78
  SINCE JAN 1     22.37                     23.50  -1.13    27.13

SNOWFALL (IN)
  YESTERDAY        0.0           0.4  1961   0.0    0.0      0.0
  MONTH TO DATE    0.0                       0.0    0.0      0.0
  SINCE SEP 1      0.0                       0.0    0.0      0.0
  SINCE JUL 1      0.0                       0.0    0.0      0.0
  SNOW DEPTH       0

DEGREE DAYS
 HEATING
  YESTERDAY        2                         9     -7        6
  MONTH TO DATE   66                       133    -67       50
  SINCE SEP 1     66                       132    -66       50
  SINCE JUL 1     74                       147    -73       50

 COOLING
  YESTERDAY        0                         1     -1        0
  MONTH TO DATE  119                        84     35      143
  SINCE SEP 1    119                        84     35      143
  SINCE JAN 1    951                       861     90     1165
..................................................................


WIND (MPH)
  HIGHEST WIND SPEED    20   HIGHEST WIND DIRECTION     S (160)
  HIGHEST GUST SPEED    27   HIGHEST GUST DIRECTION     S (160)
  AVERAGE WIND SPEED    11.6


SKY COVER
  POSSIBLE SUNSHINE  MM
  AVERAGE SKY COVER 0.7


WEATHER CONDITIONS
 THE FOLLOWING WEATHER WAS RECORDED YESTERDAY.
  LIGHT RAIN


RELATIVE HUMIDITY (PERCENT)
 HIGHEST    83          1200 AM
 LOWEST     46           200 PM
 AVERAGE    65

..........................................................


THE SIOUX CITY IA CLIMATE NORMALS FOR TODAY
                         NORMAL    RECORD    YEAR
 MAXIMUM TEMPERATURE (F)   70        91      2006
                                             1963
 MINIMUM TEMPERATURE (F)   43        25      2003


SUNRISE AND SUNSET
OCTOBER  1 2017.......SUNRISE   723 AM CDT   SUNSET   706 PM CDT
OCTOBER  2 2017.......SUNRISE   724 AM CDT   SUNSET   705 PM CDT


-  INDICATES NEGATIVE NUMBERS.
R  INDICATES RECORD WAS SET OR TIED.
MM INDICATES DATA IS MISSING.
T  INDICATES TRACE AMOUNT.




$$
