000
CDUS43 KFSD 150650
CLISUX


CLIMATE REPORT
NATIONAL WEATHER SERVICE SIOUX FALLS SD
150 AM CDT FRI MAY 15 2015


...................................

...THE SIOUX CITY IA CLIMATE SUMMARY FOR MAY 14 2015...

CLIMATE NORMAL PERIOD 1981 TO 2010
CLIMATE RECORD PERIOD 1889 TO 2015


WEATHER ITEM   OBSERVED TIME   RECORD YEAR NORMAL DEPARTURE LAST
                VALUE   (LST)  VALUE       VALUE  FROM      YEAR
                                                  NORMAL
..................................................................
TEMPERATURE (F)
 YESTERDAY
  MAXIMUM         69    626 PM 106    2013  72     -3       70
  MINIMUM         53    526 AM  32    1907  48      5       35
  AVERAGE         61                        60      1       53

PRECIPITATION (IN)
  YESTERDAY        0.76          1.69 1961   0.12   0.64     0.00
  MONTH TO DATE    2.15                      1.63   0.52     0.58
  SINCE MAR 1      5.56                      6.58  -1.02     3.03
  SINCE JAN 1      6.52                      7.87  -1.35     3.80

SNOWFALL (IN)
  YESTERDAY        0.0           0.4  1907   0.0    0.0      0.0
  MONTH TO DATE    0.0                       0.2   -0.2      0.0
  SINCE MAR 1      T                         8.5   -8.5     10.0
  SINCE JUL 1     21.5                      35.0  -13.5     23.8
  SNOW DEPTH       0

DEGREE DAYS
 HEATING
  YESTERDAY        4                         6     -2       12
  MONTH TO DATE   71                       111    -40      113
  SINCE MAR 1   1146                      1469   -323     1558
  SINCE JUL 1   6312                      6763   -451     7162

 COOLING
  YESTERDAY        0                         1     -1        0
  MONTH TO DATE   11                        14     -3       17
  SINCE MAR 1     12                        25    -13       26
  SINCE JAN 1     12                        25    -13       26
..................................................................


WIND (MPH)
  HIGHEST WIND SPEED    15   HIGHEST WIND DIRECTION    SE (120)
  HIGHEST GUST SPEED    20   HIGHEST GUST DIRECTION    SE (140)
  AVERAGE WIND SPEED     7.2


SKY COVER
  POSSIBLE SUNSHINE  MM
  AVERAGE SKY COVER 0.9


WEATHER CONDITIONS
 THE FOLLOWING WEATHER WAS RECORDED YESTERDAY.
  RAIN
  LIGHT RAIN
  FOG


RELATIVE HUMIDITY (PERCENT)
 HIGHEST    93           100 AM
 LOWEST     68           600 PM
 AVERAGE    81

..........................................................


THE SIOUX CITY IA CLIMATE NORMALS FOR TODAY
                         NORMAL    RECORD    YEAR
 MAXIMUM TEMPERATURE (F)   73       101      2001
 MINIMUM TEMPERATURE (F)   48        32      2014
                                             1983
                                             1942


SUNRISE AND SUNSET
MAY 15 2015...........SUNRISE   604 AM CDT   SUNSET   840 PM CDT
MAY 16 2015...........SUNRISE   603 AM CDT   SUNSET   841 PM CDT


-  INDICATES NEGATIVE NUMBERS.
R  INDICATES RECORD WAS SET OR TIED.
MM INDICATES DATA IS MISSING.
T  INDICATES TRACE AMOUNT.




$$
