000
CDUS43 KFSD 090034
CLISUX


CLIMATE REPORT
NATIONAL WEATHER SERVICE SIOUX FALLS SD
732 PM CDT TUE JUL 8 2014


...................................

...THE SIOUX CITY IA CLIMATE SUMMARY FOR JULY 8 2014...
VALID AS OF 0700 PM LOCAL TIME.

CLIMATE NORMAL PERIOD 1981 TO 2010
CLIMATE RECORD PERIOD 1889 TO 2014


WEATHER ITEM   OBSERVED TIME   RECORD YEAR NORMAL DEPARTURE LAST
                VALUE   (LST)  VALUE       VALUE  FROM      YEAR
                                                  NORMAL
..................................................................
TEMPERATURE (F)
 TODAY
  MAXIMUM         82    430 PM 104    1930  86     -4       93
  MINIMUM         61    412 AM  47    1891  63     -2       67
  AVERAGE         72                        75     -3       80

PRECIPITATION (IN)
  TODAY            0.00          2.95 1993   0.11  -0.11      T
  MONTH TO DATE    0.42                      0.91  -0.49     0.08
  SINCE JUN 1     17.07                      4.80  12.27     3.21
  SINCE JAN 1     22.32                     14.78   7.54    16.44

SNOWFALL (IN)
  TODAY            0.0           0.0    MM   0.0    0.0      0.0
  MONTH TO DATE    0.0                       0.0    0.0      0.0
  SINCE JUN 1      0.0                       0.0    0.0      0.0
  SINCE JUL 1      0.0                       0.0    0.0      0.0
  SNOW DEPTH       0

DEGREE DAYS
 HEATING
  TODAY            0                         0      0        0
  MONTH TO DATE    2                         0      2        0
  SINCE JUN 1     22                        27     -5       40
  SINCE JUL 1      2                         0      2        0

 COOLING
  TODAY            7                        10     -3       15
  MONTH TO DATE   49                        74    -25       77
  SINCE JUN 1    244                       262    -18      272
  SINCE JAN 1    365                       326     39      328
..................................................................


WIND (MPH)
  HIGHEST WIND SPEED    23   HIGHEST WIND DIRECTION    NW (330)
  HIGHEST GUST SPEED    29   HIGHEST GUST DIRECTION    NW (330)
  AVERAGE WIND SPEED    11.4


SKY COVER
  POSSIBLE SUNSHINE  MM
  AVERAGE SKY COVER 0.1


WEATHER CONDITIONS
 THE FOLLOWING WEATHER WAS RECORDED TODAY.
  NO SIGNIFICANT WEATHER WAS OBSERVED.


RELATIVE HUMIDITY (PERCENT)
 HIGHEST    90           400 AM
 LOWEST     42           400 PM
 AVERAGE    66

..........................................................


THE SIOUX CITY IA CLIMATE NORMALS FOR TOMORROW
                         NORMAL    RECORD    YEAR
 MAXIMUM TEMPERATURE (F)   86       103      1930
 MINIMUM TEMPERATURE (F)   63        41      1895


SUNRISE AND SUNSET
JULY  8 2014..........SUNRISE   557 AM CDT   SUNSET   904 PM CDT
JULY  9 2014..........SUNRISE   557 AM CDT   SUNSET   904 PM CDT


-  INDICATES NEGATIVE NUMBERS.
R  INDICATES RECORD WAS SET OR TIED.
MM INDICATES DATA IS MISSING.
T  INDICATES TRACE AMOUNT.




&&
.........................................................

ADDITIONAL WEATHER INFORMATION FOR TODAY
        TEMPERATURE / HUMIDITY
AT  4 AM      63    /    83%
AT  7 AM      63    /    80%
AT 10 AM      72    /    63%
AT  1 PM      78    /    52%
AT  4 PM      80    /    45%
AT  7 PM      80    /    47%

THE CURRENT MISSOURI RIVER STAGE...13.36 FT.

$$
