000
CDUS43 KFSD 062220
CLISUX


CLIMATE REPORT
NATIONAL WEATHER SERVICE SIOUX FALLS SD
519 PM CDT SAT AUG 6 2016


...................................

...THE SIOUX CITY IA CLIMATE SUMMARY FOR AUGUST 6 2016...
VALID TODAY AS OF 0500 PM LOCAL TIME.

CLIMATE NORMAL PERIOD 1981 TO 2010
CLIMATE RECORD PERIOD 1889 TO 2016


WEATHER ITEM   OBSERVED TIME   RECORD YEAR NORMAL DEPARTURE LAST
                VALUE   (LST)  VALUE       VALUE  FROM      YEAR
                                                  NORMAL
..................................................................
TEMPERATURE (F)
 TODAY
  MAXIMUM         84    233 PM  98    1968  84      0       82
                                      1934
  MINIMUM         63    215 AM  49    1990  63      0       67
  AVERAGE         74                        73      1       75

PRECIPITATION (IN)
  TODAY            0.00          2.52 1898   0.10  -0.10     0.01
  MONTH TO DATE    0.53                      0.60  -0.07     0.05
  SINCE JUN 1      4.10                      7.93  -3.83     9.92
  SINCE JAN 1     19.83                     17.91   1.92    17.82

SNOWFALL (IN)
  TODAY            0.0           0.0    MM   0.0    0.0      0.0
  MONTH TO DATE    0.0                       0.0    0.0      0.0
  SINCE JUN 1      0.0                       0.0    0.0      0.0
  SINCE JUL 1      0.0                       0.0    0.0      0.0
  SNOW DEPTH       0

DEGREE DAYS
 HEATING
  TODAY            0                         0      0        0
  MONTH TO DATE    0                         0      0        0
  SINCE JUN 1      0                        30    -30        5
  SINCE JUL 1      0                         3     -3        3

 COOLING
  TODAY            9                         9      0       10
  MONTH TO DATE   72                        54     18       53
  SINCE JUN 1    754                       535    219      550
  SINCE JAN 1    806                       599    207      579
..................................................................


WIND (MPH)
  HIGHEST WIND SPEED    13   HIGHEST WIND DIRECTION     E (80)
  HIGHEST GUST SPEED    17   HIGHEST GUST DIRECTION    NE (50)
  AVERAGE WIND SPEED     4.4


SKY COVER
  POSSIBLE SUNSHINE  MM
  AVERAGE SKY COVER 0.0


WEATHER CONDITIONS
 THE FOLLOWING WEATHER WAS RECORDED TODAY.
  NO SIGNIFICANT WEATHER WAS OBSERVED.


RELATIVE HUMIDITY (PERCENT)
 HIGHEST    93           600 AM
 LOWEST     42          1200 PM
 AVERAGE    68

..........................................................


THE SIOUX CITY IA CLIMATE NORMALS FOR TOMORROW
                         NORMAL    RECORD    YEAR
 MAXIMUM TEMPERATURE (F)   84       101      1988
 MINIMUM TEMPERATURE (F)   62        47      1989


SUNRISE AND SUNSET
AUGUST  6 2016........SUNRISE   624 AM CDT   SUNSET   838 PM CDT
AUGUST  7 2016........SUNRISE   625 AM CDT   SUNSET   837 PM CDT


-  INDICATES NEGATIVE NUMBERS.
R  INDICATES RECORD WAS SET OR TIED.
MM INDICATES DATA IS MISSING.
T  INDICATES TRACE AMOUNT.




$$
