000
CDUS43 KFSD 180640
CLISUX


CLIMATE REPORT
NATIONAL WEATHER SERVICE SIOUX FALLS SD
140 AM CDT WED MAR 18 2015


...................................

...THE SIOUX CITY IA CLIMATE SUMMARY FOR MARCH 17 2015...

CLIMATE NORMAL PERIOD 1981 TO 2010
CLIMATE RECORD PERIOD 1889 TO 2015


WEATHER ITEM   OBSERVED TIME   RECORD YEAR NORMAL DEPARTURE LAST
                VALUE   (LST)  VALUE       VALUE  FROM      YEAR
                                                  NORMAL
..................................................................
TEMPERATURE (F)
 YESTERDAY
  MAXIMUM         47    434 PM  85    2012  48     -1       59
  MINIMUM         30    653 AM  -4    1923  26      4       28
  AVERAGE         39                        37      2       44

PRECIPITATION (IN)
  YESTERDAY        0.00          0.67 1986   0.07  -0.07     0.00
  MONTH TO DATE    T                         0.90  -0.90     0.30
  SINCE MAR 1      T                         0.90  -0.90     0.30
  SINCE JAN 1      0.96                      2.19  -1.23     1.07

SNOWFALL (IN)
  YESTERDAY        0.0           5.7  1965   0.2   -0.2      0.0
  MONTH TO DATE    T                         4.0   -4.0      4.5
  SINCE MAR 1      T                         4.0   -4.0      4.5
  SINCE JUL 1     21.5                      30.5   -9.0     18.3
  SNOW DEPTH       0

DEGREE DAYS
 HEATING
  YESTERDAY       26                        28     -2       21
  MONTH TO DATE  413                       537   -124      589
  SINCE MAR 1    413                       537   -124      589
  SINCE JUL 1   5579                      5831   -252     6193

 COOLING
  YESTERDAY        0                         0      0        0
  MONTH TO DATE    0                         0      0        0
  SINCE MAR 1      0                         0      0        0
  SINCE JAN 1      0                         0      0        0
..................................................................


WIND (MPH)
  HIGHEST WIND SPEED    25   HIGHEST WIND DIRECTION     N (360)
  HIGHEST GUST SPEED    32   HIGHEST GUST DIRECTION     N (360)
  AVERAGE WIND SPEED     9.5


SKY COVER
  POSSIBLE SUNSHINE  MM
  AVERAGE SKY COVER 0.2


WEATHER CONDITIONS
 THE FOLLOWING WEATHER WAS RECORDED YESTERDAY.
  NO SIGNIFICANT WEATHER WAS OBSERVED.


RELATIVE HUMIDITY (PERCENT)
 HIGHEST    59          1200 AM
 LOWEST     18          1100 AM
 AVERAGE    39

..........................................................


THE SIOUX CITY IA CLIMATE NORMALS FOR TODAY
                         NORMAL    RECORD    YEAR
 MAXIMUM TEMPERATURE (F)   49        86      2012
 MINIMUM TEMPERATURE (F)   26        -9      1923


SUNRISE AND SUNSET
MARCH 18 2015.........SUNRISE   733 AM CDT   SUNSET   735 PM CDT
MARCH 19 2015.........SUNRISE   731 AM CDT   SUNSET   736 PM CDT


-  INDICATES NEGATIVE NUMBERS.
R  INDICATES RECORD WAS SET OR TIED.
MM INDICATES DATA IS MISSING.
T  INDICATES TRACE AMOUNT.




$$
