000
CDUS43 KFSD 120635
CLISUX


CLIMATE REPORT
NATIONAL WEATHER SERVICE SIOUX FALLS SD
134 AM CDT TUE SEP 12 2017


...................................

...THE SIOUX CITY IA CLIMATE SUMMARY FOR SEPTEMBER 11 2017...

CLIMATE NORMAL PERIOD 1981 TO 2010
CLIMATE RECORD PERIOD 1889 TO 2017


WEATHER ITEM   OBSERVED TIME   RECORD YEAR NORMAL DEPARTURE LAST
                VALUE   (LST)  VALUE       VALUE  FROM      YEAR
                                                  NORMAL
..................................................................
TEMPERATURE (F)
 YESTERDAY
  MAXIMUM         83    224 PM  98    2012  78      5       81
  MINIMUM         59    630 AM  35    1894  53      6       50
  AVERAGE         71                        66      5       66

PRECIPITATION (IN)
  YESTERDAY        0.00          2.15 1900   0.11  -0.11     0.00
  MONTH TO DATE    0.11                      1.14  -1.03     0.54
  SINCE SEP 1      0.11                      1.14  -1.03     0.54
  SINCE JAN 1     20.30                     21.68  -1.38    24.89

SNOWFALL (IN)
  YESTERDAY        0.0           0.0    MM   0.0    0.0      0.0
  MONTH TO DATE    0.0                       0.0    0.0      0.0
  SINCE SEP 1      0.0                       0.0    0.0      0.0
  SINCE JUL 1      0.0                       0.0    0.0      0.0
  SNOW DEPTH       0

DEGREE DAYS
 HEATING
  YESTERDAY        0                         3     -3        0
  MONTH TO DATE   20                        22     -2        3
  SINCE SEP 1     20                        22     -2        3
  SINCE JUL 1     28                        37     -9        3

 COOLING
  YESTERDAY        6                         3      3        1
  MONTH TO DATE   36                        47    -11       53
  SINCE SEP 1     36                        47    -11       53
  SINCE JAN 1    868                       824     44     1075
..................................................................


WIND (MPH)
  HIGHEST WIND SPEED    16   HIGHEST WIND DIRECTION     S (200)
  HIGHEST GUST SPEED    21   HIGHEST GUST DIRECTION    SW (210)
  AVERAGE WIND SPEED     7.9


SKY COVER
  POSSIBLE SUNSHINE  MM
  AVERAGE SKY COVER 0.0


WEATHER CONDITIONS
 THE FOLLOWING WEATHER WAS RECORDED YESTERDAY.
  NO SIGNIFICANT WEATHER WAS OBSERVED.


RELATIVE HUMIDITY (PERCENT)
 HIGHEST   100           500 AM
 LOWEST     51          1200 PM
 AVERAGE    76

..........................................................


THE SIOUX CITY IA CLIMATE NORMALS FOR TODAY
                         NORMAL    RECORD    YEAR
 MAXIMUM TEMPERATURE (F)   78        97      1939
 MINIMUM TEMPERATURE (F)   52        33      1902


SUNRISE AND SUNSET
SEPTEMBER 12 2017.....SUNRISE   703 AM CDT   SUNSET   740 PM CDT
SEPTEMBER 13 2017.....SUNRISE   704 AM CDT   SUNSET   738 PM CDT


-  INDICATES NEGATIVE NUMBERS.
R  INDICATES RECORD WAS SET OR TIED.
MM INDICATES DATA IS MISSING.
T  INDICATES TRACE AMOUNT.




$$
