000
CDUS43 KFSD 010627
CLISUX


CLIMATE REPORT
NATIONAL WEATHER SERVICE SIOUX FALLS SD
127 AM CDT WED NOV 1 2017


...................................

...THE SIOUX CITY IA CLIMATE SUMMARY FOR OCTOBER 31 2017...

CLIMATE NORMAL PERIOD 1981 TO 2010
CLIMATE RECORD PERIOD 1889 TO 2017


WEATHER ITEM   OBSERVED TIME   RECORD YEAR NORMAL DEPARTURE LAST
                VALUE   (LST)  VALUE       VALUE  FROM      YEAR
                                                  NORMAL
..................................................................
TEMPERATURE (F)
 YESTERDAY
  MAXIMUM         37    307 PM  81    1944  56    -19       67
  MINIMUM         18    714 AM  12    1993  33    -15       46
  AVERAGE         28                        44    -16       57

PRECIPITATION (IN)
  YESTERDAY        T             1.18 1892   0.04  -0.04     0.00
  MONTH TO DATE    6.83                      2.13   4.70     1.60
  SINCE SEP 1      9.01                      5.09   3.92     4.38
  SINCE JAN 1     29.20                     25.63   3.57    28.73

SNOWFALL (IN)
  YESTERDAY        T             8.8  1991   0.1   -0.1      0.0
  MONTH TO DATE    T                         1.0   -1.0      0.0
  SINCE SEP 1      T                         1.0   -1.0      0.0
  SINCE JUL 1      T                         1.0   -1.0      0.0
  SNOW DEPTH       0

DEGREE DAYS
 HEATING
  YESTERDAY       37                        21     16        8
  MONTH TO DATE  424                       453    -29      304
  SINCE SEP 1    490                       585    -95      354
  SINCE JUL 1    498                       600   -102      354

 COOLING
  YESTERDAY        0                         0      0        0
  MONTH TO DATE    0                         8     -8        0
  SINCE SEP 1    119                        92     27      143
  SINCE JAN 1    951                       869     82     1165
..................................................................


WIND (MPH)
  HIGHEST WIND SPEED    17   HIGHEST WIND DIRECTION     S (170)
  HIGHEST GUST SPEED    24   HIGHEST GUST DIRECTION    SW (220)
  AVERAGE WIND SPEED     8.1


SKY COVER
  POSSIBLE SUNSHINE  MM
  AVERAGE SKY COVER 0.3


WEATHER CONDITIONS
 THE FOLLOWING WEATHER WAS RECORDED YESTERDAY.
  NO SIGNIFICANT WEATHER WAS OBSERVED.


RELATIVE HUMIDITY (PERCENT)
 HIGHEST    85           800 PM
 LOWEST     52           100 PM
 AVERAGE    69

..........................................................


THE SIOUX CITY IA CLIMATE NORMALS FOR TODAY
                         NORMAL    RECORD    YEAR
 MAXIMUM TEMPERATURE (F)   55        74      1938
 MINIMUM TEMPERATURE (F)   32        11      2006


SUNRISE AND SUNSET
NOVEMBER  1 2017......SUNRISE   759 AM CDT   SUNSET   618 PM CDT
NOVEMBER  2 2017......SUNRISE   801 AM CDT   SUNSET   617 PM CDT


-  INDICATES NEGATIVE NUMBERS.
R  INDICATES RECORD WAS SET OR TIED.
MM INDICATES DATA IS MISSING.
T  INDICATES TRACE AMOUNT.




$$
