000
CDUS43 KFSD 272225
CLISUX


CLIMATE REPORT
NATIONAL WEATHER SERVICE SIOUX FALLS SD
523 PM CDT SAT JUN 27 2015


...................................

...THE SIOUX CITY IA CLIMATE SUMMARY FOR JUNE 27 2015...
VALID TODAY AS OF 0500 PM LOCAL TIME.

CLIMATE NORMAL PERIOD 1981 TO 2010
CLIMATE RECORD PERIOD 1889 TO 2015


WEATHER ITEM   OBSERVED TIME   RECORD YEAR NORMAL DEPARTURE LAST
                VALUE   (LST)  VALUE       VALUE  FROM      YEAR
                                                  NORMAL
..................................................................
TEMPERATURE (F)
 TODAY
  MAXIMUM         87    226 PM 104    1934  85      2       82
  MINIMUM         57    443 AM  46    1976  62     -5       68
                                      1968
  AVERAGE         72                        73     -1       75

PRECIPITATION (IN)
  TODAY            0.00          1.36 1999   0.12  -0.12     1.02
  MONTH TO DATE    4.14                      3.53   0.61    14.27
  SINCE JUN 1      4.14                      3.53   0.61    14.27
  SINCE JAN 1     12.04                     13.51  -1.47    19.52

SNOWFALL (IN)
  TODAY            0.0           0.0    MM   0.0    0.0      0.0
  MONTH TO DATE    0.0                       0.0    0.0      0.0
  SINCE JUN 1      0.0                       0.0    0.0      0.0
  SINCE JUL 1     21.5                      34.8  -13.3     23.8
  SNOW DEPTH       0

DEGREE DAYS
 HEATING
  TODAY            0                         0      0        0
  MONTH TO DATE    2                        24    -22       20
  SINCE JUN 1      2                        24    -22       20
  SINCE JUL 1   6409                      6858   -449     7246

 COOLING
  TODAY            7                         8     -1       10
  MONTH TO DATE  184                       160     24      172
  SINCE JUN 1    184                       160     24      172
  SINCE JAN 1    213                       224    -11      293
..................................................................


WIND (MPH)
  HIGHEST WIND SPEED     9   HIGHEST WIND DIRECTION    SW (210)
  HIGHEST GUST SPEED    13   HIGHEST GUST DIRECTION     S (170)
  AVERAGE WIND SPEED     2.3


SKY COVER
  POSSIBLE SUNSHINE  MM
  AVERAGE SKY COVER 0.1


WEATHER CONDITIONS
 THE FOLLOWING WEATHER WAS RECORDED TODAY.
  FOG
  FOG W/VISIBILITY <= 1/4 MILE


RELATIVE HUMIDITY (PERCENT)
 HIGHEST    93           600 AM
 LOWEST     40           300 PM
 AVERAGE    67

..........................................................


THE SIOUX CITY IA CLIMATE NORMALS FOR TOMORROW
                         NORMAL    RECORD    YEAR
 MAXIMUM TEMPERATURE (F)   85       103      1988
                                             1936
 MINIMUM TEMPERATURE (F)   62        47      2004
                                             1895


SUNRISE AND SUNSET
JUNE 27 2015..........SUNRISE   550 AM CDT   SUNSET   907 PM CDT
JUNE 28 2015..........SUNRISE   551 AM CDT   SUNSET   907 PM CDT


-  INDICATES NEGATIVE NUMBERS.
R  INDICATES RECORD WAS SET OR TIED.
MM INDICATES DATA IS MISSING.
T  INDICATES TRACE AMOUNT.




$$
