466
CDUS43 KFSD 230640
CLISUX


CLIMATE REPORT
NATIONAL WEATHER SERVICE SIOUX FALLS SD
139 AM CDT SAT APR 23 2016


...................................

...THE SIOUX CITY IA CLIMATE SUMMARY FOR APRIL 22 2016...

CLIMATE NORMAL PERIOD 1981 TO 2010
CLIMATE RECORD PERIOD 1889 TO 2016


WEATHER ITEM   OBSERVED TIME   RECORD YEAR NORMAL DEPARTURE LAST
                VALUE   (LST)  VALUE       VALUE  FROM      YEAR
                                                  NORMAL
..................................................................
TEMPERATURE (F)
 YESTERDAY
  MAXIMUM         66    422 PM  97    1980  65      1       58
  MINIMUM         37    617 AM  24    2015  40     -3       24
  AVERAGE         52                        52      0       41

PRECIPITATION (IN)
  YESTERDAY        0.00          1.13 2001   0.11  -0.11     0.00
  MONTH TO DATE    2.61                      2.10   0.51     2.50
  SINCE MAR 1      5.67                      4.10   1.57     3.38
  SINCE JAN 1      7.51                      5.39   2.12     4.34

SNOWFALL (IN)
  YESTERDAY        0.0           1.5  2013   0.0    0.0      0.0
  MONTH TO DATE    0.0                       1.6   -1.6      0.0
  SINCE MAR 1     14.5                       8.1    6.4       T
  SINCE JUL 1     57.6                      34.6   23.0     21.5
  SNOW DEPTH       0

DEGREE DAYS
 HEATING
  YESTERDAY       13                        13      0       24
  MONTH TO DATE  303                       382    -79      291
  SINCE MAR 1    936                      1266   -330      998
  SINCE JUL 1   5395                      6560  -1165     6164

 COOLING
  YESTERDAY        0                         1     -1        0
  MONTH TO DATE    0                         2     -2        1
  SINCE MAR 1      0                         2     -2        1
  SINCE JAN 1      0                         2     -2        1
..................................................................


WIND (MPH)
  HIGHEST WIND SPEED    12   HIGHEST WIND DIRECTION     N (340)
  HIGHEST GUST SPEED    15   HIGHEST GUST DIRECTION     N (360)
  AVERAGE WIND SPEED     5.8


SKY COVER
  POSSIBLE SUNSHINE  MM
  AVERAGE SKY COVER 0.0


WEATHER CONDITIONS
 THE FOLLOWING WEATHER WAS RECORDED YESTERDAY.
  NO SIGNIFICANT WEATHER WAS OBSERVED.


RELATIVE HUMIDITY (PERCENT)
 HIGHEST    92           600 AM
 LOWEST     48           300 PM
 AVERAGE    70

..........................................................


THE SIOUX CITY IA CLIMATE NORMALS FOR TODAY
                         NORMAL    RECORD    YEAR
 MAXIMUM TEMPERATURE (F)   66        92      2009
 MINIMUM TEMPERATURE (F)   40        25      1996
                                             1910


SUNRISE AND SUNSET
APRIL 23 2016.........SUNRISE   631 AM CDT   SUNSET   817 PM CDT
APRIL 24 2016.........SUNRISE   630 AM CDT   SUNSET   818 PM CDT


-  INDICATES NEGATIVE NUMBERS.
R  INDICATES RECORD WAS SET OR TIED.
MM INDICATES DATA IS MISSING.
T  INDICATES TRACE AMOUNT.




$$
