000
CDUS43 KFSD 100658
CLISUX


CLIMATE REPORT
NATIONAL WEATHER SERVICE SIOUX FALLS SD
1257 AM CST TUE JAN 10 2017


...................................

...THE SIOUX CITY IA CLIMATE SUMMARY FOR JANUARY 9 2017...

CLIMATE NORMAL PERIOD 1981 TO 2010
CLIMATE RECORD PERIOD 1889 TO 2017


WEATHER ITEM   OBSERVED TIME   RECORD YEAR NORMAL DEPARTURE LAST
                VALUE   (LST)  VALUE       VALUE  FROM      YEAR
                                                  NORMAL
..................................................................
TEMPERATURE (F)
 YESTERDAY
  MAXIMUM         33    608 PM  55    2002  30      3       21
                                      1958
                                      1917
  MINIMUM         11    356 AM -20    1999  10      1       -3
                                      1974
  AVERAGE         22                        20      2        9

PRECIPITATION (IN)
  YESTERDAY        0.00          0.47 2011   0.02  -0.02      T
  MONTH TO DATE    0.05                      0.18  -0.13     0.48
  SINCE DEC 1      1.53                      0.98   0.55     3.34
  SINCE JAN 1      0.05                      0.18  -0.13     0.48

SNOWFALL (IN)
  YESTERDAY        0.0           4.6  2011   0.2   -0.2       T
  MONTH TO DATE    0.2                       1.9   -1.7      3.4
  SINCE DEC 1      4.7                       9.7   -5.0     15.2
  SINCE JUL 1      5.7                      15.1   -9.4     27.7
  SNOW DEPTH       T

DEGREE DAYS
 HEATING
  YESTERDAY       43                        45     -2       56
  MONTH TO DATE  439                       405     34      366
  SINCE DEC 1   1679                      1721    -42     1411
  SINCE JUL 1   2623                      3197   -574     2517

 COOLING
  YESTERDAY        0                         0      0        0
  MONTH TO DATE    0                         0      0        0
  SINCE DEC 1      0                         0      0        0
  SINCE JAN 1      0                         0      0        0
..................................................................


WIND (MPH)
  HIGHEST WIND SPEED    21   HIGHEST WIND DIRECTION    NW (330)
  HIGHEST GUST SPEED    25   HIGHEST GUST DIRECTION    NW (310)
  AVERAGE WIND SPEED    11.2


SKY COVER
  POSSIBLE SUNSHINE  MM
  AVERAGE SKY COVER 0.5


WEATHER CONDITIONS
 THE FOLLOWING WEATHER WAS RECORDED YESTERDAY.
  NO SIGNIFICANT WEATHER WAS OBSERVED.


RELATIVE HUMIDITY (PERCENT)
 HIGHEST    81          1000 PM
 LOWEST     58           300 PM
 AVERAGE    70

..........................................................


THE SIOUX CITY IA CLIMATE NORMALS FOR TODAY
                         NORMAL    RECORD    YEAR
 MAXIMUM TEMPERATURE (F)   30        64      1990
 MINIMUM TEMPERATURE (F)   10       -22      1982


SUNRISE AND SUNSET
JANUARY 10 2017.......SUNRISE   754 AM CST   SUNSET   513 PM CST
JANUARY 11 2017.......SUNRISE   754 AM CST   SUNSET   514 PM CST


-  INDICATES NEGATIVE NUMBERS.
R  INDICATES RECORD WAS SET OR TIED.
MM INDICATES DATA IS MISSING.
T  INDICATES TRACE AMOUNT.




$$
