000
CDUS43 KFSD 042232
CLISUX


CLIMATE REPORT
NATIONAL WEATHER SERVICE SIOUX FALLS SD
531 PM CDT FRI APR 4 2014


...................................

...THE SIOUX CITY IA CLIMATE SUMMARY FOR APRIL 4 2014...
VALID TODAY AS OF 0500 PM LOCAL TIME.

CLIMATE NORMAL PERIOD 1981 TO 2010
CLIMATE RECORD PERIOD 1889 TO 2014


WEATHER ITEM   OBSERVED TIME   RECORD YEAR NORMAL DEPARTURE LAST
                VALUE   (LST)  VALUE       VALUE  FROM      YEAR
                                                  NORMAL
..................................................................
TEMPERATURE (F)
 TODAY
  MAXIMUM         40    322 PM  90    1929  57    -17       61
  MINIMUM         32    118 AM  15    2002  32      0       33
  AVERAGE         36                        45     -9       47

PRECIPITATION (IN)
  TODAY            0.04          1.27 1958   0.09  -0.05     0.00
  MONTH TO DATE    0.64                      0.34   0.30     0.00
  SINCE MAR 1      1.02                      2.34  -1.32     2.00
  SINCE JAN 1      1.79                      3.63  -1.84     3.20

SNOWFALL (IN)
  TODAY            0.5           6.8  1957   0.1    0.4      0.0
  MONTH TO DATE    3.5                       0.4    3.1      0.0
  SINCE MAR 1      8.2                       6.9    1.3     11.7
  SINCE JUL 1     22.0                      33.4  -11.4     32.5
  SNOW DEPTH       4

DEGREE DAYS
 HEATING
  TODAY           29                        20      9       18
  MONTH TO DATE  120                        84     36      107
  SINCE MAR 1   1100                       968    132     1154
  SINCE JUL 1   6704                      6262    442     6303

 COOLING
  TODAY            0                         0      0        0
  MONTH TO DATE    0                         0      0        0
  SINCE MAR 1      0                         0      0        0
  SINCE JAN 1      0                         0      0        0
..................................................................


WIND (MPH)
  HIGHEST WIND SPEED    32   HIGHEST WIND DIRECTION    NW (330)
  HIGHEST GUST SPEED    39   HIGHEST GUST DIRECTION    NW (330)
  AVERAGE WIND SPEED    21.2


SKY COVER
  POSSIBLE SUNSHINE  MM
  AVERAGE SKY COVER 1.0


WEATHER CONDITIONS
 THE FOLLOWING WEATHER WAS RECORDED TODAY.
  LIGHT SNOW
  FOG


RELATIVE HUMIDITY (PERCENT)
 HIGHEST    MM
 LOWEST     MM
 AVERAGE    MM

..........................................................


THE SIOUX CITY IA CLIMATE NORMALS FOR TOMORROW
                         NORMAL    RECORD    YEAR
 MAXIMUM TEMPERATURE (F)   58        89      1991
 MINIMUM TEMPERATURE (F)   33        16      1982
                                             1945


SUNRISE AND SUNSET
APRIL  4 2014.........SUNRISE   703 AM CDT   SUNSET   755 PM CDT
APRIL  5 2014.........SUNRISE   701 AM CDT   SUNSET   756 PM CDT


-  INDICATES NEGATIVE NUMBERS.
R  INDICATES RECORD WAS SET OR TIED.
MM INDICATES DATA IS MISSING.
T  INDICATES TRACE AMOUNT.




$$
