000
CDUS43 KFSD 222231
CLISUX


CLIMATE REPORT
NATIONAL WEATHER SERVICE SIOUX FALLS SD
430 PM CST WED NOV 22 2017


...................................

...THE SIOUX CITY IA CLIMATE SUMMARY FOR NOVEMBER 22 2017...
VALID TODAY AS OF 0400 PM LOCAL TIME.

CLIMATE NORMAL PERIOD 1981 TO 2010
CLIMATE RECORD PERIOD 1889 TO 2017


WEATHER ITEM   OBSERVED TIME   RECORD YEAR NORMAL DEPARTURE LAST
                VALUE   (LST)  VALUE       VALUE  FROM      YEAR
                                                  NORMAL
..................................................................
TEMPERATURE (F)
 TODAY
  MAXIMUM         39    303 PM  68    2006  42     -3       42
  MINIMUM          9    736 AM  -3    1898  22    -13       39
  AVERAGE         24                        32     -8       41

PRECIPITATION (IN)
  TODAY            0.00          1.22 2016   0.04  -0.04     1.22
  MONTH TO DATE    0.08                      0.98  -0.90     1.59
  SINCE SEP 1      9.09                      6.07   3.02     5.97
  SINCE JAN 1     29.28                     26.61   2.67    30.32

SNOWFALL (IN)
  TODAY            0.0           3.5  1909   0.2   -0.2      0.0
  MONTH TO DATE    0.0                       2.7   -2.7      1.0
  SINCE SEP 1      T                         3.7   -3.7      1.0
  SINCE JUL 1      T                         3.7   -3.7      1.0
  SNOW DEPTH       0

DEGREE DAYS
 HEATING
  TODAY           41                        33      8       24
  MONTH TO DATE  642                       592     50      390
  SINCE SEP 1   1132                      1177    -45      744
  SINCE JUL 1   1140                      1192    -52      744

 COOLING
  TODAY            0                         0      0        0
  MONTH TO DATE    0                         0      0        0
  SINCE SEP 1    119                        92     27      143
  SINCE JAN 1    951                       869     82     1165
..................................................................


WIND (MPH)
  HIGHEST WIND SPEED    22   HIGHEST WIND DIRECTION     S (200)
  HIGHEST GUST SPEED    26   HIGHEST GUST DIRECTION     S (200)
  AVERAGE WIND SPEED     8.2


SKY COVER
  POSSIBLE SUNSHINE  MM
  AVERAGE SKY COVER 0.0


WEATHER CONDITIONS
 THE FOLLOWING WEATHER WAS RECORDED TODAY.
  NO SIGNIFICANT WEATHER WAS OBSERVED.


RELATIVE HUMIDITY (PERCENT)
 HIGHEST    84           300 AM
 LOWEST     44           100 PM
 AVERAGE    64

..........................................................


THE SIOUX CITY IA CLIMATE NORMALS FOR TOMORROW
                         NORMAL    RECORD    YEAR
 MAXIMUM TEMPERATURE (F)   42        62      1902
 MINIMUM TEMPERATURE (F)   21        -4      1898


SUNRISE AND SUNSET
NOVEMBER 22 2017......SUNRISE   725 AM CST   SUNSET   458 PM CST
NOVEMBER 23 2017......SUNRISE   726 AM CST   SUNSET   457 PM CST


-  INDICATES NEGATIVE NUMBERS.
R  INDICATES RECORD WAS SET OR TIED.
MM INDICATES DATA IS MISSING.
T  INDICATES TRACE AMOUNT.




$$
