000
CDUS43 KFSD 050701
CLISUX


CLIMATE REPORT
NATIONAL WEATHER SERVICE SIOUX FALLS SD
200 AM CDT TUE JUL 5 2016


...................................

...THE SIOUX CITY IA CLIMATE SUMMARY FOR JULY 4 2016...

CLIMATE NORMAL PERIOD 1981 TO 2010
CLIMATE RECORD PERIOD 1889 TO 2016


WEATHER ITEM   OBSERVED TIME   RECORD YEAR NORMAL DEPARTURE LAST
                VALUE   (LST)  VALUE       VALUE  FROM      YEAR
                                                  NORMAL
..................................................................
TEMPERATURE (F)
 YESTERDAY
  MAXIMUM         81    435 PM 111    1936  86     -5       83
  MINIMUM         67   1151 PM  46    1967  63      4       57
  AVERAGE         74                        74      0       70

PRECIPITATION (IN)
  YESTERDAY        0.00          1.87 2003   0.12  -0.12     0.00
  MONTH TO DATE    0.01                      0.45  -0.44     0.56
  SINCE JUN 1      1.39                      4.34  -2.95     4.75
  SINCE JAN 1     17.12                     14.32   2.80    12.65

SNOWFALL (IN)
  YESTERDAY        0.0           0.0    MM   0.0    0.0      0.0
  MONTH TO DATE    0.0                       0.0    0.0      0.0
  SINCE JUN 1      0.0                       0.0    0.0      0.0
  SINCE JUL 1      0.0                       0.0    0.0      0.0
  SNOW DEPTH       0

DEGREE DAYS
 HEATING
  YESTERDAY        0                         0      0        0
  MONTH TO DATE    0                         0      0        0
  SINCE JUN 1      0                        27    -27        2
  SINCE JUL 1      0                         0      0        0

 COOLING
  YESTERDAY        9                         9      0        5
  MONTH TO DATE   15                        36    -21       12
  SINCE JUN 1    348                       224    124      221
  SINCE JAN 1    400                       288    112      250
..................................................................


WIND (MPH)
  HIGHEST WIND SPEED    17   HIGHEST WIND DIRECTION    SE (150)
  HIGHEST GUST SPEED    21   HIGHEST GUST DIRECTION    SE (150)
  AVERAGE WIND SPEED     8.1


SKY COVER
  POSSIBLE SUNSHINE  MM
  AVERAGE SKY COVER 0.9


WEATHER CONDITIONS
 THE FOLLOWING WEATHER WAS RECORDED YESTERDAY.
  FOG


RELATIVE HUMIDITY (PERCENT)
 HIGHEST    90          1100 PM
 LOWEST     67           300 PM
 AVERAGE    79

..........................................................


THE SIOUX CITY IA CLIMATE NORMALS FOR TODAY
                         NORMAL    RECORD    YEAR
 MAXIMUM TEMPERATURE (F)   86       108      1936
 MINIMUM TEMPERATURE (F)   63        47      1972


SUNRISE AND SUNSET
JULY  5 2016..........SUNRISE   555 AM CDT   SUNSET   905 PM CDT
JULY  6 2016..........SUNRISE   556 AM CDT   SUNSET   905 PM CDT


-  INDICATES NEGATIVE NUMBERS.
R  INDICATES RECORD WAS SET OR TIED.
MM INDICATES DATA IS MISSING.
T  INDICATES TRACE AMOUNT.




$$
