659
CDUS43 KFSD 160637
CLISUX


CLIMATE REPORT
NATIONAL WEATHER SERVICE SIOUX FALLS SD
137 AM CDT MON MAY 16 2016


...................................

...THE SIOUX CITY IA CLIMATE SUMMARY FOR MAY 15 2016...

CLIMATE NORMAL PERIOD 1981 TO 2010
CLIMATE RECORD PERIOD 1889 TO 2016


WEATHER ITEM   OBSERVED TIME   RECORD YEAR NORMAL DEPARTURE LAST
                VALUE   (LST)  VALUE       VALUE  FROM      YEAR
                                                  NORMAL
..................................................................
TEMPERATURE (F)
 YESTERDAY
  MAXIMUM         69    411 PM 101    2001  73     -4       71
  MINIMUM         35    439 AM  32    2014  48    -13       57
                                      1983
                                      1942
  AVERAGE         52                        61     -9       64

PRECIPITATION (IN)
  YESTERDAY        0.00          1.87 1992   0.12  -0.12      T
  MONTH TO DATE    1.69                      1.75  -0.06     2.15
  SINCE MAR 1     10.56                      6.70   3.86     5.56
  SINCE JAN 1     12.40                      7.99   4.41     6.52

SNOWFALL (IN)
  YESTERDAY        0.0           0.3  1907   0.0    0.0      0.0
  MONTH TO DATE    0.0                       0.2   -0.2      0.0
  SINCE MAR 1     14.5                       8.5    6.0       T
  SINCE JUL 1     57.6                      35.0   22.6     21.5
  SNOW DEPTH       0

DEGREE DAYS
 HEATING
  YESTERDAY       13                         6      7        1
  MONTH TO DATE  121                       117      4       72
  SINCE MAR 1   1148                      1475   -327     1147
  SINCE JUL 1   5607                      6769  -1162     6313

 COOLING
  YESTERDAY        0                         2     -2        0
  MONTH TO DATE    3                        16    -13       11
  SINCE MAR 1      3                        27    -24       12
  SINCE JAN 1      3                        27    -24       12
..................................................................


WIND (MPH)
  HIGHEST WIND SPEED    16   HIGHEST WIND DIRECTION    SW (240)
  HIGHEST GUST SPEED    21   HIGHEST GUST DIRECTION    SW (240)
  AVERAGE WIND SPEED     5.9


SKY COVER
  POSSIBLE SUNSHINE  MM
  AVERAGE SKY COVER 0.1


WEATHER CONDITIONS
 THE FOLLOWING WEATHER WAS RECORDED YESTERDAY.
  NO SIGNIFICANT WEATHER WAS OBSERVED.


RELATIVE HUMIDITY (PERCENT)
 HIGHEST    85           600 AM
 LOWEST     32           300 PM
 AVERAGE    59

..........................................................


THE SIOUX CITY IA CLIMATE NORMALS FOR TODAY
                         NORMAL    RECORD    YEAR
 MAXIMUM TEMPERATURE (F)   73        92      1936
 MINIMUM TEMPERATURE (F)   49        28      2014


SUNRISE AND SUNSET
MAY 16 2016...........SUNRISE   602 AM CDT   SUNSET   842 PM CDT
MAY 17 2016...........SUNRISE   602 AM CDT   SUNSET   843 PM CDT


-  INDICATES NEGATIVE NUMBERS.
R  INDICATES RECORD WAS SET OR TIED.
MM INDICATES DATA IS MISSING.
T  INDICATES TRACE AMOUNT.




$$
