000
CDUS43 KFSD 270624
CLISUX


CLIMATE REPORT
NATIONAL WEATHER SERVICE SIOUX FALLS SD
123 AM CDT WED SEP 27 2017


...................................

...THE SIOUX CITY IA CLIMATE SUMMARY FOR SEPTEMBER 26 2017...

CLIMATE NORMAL PERIOD 1981 TO 2010
CLIMATE RECORD PERIOD 1889 TO 2017


WEATHER ITEM   OBSERVED TIME   RECORD YEAR NORMAL DEPARTURE LAST
                VALUE   (LST)  VALUE       VALUE  FROM      YEAR
                                                  NORMAL
..................................................................
TEMPERATURE (F)
 YESTERDAY
  MAXIMUM         63    459 PM  93    1956  72     -9       75
  MINIMUM         48   1159 PM  25    1984  46      2       45
  AVERAGE         56                        59     -3       60

PRECIPITATION (IN)
  YESTERDAY        0.03          0.95 1908   0.10  -0.07     0.00
  MONTH TO DATE    2.18                      2.60  -0.42     2.78
  SINCE SEP 1      2.18                      2.60  -0.42     2.78
  SINCE JAN 1     22.37                     23.14  -0.77    27.13

SNOWFALL (IN)
  YESTERDAY        0.0           T    1942   0.0    0.0      0.0
                                      1927
  MONTH TO DATE    0.0                       0.0    0.0      0.0
  SINCE SEP 1      0.0                       0.0    0.0      0.0
  SINCE JUL 1      0.0                       0.0    0.0      0.0
  SNOW DEPTH       0

DEGREE DAYS
 HEATING
  YESTERDAY        9                         7      2        5
  MONTH TO DATE   49                       100    -51       23
  SINCE SEP 1     49                       100    -51       23
  SINCE JUL 1     57                       115    -58       23

 COOLING
  YESTERDAY        0                         1     -1        0
  MONTH TO DATE  119                        78     41      143
  SINCE SEP 1    119                        78     41      143
  SINCE JAN 1    951                       855     96     1165
..................................................................


WIND (MPH)
  HIGHEST WIND SPEED    20   HIGHEST WIND DIRECTION    NW (330)
  HIGHEST GUST SPEED    23   HIGHEST GUST DIRECTION    NW (320)
  AVERAGE WIND SPEED     8.9


SKY COVER
  POSSIBLE SUNSHINE  MM
  AVERAGE SKY COVER 0.6


WEATHER CONDITIONS
 THE FOLLOWING WEATHER WAS RECORDED YESTERDAY.
  LIGHT RAIN
  FOG
  HAZE


RELATIVE HUMIDITY (PERCENT)
 HIGHEST   100          1200 AM
 LOWEST     67           300 PM
 AVERAGE    84

..........................................................


THE SIOUX CITY IA CLIMATE NORMALS FOR TODAY
                         NORMAL    RECORD    YEAR
 MAXIMUM TEMPERATURE (F)   72        93      1956
 MINIMUM TEMPERATURE (F)   45        28      1942


SUNRISE AND SUNSET
SEPTEMBER 27 2017.....SUNRISE   719 AM CDT   SUNSET   713 PM CDT
SEPTEMBER 28 2017.....SUNRISE   720 AM CDT   SUNSET   712 PM CDT


-  INDICATES NEGATIVE NUMBERS.
R  INDICATES RECORD WAS SET OR TIED.
MM INDICATES DATA IS MISSING.
T  INDICATES TRACE AMOUNT.




$$
