000
CDUS43 KFSD 130626
CLISUX


CLIMATE REPORT
NATIONAL WEATHER SERVICE SIOUX FALLS SD
126 AM CDT WED MAY 13 2015


...................................

...THE SIOUX CITY IA CLIMATE SUMMARY FOR MAY 12 2015...

CLIMATE NORMAL PERIOD 1981 TO 2010
CLIMATE RECORD PERIOD 1889 TO 2015


WEATHER ITEM   OBSERVED TIME   RECORD YEAR NORMAL DEPARTURE LAST
                VALUE   (LST)  VALUE       VALUE  FROM      YEAR
                                                  NORMAL
..................................................................
TEMPERATURE (F)
 YESTERDAY
  MAXIMUM         69    512 PM  91    1940  72     -3       57
  MINIMUM         39    528 AM  28    1946  47     -8       46
  AVERAGE         54                        60     -6       52

PRECIPITATION (IN)
  YESTERDAY        0.00          1.42 2005   0.12  -0.12     0.15
  MONTH TO DATE    1.29                      1.39  -0.10     0.58
  SINCE MAR 1      4.70                      6.34  -1.64     3.03
  SINCE JAN 1      5.66                      7.63  -1.97     3.80

SNOWFALL (IN)
  YESTERDAY        0.0           T    1953   0.1   -0.1      0.0
                                      1943
  MONTH TO DATE    0.0                       0.2   -0.2      0.0
  SINCE MAR 1      T                         8.5   -8.5     10.0
  SINCE JUL 1     21.5                      35.0  -13.5     23.8
  SNOW DEPTH       0

DEGREE DAYS
 HEATING
  YESTERDAY       11                         7      4       13
  MONTH TO DATE   65                        99    -34       86
  SINCE MAR 1   1140                      1457   -317     1531
  SINCE JUL 1   6306                      6751   -445     7135

 COOLING
  YESTERDAY        0                         1     -1        0
  MONTH TO DATE   11                        12     -1       17
  SINCE MAR 1     12                        23    -11       26
  SINCE JAN 1     12                        23    -11       26
..................................................................


WIND (MPH)
  HIGHEST WIND SPEED    17   HIGHEST WIND DIRECTION    SE (130)
  HIGHEST GUST SPEED    22   HIGHEST GUST DIRECTION     S (160)
  AVERAGE WIND SPEED     8.4


SKY COVER
  POSSIBLE SUNSHINE  MM
  AVERAGE SKY COVER 0.1


WEATHER CONDITIONS
 THE FOLLOWING WEATHER WAS RECORDED YESTERDAY.
  NO SIGNIFICANT WEATHER WAS OBSERVED.


RELATIVE HUMIDITY (PERCENT)
 HIGHEST    79           400 AM
 LOWEST     32           300 PM
 AVERAGE    56

..........................................................


THE SIOUX CITY IA CLIMATE NORMALS FOR TODAY
                         NORMAL    RECORD    YEAR
 MAXIMUM TEMPERATURE (F)   72        95      1987
 MINIMUM TEMPERATURE (F)   48        25      1997


SUNRISE AND SUNSET
MAY 13 2015...........SUNRISE   606 AM CDT   SUNSET   838 PM CDT
MAY 14 2015...........SUNRISE   605 AM CDT   SUNSET   839 PM CDT


-  INDICATES NEGATIVE NUMBERS.
R  INDICATES RECORD WAS SET OR TIED.
MM INDICATES DATA IS MISSING.
T  INDICATES TRACE AMOUNT.




$$
