000
CDUS43 KFSD 250627
CLISUX


CLIMATE REPORT
NATIONAL WEATHER SERVICE SIOUX FALLS SD
126 AM CDT MON AUG 25 2014


...................................

...THE SIOUX CITY IA CLIMATE SUMMARY FOR AUGUST 24 2014...

CLIMATE NORMAL PERIOD 1981 TO 2010
CLIMATE RECORD PERIOD 1889 TO 2014


WEATHER ITEM   OBSERVED TIME   RECORD YEAR NORMAL DEPARTURE LAST
                VALUE   (LST)  VALUE       VALUE  FROM      YEAR
                                                  NORMAL
..................................................................
TEMPERATURE (F)
 YESTERDAY
  MAXIMUM         85    442 PM 108    1936  83      2       89
  MINIMUM         66   1159 PM  42    1928  60      6       71
  AVERAGE         76                        71      5       80

PRECIPITATION (IN)
  YESTERDAY        0.11          1.06 1900   0.10   0.01     0.28
  MONTH TO DATE    7.86                      2.48   5.38     3.02
  SINCE JUN 1     28.12                      9.81  18.31     6.75
  SINCE JAN 1     33.37                     19.79  13.58    19.98

SNOWFALL (IN)
  YESTERDAY        0.0           0.0    MM   0.0    0.0      0.0
  MONTH TO DATE    0.0                       0.0    0.0      0.0
  SINCE JUN 1      0.0                       0.0    0.0      0.0
  SINCE JUL 1      0.0                       0.0    0.0      0.0
  SNOW DEPTH       0

DEGREE DAYS
 HEATING
  YESTERDAY        0                         1     -1        0
  MONTH TO DATE    0                         2     -2        5
  SINCE JUN 1     26                        32     -6       60
  SINCE JUL 1      6                         5      1       20

 COOLING
  YESTERDAY       11                         7      4       15
  MONTH TO DATE  218                       192     26      151
  SINCE JUN 1    606                       673    -67      632
  SINCE JAN 1    727                       737    -10      688
..................................................................


WIND (MPH)
  HIGHEST WIND SPEED    13   HIGHEST WIND DIRECTION    NW (330)
  HIGHEST GUST SPEED    17   HIGHEST GUST DIRECTION    NW (310)
  AVERAGE WIND SPEED     5.1


SKY COVER
  POSSIBLE SUNSHINE  MM
  AVERAGE SKY COVER 0.1


WEATHER CONDITIONS
 THE FOLLOWING WEATHER WAS RECORDED YESTERDAY.
  THUNDERSTORM
  LIGHT RAIN
  FOG


RELATIVE HUMIDITY (PERCENT)
 HIGHEST    93           500 AM
 LOWEST     44           400 PM
 AVERAGE    69

..........................................................


THE SIOUX CITY IA CLIMATE NORMALS FOR TODAY
                         NORMAL    RECORD    YEAR
 MAXIMUM TEMPERATURE (F)   82       102      1955
 MINIMUM TEMPERATURE (F)   59        44      1915


SUNRISE AND SUNSET
AUGUST 25 2014........SUNRISE   643 AM CDT   SUNSET   811 PM CDT
AUGUST 26 2014........SUNRISE   644 AM CDT   SUNSET   809 PM CDT


-  INDICATES NEGATIVE NUMBERS.
R  INDICATES RECORD WAS SET OR TIED.
MM INDICATES DATA IS MISSING.
T  INDICATES TRACE AMOUNT.




$$
