000
CDUS43 KFSD 070630
CLISUX


CLIMATE REPORT
NATIONAL WEATHER SERVICE SIOUX FALLS SD
130 AM CDT WED JUN 7 2017


...................................

...THE SIOUX CITY IA CLIMATE SUMMARY FOR JUNE 6 2017...

CLIMATE NORMAL PERIOD 1981 TO 2010
CLIMATE RECORD PERIOD 1889 TO 2017


WEATHER ITEM   OBSERVED TIME   RECORD YEAR NORMAL DEPARTURE LAST
                VALUE   (LST)  VALUE       VALUE  FROM      YEAR
                                                  NORMAL
..................................................................
TEMPERATURE (F)
 YESTERDAY
  MAXIMUM         88        MM 104    1933  80      8       79
  MINIMUM         59        MM  39    1983  56      3       56
  AVERAGE         74                        68      6       68

PRECIPITATION (IN)
  YESTERDAY        0.00          1.39 1934   0.14  -0.14     0.00
  MONTH TO DATE    0.00                      0.82  -0.82     0.15
  SINCE JUN 1      0.00                      0.82  -0.82     0.15
  SINCE JAN 1      9.47                     10.80  -1.33    15.88

SNOWFALL (IN)
  YESTERDAY        0.0           0.0    MM   0.0    0.0      0.0
  MONTH TO DATE    0.0                       0.0    0.0      0.0
  SINCE JUN 1      0.0                       0.0    0.0      0.0
  SINCE JUL 1     28.6                      34.8   -6.2     57.6
  SNOW DEPTH       0

DEGREE DAYS
 HEATING
  YESTERDAY        0                         2     -2        0
  MONTH TO DATE    0                        12    -12        0
  SINCE JUN 1      0                        12    -12        0
  SINCE JUL 1   5638                      6846  -1208     5655

 COOLING
  YESTERDAY        9                         4      5        3
  MONTH TO DATE   58                        23     35       21
  SINCE JUN 1     58                        23     35       21
  SINCE JAN 1     96                        87      9       73
..................................................................


WIND (MPH)
  HIGHEST WIND SPEED    10   HIGHEST WIND DIRECTION     S (180)
  HIGHEST GUST SPEED    MM   HIGHEST GUST DIRECTION    MM
  AVERAGE WIND SPEED     6.3


SKY COVER
  POSSIBLE SUNSHINE  MM
  AVERAGE SKY COVER 0.0


WEATHER CONDITIONS
 THE FOLLOWING WEATHER WAS RECORDED YESTERDAY.
  NO SIGNIFICANT WEATHER WAS OBSERVED.


RELATIVE HUMIDITY (PERCENT)
 HIGHEST    78           500 AM
 LOWEST     29           500 PM
 AVERAGE    54

..........................................................


THE SIOUX CITY IA CLIMATE NORMALS FOR TODAY
                         NORMAL    RECORD    YEAR
 MAXIMUM TEMPERATURE (F)   80        99      2011
 MINIMUM TEMPERATURE (F)   56        39      1901


SUNRISE AND SUNSET
JUNE  7 2017..........SUNRISE   549 AM CDT   SUNSET   900 PM CDT
JUNE  8 2017..........SUNRISE   549 AM CDT   SUNSET   901 PM CDT


-  INDICATES NEGATIVE NUMBERS.
R  INDICATES RECORD WAS SET OR TIED.
MM INDICATES DATA IS MISSING.
T  INDICATES TRACE AMOUNT.




$$
