000
CDUS43 KFSD 120646
CLISUX


CLIMATE REPORT
NATIONAL WEATHER SERVICE SIOUX FALLS SD
146 AM CDT FRI SEP 12 2014


...................................

...THE SIOUX CITY IA CLIMATE SUMMARY FOR SEPTEMBER 11 2014...

CLIMATE NORMAL PERIOD 1981 TO 2010
CLIMATE RECORD PERIOD 1889 TO 2014


WEATHER ITEM   OBSERVED TIME   RECORD YEAR NORMAL DEPARTURE LAST
                VALUE   (LST)  VALUE       VALUE  FROM      YEAR
                                                  NORMAL
..................................................................
TEMPERATURE (F)
 YESTERDAY
  MAXIMUM         58    254 PM  98    2012  78    -20       87
  MINIMUM         48   1159 PM  35    1894  53     -5       62
  AVERAGE         53                        66    -13       75

PRECIPITATION (IN)
  YESTERDAY        0.09          2.15 1900   0.11  -0.02     0.00
  MONTH TO DATE    1.00                      1.14  -0.14     1.10
  SINCE SEP 1      1.00                      1.14  -0.14     1.10
  SINCE JAN 1     36.63                     21.68  14.95    21.13

SNOWFALL (IN)
  YESTERDAY       MM             0.0    MM   0.0   MM        0.0
  MONTH TO DATE    0.0                       0.0    0.0      0.0
  SINCE SEP 1      0.0                       0.0    0.0      0.0
  SINCE JUL 1      0.0                       0.0    0.0      0.0
  SNOW DEPTH       0

DEGREE DAYS
 HEATING
  YESTERDAY       12                         3      9        0
  MONTH TO DATE   29                        22      7        0
  SINCE SEP 1     29                        22      7        0
  SINCE JUL 1     35                        37     -2       20

 COOLING
  YESTERDAY        0                         3     -3       10
  MONTH TO DATE   37                        47    -10      103
  SINCE SEP 1     37                        47    -10      103
  SINCE JAN 1    803                       824    -21      904
..................................................................


WIND (MPH)
  HIGHEST WIND SPEED    17   HIGHEST WIND DIRECTION     N (10)
  HIGHEST GUST SPEED    21   HIGHEST GUST DIRECTION     N (10)
  AVERAGE WIND SPEED     9.9


SKY COVER
  POSSIBLE SUNSHINE  MM
  AVERAGE SKY COVER 1.0


WEATHER CONDITIONS
 THE FOLLOWING WEATHER WAS RECORDED YESTERDAY.
  LIGHT RAIN
  FOG


RELATIVE HUMIDITY (PERCENT)
 HIGHEST    89           300 AM
 LOWEST     55           300 PM
 AVERAGE    72

..........................................................


THE SIOUX CITY IA CLIMATE NORMALS FOR TODAY
                         NORMAL    RECORD    YEAR
 MAXIMUM TEMPERATURE (F)   78        97      1939
 MINIMUM TEMPERATURE (F)   52        33      1902


SUNRISE AND SUNSET
SEPTEMBER 12 2014.....SUNRISE   702 AM CDT   SUNSET   740 PM CDT
SEPTEMBER 13 2014.....SUNRISE   703 AM CDT   SUNSET   739 PM CDT


-  INDICATES NEGATIVE NUMBERS.
R  INDICATES RECORD WAS SET OR TIED.
MM INDICATES DATA IS MISSING.
T  INDICATES TRACE AMOUNT.




$$
