124
CDUS43 KFSD 250645
CLISUX


CLIMATE REPORT
NATIONAL WEATHER SERVICE SIOUX FALLS SD
1244 AM CST FRI NOV 25 2016


...................................

...THE SIOUX CITY IA CLIMATE SUMMARY FOR NOVEMBER 24 2016...

CLIMATE NORMAL PERIOD 1981 TO 2010
CLIMATE RECORD PERIOD 1889 TO 2016


WEATHER ITEM   OBSERVED TIME   RECORD YEAR NORMAL DEPARTURE LAST
                VALUE   (LST)  VALUE       VALUE  FROM      YEAR
                                                  NORMAL
..................................................................
TEMPERATURE (F)
 YESTERDAY
  MAXIMUM         41   1046 PM  68    1990  41      0       51
  MINIMUM         36    944 AM   0    1893  21     15       27
  AVERAGE         39                        31      8       39

PRECIPITATION (IN)
  YESTERDAY        0.00          1.74 2001   0.04  -0.04     0.00
  MONTH TO DATE    1.60                      1.07   0.53     3.56
  SINCE SEP 1      5.98                      6.16  -0.18     7.55
  SINCE JAN 1     30.33                     26.70   3.63    31.29

SNOWFALL (IN)
  YESTERDAY        0.0           6.8  1903   0.2   -0.2      0.0
  MONTH TO DATE    1.0                       3.0   -2.0      5.7
  SINCE SEP 1      1.0                       4.0   -3.0      5.7
  SINCE JUL 1      1.0                       4.0   -3.0      5.7
  SNOW DEPTH       0

DEGREE DAYS
 HEATING
  YESTERDAY       26                        34     -8       26
  MONTH TO DATE  442                       660   -218      494
  SINCE SEP 1    796                      1245   -449      875
  SINCE JUL 1    796                      1260   -464      898

 COOLING
  YESTERDAY        0                         0      0        0
  MONTH TO DATE    0                         0      0        0
  SINCE SEP 1    143                        92     51      169
  SINCE JAN 1   1165                       869    296      889
..................................................................


WIND (MPH)
  HIGHEST WIND SPEED    15   HIGHEST WIND DIRECTION    NW (310)
  HIGHEST GUST SPEED    19   HIGHEST GUST DIRECTION    NW (300)
  AVERAGE WIND SPEED     4.8


SKY COVER
  POSSIBLE SUNSHINE  MM
  AVERAGE SKY COVER 1.0


WEATHER CONDITIONS
 THE FOLLOWING WEATHER WAS RECORDED YESTERDAY.
  FOG
  HAZE


RELATIVE HUMIDITY (PERCENT)
 HIGHEST    92           400 AM
 LOWEST     79           300 PM
 AVERAGE    86

..........................................................


THE SIOUX CITY IA CLIMATE NORMALS FOR TODAY
                         NORMAL    RECORD    YEAR
 MAXIMUM TEMPERATURE (F)   40        75      1960
 MINIMUM TEMPERATURE (F)   20        -1      1975


SUNRISE AND SUNSET
NOVEMBER 25 2016......SUNRISE   729 AM CST   SUNSET   456 PM CST
NOVEMBER 26 2016......SUNRISE   730 AM CST   SUNSET   456 PM CST


-  INDICATES NEGATIVE NUMBERS.
R  INDICATES RECORD WAS SET OR TIED.
MM INDICATES DATA IS MISSING.
T  INDICATES TRACE AMOUNT.




$$
