843
CDUS43 KFSD 170626
CLISUX


CLIMATE REPORT
NATIONAL WEATHER SERVICE SIOUX FALLS SD
122 AM CDT TUE MAY 17 2016


...................................

...THE SIOUX CITY IA CLIMATE SUMMARY FOR MAY 16 2016...

CLIMATE NORMAL PERIOD 1981 TO 2010
CLIMATE RECORD PERIOD 1889 TO 2016


WEATHER ITEM   OBSERVED TIME   RECORD YEAR NORMAL DEPARTURE LAST
                VALUE   (LST)  VALUE       VALUE  FROM      YEAR
                                                  NORMAL
..................................................................
TEMPERATURE (F)
 YESTERDAY
  MAXIMUM         62   1200 PM  92    1936  73    -11       81
  MINIMUM         41    502 AM  28    2014  49     -8       62
  AVERAGE         52                        61     -9       72

PRECIPITATION (IN)
  YESTERDAY        0.00          1.34 1992   0.13  -0.13     0.02
  MONTH TO DATE    1.69                      1.88  -0.19     2.17
  SINCE MAR 1     10.56                      6.83   3.73     5.58
  SINCE JAN 1     12.40                      8.12   4.28     6.54

SNOWFALL (IN)
  YESTERDAY        0.0           0.0    MM   0.0    0.0      0.0
  MONTH TO DATE    0.0                       0.2   -0.2      0.0
  SINCE MAR 1     14.5                       8.5    6.0       T
  SINCE JUL 1     57.6                      35.0   22.6     21.5
  SNOW DEPTH       0

DEGREE DAYS
 HEATING
  YESTERDAY       13                         6      7        0
  MONTH TO DATE  134                       123     11       72
  SINCE MAR 1   1161                      1481   -320     1147
  SINCE JUL 1   5620                      6775  -1155     6313

 COOLING
  YESTERDAY        0                         2     -2        7
  MONTH TO DATE    3                        18    -15       18
  SINCE MAR 1      3                        29    -26       19
  SINCE JAN 1      3                        29    -26       19
..................................................................


WIND (MPH)
  HIGHEST WIND SPEED    15   HIGHEST WIND DIRECTION     S (200)
  HIGHEST GUST SPEED    18   HIGHEST GUST DIRECTION    SW (210)
  AVERAGE WIND SPEED     4.6


SKY COVER
  POSSIBLE SUNSHINE  MM
  AVERAGE SKY COVER 0.1


WEATHER CONDITIONS
 THE FOLLOWING WEATHER WAS RECORDED YESTERDAY.
  NO SIGNIFICANT WEATHER WAS OBSERVED.


RELATIVE HUMIDITY (PERCENT)
 HIGHEST    89          1000 PM
 LOWEST     48          1100 AM
 AVERAGE    69

..........................................................


THE SIOUX CITY IA CLIMATE NORMALS FOR TODAY
                         NORMAL    RECORD    YEAR
 MAXIMUM TEMPERATURE (F)   73        97      1996
 MINIMUM TEMPERATURE (F)   49        30      2014


SUNRISE AND SUNSET
MAY 17 2016...........SUNRISE   602 AM CDT   SUNSET   843 PM CDT
MAY 18 2016...........SUNRISE   601 AM CDT   SUNSET   844 PM CDT


-  INDICATES NEGATIVE NUMBERS.
R  INDICATES RECORD WAS SET OR TIED.
MM INDICATES DATA IS MISSING.
T  INDICATES TRACE AMOUNT.




$$
