000
CDUS43 KFSD 090641
CLISUX


CLIMATE REPORT
NATIONAL WEATHER SERVICE SIOUX FALLS SD
141 AM CDT MON MAY 9 2016


...................................

...THE SIOUX CITY IA CLIMATE SUMMARY FOR MAY 8 2016...

CLIMATE NORMAL PERIOD 1981 TO 2010
CLIMATE RECORD PERIOD 1889 TO 2016


WEATHER ITEM   OBSERVED TIME   RECORD YEAR NORMAL DEPARTURE LAST
                VALUE   (LST)  VALUE       VALUE  FROM      YEAR
                                                  NORMAL
..................................................................
TEMPERATURE (F)
 YESTERDAY
  MAXIMUM         75    356 PM  98    1934  71      4       63
  MINIMUM         51    139 AM  28    1945  46      5       50
  AVERAGE         63                        58      5       57

PRECIPITATION (IN)
  YESTERDAY        T             1.24 1950   0.12  -0.12     0.00
  MONTH TO DATE    0.51                      0.91  -0.40     0.93
  SINCE MAR 1      9.38                      5.86   3.52     4.34
  SINCE JAN 1     11.22                      7.15   4.07     5.30

SNOWFALL (IN)
  YESTERDAY        0.0           0.0    MM   0.0    0.0      0.0
  MONTH TO DATE    0.0                       0.1   -0.1      0.0
  SINCE MAR 1     14.5                       8.4    6.1       T
  SINCE JUL 1     57.6                      34.9   22.7     21.5
  SNOW DEPTH       0

DEGREE DAYS
 HEATING
  YESTERDAY        2                         8     -6        8
  MONTH TO DATE   63                        71     -8       19
  SINCE MAR 1   1090                      1429   -339     1094
  SINCE JUL 1   5549                      6723  -1174     6260

 COOLING
  YESTERDAY        0                         1     -1        0
  MONTH TO DATE    3                         8     -5       11
  SINCE MAR 1      3                        19    -16       12
  SINCE JAN 1      3                        19    -16       12
..................................................................


WIND (MPH)
  HIGHEST WIND SPEED    26   HIGHEST WIND DIRECTION    SE (120)
  HIGHEST GUST SPEED    33   HIGHEST GUST DIRECTION    SE (120)
  AVERAGE WIND SPEED    14.6


SKY COVER
  POSSIBLE SUNSHINE  MM
  AVERAGE SKY COVER 0.3


WEATHER CONDITIONS
 THE FOLLOWING WEATHER WAS RECORDED YESTERDAY.
  LIGHT RAIN
  HAZE


RELATIVE HUMIDITY (PERCENT)
 HIGHEST    77           300 AM
 LOWEST     31          1100 AM
 AVERAGE    54

..........................................................


THE SIOUX CITY IA CLIMATE NORMALS FOR TODAY
                         NORMAL    RECORD    YEAR
 MAXIMUM TEMPERATURE (F)   71        95      2011
 MINIMUM TEMPERATURE (F)   46        30      2010


SUNRISE AND SUNSET
MAY  9 2016...........SUNRISE   610 AM CDT   SUNSET   835 PM CDT
MAY 10 2016...........SUNRISE   609 AM CDT   SUNSET   836 PM CDT


-  INDICATES NEGATIVE NUMBERS.
R  INDICATES RECORD WAS SET OR TIED.
MM INDICATES DATA IS MISSING.
T  INDICATES TRACE AMOUNT.




$$
