000
CDUS43 KFSD 112235
CLISUX


CLIMATE REPORT
NATIONAL WEATHER SERVICE SIOUX FALLS SD
526 PM CDT TUE JUL 11 2017


...................................

...THE SIOUX CITY IA CLIMATE SUMMARY FOR JULY 11 2017...
VALID TODAY AS OF 0500 PM LOCAL TIME.

CLIMATE NORMAL PERIOD 1981 TO 2010
CLIMATE RECORD PERIOD 1889 TO 2017


WEATHER ITEM   OBSERVED TIME   RECORD YEAR NORMAL DEPARTURE LAST
                VALUE   (LST)  VALUE       VALUE  FROM      YEAR
                                                  NORMAL
..................................................................
TEMPERATURE (F)
 TODAY
  MAXIMUM         93    309 PM 111    1939  86      7       91
  MINIMUM         70    705 AM  50    2007  63      7       68
  AVERAGE         82                        75      7       80

PRECIPITATION (IN)
  TODAY            0.06          2.74 1956   0.11  -0.05      T
  MONTH TO DATE    0.09                      1.25  -1.16     1.22
  SINCE JUN 1      1.81                      5.14  -3.33     2.60
  SINCE JAN 1     11.28                     15.12  -3.84    18.33

SNOWFALL (IN)
  TODAY            0.0           0.0    MM   0.0    0.0      0.0
  MONTH TO DATE    0.0                       0.0    0.0      0.0
  SINCE JUN 1      0.0                       0.0    0.0      0.0
  SINCE JUL 1      0.0                       0.0    0.0      0.0
  SNOW DEPTH       0

DEGREE DAYS
 HEATING
  TODAY            0                         0      0        0
  MONTH TO DATE    0                         0      0        0
  SINCE JUN 1     10                        27    -17        0
  SINCE JUL 1      0                         0      0        0

 COOLING
  TODAY           17                        10      7       15
  MONTH TO DATE  141                       104     37      101
  SINCE JUN 1    396                       292    104      434
  SINCE JAN 1    434                       356     78      486
..................................................................


WIND (MPH)
  HIGHEST WIND SPEED    17   HIGHEST WIND DIRECTION    SE (150)
  HIGHEST GUST SPEED    23   HIGHEST GUST DIRECTION    SE (150)
  AVERAGE WIND SPEED     6.9


SKY COVER
  POSSIBLE SUNSHINE  MM
  AVERAGE SKY COVER 0.1


WEATHER CONDITIONS
 THE FOLLOWING WEATHER WAS RECORDED TODAY.
  LIGHT RAIN


RELATIVE HUMIDITY (PERCENT)
 HIGHEST   100           600 AM
 LOWEST     66           300 PM
 AVERAGE    83

..........................................................


THE SIOUX CITY IA CLIMATE NORMALS FOR TOMORROW
                         NORMAL    RECORD    YEAR
 MAXIMUM TEMPERATURE (F)   86       108      1995
 MINIMUM TEMPERATURE (F)   63        51      1975


SUNRISE AND SUNSET
JULY 11 2017..........SUNRISE   559 AM CDT   SUNSET   903 PM CDT
JULY 12 2017..........SUNRISE   600 AM CDT   SUNSET   902 PM CDT


-  INDICATES NEGATIVE NUMBERS.
R  INDICATES RECORD WAS SET OR TIED.
MM INDICATES DATA IS MISSING.
T  INDICATES TRACE AMOUNT.




$$
