000
CDUS43 KFSD 270623
CLISUX


CLIMATE REPORT
NATIONAL WEATHER SERVICE SIOUX FALLS SD
1223 AM CST TUE DEC 27 2016


...................................

...THE SIOUX CITY IA CLIMATE SUMMARY FOR DECEMBER 26 2016...

CLIMATE NORMAL PERIOD 1981 TO 2010
CLIMATE RECORD PERIOD 1889 TO 2016


WEATHER ITEM   OBSERVED TIME   RECORD YEAR NORMAL DEPARTURE LAST
                VALUE   (LST)  VALUE       VALUE  FROM      YEAR
                                                  NORMAL
..................................................................
TEMPERATURE (F)
 YESTERDAY
  MAXIMUM         32   1228 AM  56    1959  30      2       34
  MINIMUM         23    933 AM -16    1951  11     12       21
                                      1892
  AVERAGE         28                        20      8       28

PRECIPITATION (IN)
  YESTERDAY        0.00          0.45 1911   0.03  -0.03     0.23
  MONTH TO DATE    1.48                      0.70   0.78     2.51
  SINCE DEC 1      1.48                      0.70   0.78     2.51
  SINCE JAN 1     32.25                     27.64   4.61    34.79

SNOWFALL (IN)
  YESTERDAY        0.0           5.3  1911   0.2   -0.2      1.3
  MONTH TO DATE    4.5                       6.7   -2.2      5.9
  SINCE DEC 1      4.5                       6.7   -2.2      5.9
  SINCE JUL 1      5.5                      12.1   -6.6     18.4
  SNOW DEPTH       T

DEGREE DAYS
 HEATING
  YESTERDAY       37                        45     -8       37
  MONTH TO DATE 1079                      1092    -13      801
  SINCE DEC 1   1079                      1092    -13      801
  SINCE JUL 1   2023                      2568   -545     1907

 COOLING
  YESTERDAY        0                         0      0        0
  MONTH TO DATE    0                         0      0        0
  SINCE DEC 1      0                         0      0        0
  SINCE JAN 1   1165                       869    296      889
..................................................................


WIND (MPH)
  HIGHEST WIND SPEED    35   HIGHEST WIND DIRECTION     W (260)
  HIGHEST GUST SPEED    44   HIGHEST GUST DIRECTION     W (290)
  AVERAGE WIND SPEED    20.2


SKY COVER
  POSSIBLE SUNSHINE  MM
  AVERAGE SKY COVER 0.2


WEATHER CONDITIONS
 THE FOLLOWING WEATHER WAS RECORDED YESTERDAY.
  NO SIGNIFICANT WEATHER WAS OBSERVED.


RELATIVE HUMIDITY (PERCENT)
 HIGHEST    69           600 PM
 LOWEST     53           100 PM
 AVERAGE    61

..........................................................


THE SIOUX CITY IA CLIMATE NORMALS FOR TODAY
                         NORMAL    RECORD    YEAR
 MAXIMUM TEMPERATURE (F)   30        59      2013
 MINIMUM TEMPERATURE (F)   11       -19      1924


SUNRISE AND SUNSET
DECEMBER 27 2016......SUNRISE   754 AM CST   SUNSET   500 PM CST
DECEMBER 28 2016......SUNRISE   754 AM CST   SUNSET   501 PM CST


-  INDICATES NEGATIVE NUMBERS.
R  INDICATES RECORD WAS SET OR TIED.
MM INDICATES DATA IS MISSING.
T  INDICATES TRACE AMOUNT.




$$
