000
CDUS43 KFSD 080639
CLISUX


CLIMATE REPORT
NATIONAL WEATHER SERVICE SIOUX FALLS SD
1237 AM CST WED NOV 8 2017


...................................

...THE SIOUX CITY IA CLIMATE SUMMARY FOR NOVEMBER 7 2017...

CLIMATE NORMAL PERIOD 1981 TO 2010
CLIMATE RECORD PERIOD 1889 TO 2017


WEATHER ITEM   OBSERVED TIME   RECORD YEAR NORMAL DEPARTURE LAST
                VALUE   (LST)  VALUE       VALUE  FROM      YEAR
                                                  NORMAL
..................................................................
TEMPERATURE (F)
 YESTERDAY
  MAXIMUM         44    256 PM  77    1954  52     -8       62
                                      1931
  MINIMUM         24   1159 PM  -9    1991  30     -6       42
  AVERAGE         34                        41     -7       52

PRECIPITATION (IN)
  YESTERDAY        0.00          0.66 1918   0.04  -0.04     0.00
  MONTH TO DATE    T                         0.32  -0.32     0.00
  SINCE SEP 1      9.01                      5.41   3.60     4.38
  SINCE JAN 1     29.20                     25.95   3.25    28.73

SNOWFALL (IN)
  YESTERDAY        0.0           5.5  1943   0.1   -0.1      0.0
  MONTH TO DATE    0.0                       0.6   -0.6      0.0
  SINCE SEP 1      T                         1.6   -1.6      0.0
  SINCE JUL 1      T                         1.6   -1.6      0.0
  SNOW DEPTH       0

DEGREE DAYS
 HEATING
  YESTERDAY       31                        24      7       13
  MONTH TO DATE  192                       159     33       70
  SINCE SEP 1    682                       744    -62      424
  SINCE JUL 1    690                       759    -69      424

 COOLING
  YESTERDAY        0                         0      0        0
  MONTH TO DATE    0                         0      0        0
  SINCE SEP 1    119                        92     27      143
  SINCE JAN 1    951                       869     82     1165
..................................................................


WIND (MPH)
  HIGHEST WIND SPEED    13   HIGHEST WIND DIRECTION    NE (40)
  HIGHEST GUST SPEED    15   HIGHEST GUST DIRECTION    NE (30)
  AVERAGE WIND SPEED     5.8


SKY COVER
  POSSIBLE SUNSHINE  MM
  AVERAGE SKY COVER 0.8


WEATHER CONDITIONS
 THE FOLLOWING WEATHER WAS RECORDED YESTERDAY.
  NO SIGNIFICANT WEATHER WAS OBSERVED.


RELATIVE HUMIDITY (PERCENT)
 HIGHEST    92          1100 PM
 LOWEST     53           300 PM
 AVERAGE    73

..........................................................


THE SIOUX CITY IA CLIMATE NORMALS FOR TODAY
                         NORMAL    RECORD    YEAR
 MAXIMUM TEMPERATURE (F)   51        82      2006
 MINIMUM TEMPERATURE (F)   29         1      1991


SUNRISE AND SUNSET
NOVEMBER  8 2017......SUNRISE   708 AM CST   SUNSET   510 PM CST
NOVEMBER  9 2017......SUNRISE   709 AM CST   SUNSET   509 PM CST


-  INDICATES NEGATIVE NUMBERS.
R  INDICATES RECORD WAS SET OR TIED.
MM INDICATES DATA IS MISSING.
T  INDICATES TRACE AMOUNT.




$$
