150
CDUS43 KFSD 070652
CLISUX


CLIMATE REPORT
NATIONAL WEATHER SERVICE SIOUX FALLS SD
1251 AM CST SUN JAN 7 2018


...................................

...THE SIOUX CITY IA CLIMATE SUMMARY FOR JANUARY 6 2018...

CLIMATE NORMAL PERIOD 1981 TO 2010
CLIMATE RECORD PERIOD 1889 TO 2018


WEATHER ITEM   OBSERVED TIME   RECORD YEAR NORMAL DEPARTURE LAST
                VALUE   (LST)  VALUE       VALUE  FROM      YEAR
                                                  NORMAL
..................................................................
TEMPERATURE (F)
 YESTERDAY
  MAXIMUM         17    821 PM  56    1933  30    -13       22
  MINIMUM          2    603 AM -20    1912  10     -8       -4
  AVERAGE         10                        20    -10        9

PRECIPITATION (IN)
  YESTERDAY        0.00          0.43 2010   0.02  -0.02     0.00
  MONTH TO DATE    T                         0.12  -0.12     0.05
  SINCE DEC 1      0.39                      0.92  -0.53     1.53
  SINCE JAN 1      T                         0.12  -0.12     0.05

SNOWFALL (IN)
  YESTERDAY        0.0           5.5  2010   0.2   -0.2      0.0
  MONTH TO DATE    T                         1.2   -1.2      0.2
  SINCE DEC 1      7.3                       9.0   -1.7      4.7
  SINCE JUL 1      7.3                      14.4   -7.1      5.7
  SNOW DEPTH       6

DEGREE DAYS
 HEATING
  YESTERDAY       55                        45     10       56
  MONTH TO DATE  370                       270    100      293
  SINCE DEC 1   1648                      1586     62     1533
  SINCE JUL 1   2967                      3062    -95     2477

 COOLING
  YESTERDAY        0                         0      0        0
  MONTH TO DATE    0                         0      0        0
  SINCE DEC 1      0                         0      0        0
  SINCE JAN 1      0                         0      0        0
..................................................................


WIND (MPH)
  HIGHEST WIND SPEED    23   HIGHEST WIND DIRECTION     S (170)
  HIGHEST GUST SPEED    28   HIGHEST GUST DIRECTION     S (170)
  AVERAGE WIND SPEED    13.1


SKY COVER
  POSSIBLE SUNSHINE  MM
  AVERAGE SKY COVER 0.5


WEATHER CONDITIONS
 THE FOLLOWING WEATHER WAS RECORDED YESTERDAY.
  NO SIGNIFICANT WEATHER WAS OBSERVED.


RELATIVE HUMIDITY (PERCENT)
 HIGHEST    79           500 AM
 LOWEST     61          1200 PM
 AVERAGE    70

..........................................................


THE SIOUX CITY IA CLIMATE NORMALS FOR TODAY
                         NORMAL    RECORD    YEAR
 MAXIMUM TEMPERATURE (F)   30        64      2003
 MINIMUM TEMPERATURE (F)   10       -26      1912


SUNRISE AND SUNSET
JANUARY  7 2018.......SUNRISE   755 AM CST   SUNSET   509 PM CST
JANUARY  8 2018.......SUNRISE   754 AM CST   SUNSET   510 PM CST


-  INDICATES NEGATIVE NUMBERS.
R  INDICATES RECORD WAS SET OR TIED.
MM INDICATES DATA IS MISSING.
T  INDICATES TRACE AMOUNT.




$$
