000
CDUS43 KFSD 032221
CLISUX


CLIMATE REPORT
NATIONAL WEATHER SERVICE SIOUX FALLS SD
521 PM CDT SUN JUL 3 2016


...................................

...THE SIOUX CITY IA CLIMATE SUMMARY FOR JULY 3 2016...
VALID TODAY AS OF 0500 PM LOCAL TIME.

CLIMATE NORMAL PERIOD 1981 TO 2010
CLIMATE RECORD PERIOD 1889 TO 2016


WEATHER ITEM   OBSERVED TIME   RECORD YEAR NORMAL DEPARTURE LAST
                VALUE   (LST)  VALUE       VALUE  FROM      YEAR
                                                  NORMAL
..................................................................
TEMPERATURE (F)
 TODAY
  MAXIMUM         80    329 PM 104    1990  86     -6       79
  MINIMUM         58    544 AM  45    1917  63     -5       52
  AVERAGE         69                        74     -5       66

PRECIPITATION (IN)
  TODAY            0.00          2.35 1919   0.11  -0.11     0.00
  MONTH TO DATE    0.01                      0.33  -0.32     0.56
  SINCE JUN 1      1.39                      4.22  -2.83     4.75
  SINCE JAN 1     17.12                     14.20   2.92    12.65

SNOWFALL (IN)
  TODAY            0.0           0.0    MM   0.0    0.0      0.0
  MONTH TO DATE    0.0                       0.0    0.0      0.0
  SINCE JUN 1      0.0                       0.0    0.0      0.0
  SINCE JUL 1      0.0                       0.0    0.0      0.0
  SNOW DEPTH       0

DEGREE DAYS
 HEATING
  TODAY            0                         0      0        0
  MONTH TO DATE    0                         0      0        0
  SINCE JUN 1      0                        27    -27        2
  SINCE JUL 1      0                         0      0        0

 COOLING
  TODAY            4                         9     -5        1
  MONTH TO DATE    6                        27    -21        7
  SINCE JUN 1    339                       215    124      216
  SINCE JAN 1    391                       279    112      245
..................................................................


WIND (MPH)
  HIGHEST WIND SPEED    14   HIGHEST WIND DIRECTION    SE (120)
  HIGHEST GUST SPEED    18   HIGHEST GUST DIRECTION    SE (140)
  AVERAGE WIND SPEED     8.1


SKY COVER
  POSSIBLE SUNSHINE  MM
  AVERAGE SKY COVER 0.7


WEATHER CONDITIONS
 THE FOLLOWING WEATHER WAS RECORDED TODAY.
  NO SIGNIFICANT WEATHER WAS OBSERVED.


RELATIVE HUMIDITY (PERCENT)
 HIGHEST    90           100 AM
 LOWEST     48           300 PM
 AVERAGE    69

..........................................................


THE SIOUX CITY IA CLIMATE NORMALS FOR TOMORROW
                         NORMAL    RECORD    YEAR
 MAXIMUM TEMPERATURE (F)   86       111      1936
 MINIMUM TEMPERATURE (F)   63        46      1967


SUNRISE AND SUNSET
JULY  3 2016..........SUNRISE   554 AM CDT   SUNSET   906 PM CDT
JULY  4 2016..........SUNRISE   554 AM CDT   SUNSET   905 PM CDT


-  INDICATES NEGATIVE NUMBERS.
R  INDICATES RECORD WAS SET OR TIED.
MM INDICATES DATA IS MISSING.
T  INDICATES TRACE AMOUNT.




$$
