000
CDUS43 KFSD 052219
CLISUX


CLIMATE REPORT
NATIONAL WEATHER SERVICE SIOUX FALLS SD
518 PM CDT FRI AUG 5 2016


...................................

...THE SIOUX CITY IA CLIMATE SUMMARY FOR AUGUST 5 2016...
VALID TODAY AS OF 0500 PM LOCAL TIME.

CLIMATE NORMAL PERIOD 1981 TO 2010
CLIMATE RECORD PERIOD 1889 TO 2016


WEATHER ITEM   OBSERVED TIME   RECORD YEAR NORMAL DEPARTURE LAST
                VALUE   (LST)  VALUE       VALUE  FROM      YEAR
                                                  NORMAL
..................................................................
TEMPERATURE (F)
 TODAY
  MAXIMUM         84    327 PM 104    1934  84      0       81
  MINIMUM         58    536 AM  47    1948  63     -5       66
  AVERAGE         71                        74     -3       74

PRECIPITATION (IN)
  TODAY            0.00          1.50 1996   0.10  -0.10     0.01
  MONTH TO DATE    0.53                      0.50   0.03     0.04
  SINCE JUN 1      4.10                      7.83  -3.73     9.91
  SINCE JAN 1     19.83                     17.81   2.02    17.81

SNOWFALL (IN)
  TODAY            0.0           0.0    MM   0.0    0.0      0.0
  MONTH TO DATE    0.0                       0.0    0.0      0.0
  SINCE JUN 1      0.0                       0.0    0.0      0.0
  SINCE JUL 1      0.0                       0.0    0.0      0.0
  SNOW DEPTH       0

DEGREE DAYS
 HEATING
  TODAY            0                         0      0        0
  MONTH TO DATE    0                         0      0        0
  SINCE JUN 1      0                        30    -30        5
  SINCE JUL 1      0                         3     -3        3

 COOLING
  TODAY            6                         9     -3        9
  MONTH TO DATE   63                        45     18       43
  SINCE JUN 1    745                       526    219      540
  SINCE JAN 1    797                       590    207      569
..................................................................


WIND (MPH)
  HIGHEST WIND SPEED    14   HIGHEST WIND DIRECTION     N (350)
  HIGHEST GUST SPEED    18   HIGHEST GUST DIRECTION     N (340)
  AVERAGE WIND SPEED     6.5


SKY COVER
  POSSIBLE SUNSHINE  MM
  AVERAGE SKY COVER 0.2


WEATHER CONDITIONS
 THE FOLLOWING WEATHER WAS RECORDED TODAY.
  NO SIGNIFICANT WEATHER WAS OBSERVED.


RELATIVE HUMIDITY (PERCENT)
 HIGHEST    90           400 AM
 LOWEST     47           100 PM
 AVERAGE    69

..........................................................


THE SIOUX CITY IA CLIMATE NORMALS FOR TOMORROW
                         NORMAL    RECORD    YEAR
 MAXIMUM TEMPERATURE (F)   84        98      1968
                                             1934
 MINIMUM TEMPERATURE (F)   63        49      1990


SUNRISE AND SUNSET
AUGUST  5 2016........SUNRISE   623 AM CDT   SUNSET   840 PM CDT
AUGUST  6 2016........SUNRISE   624 AM CDT   SUNSET   838 PM CDT


-  INDICATES NEGATIVE NUMBERS.
R  INDICATES RECORD WAS SET OR TIED.
MM INDICATES DATA IS MISSING.
T  INDICATES TRACE AMOUNT.




$$
