000
CDUS43 KFSD 160857
CLISUX


CLIMATE REPORT
NATIONAL WEATHER SERVICE SIOUX FALLS SD
356 AM CDT SAT AUG 16 2014


...................................

...THE SIOUX CITY IA CLIMATE SUMMARY FOR AUGUST 15 2014...

CLIMATE NORMAL PERIOD 1981 TO 2010
CLIMATE RECORD PERIOD 1889 TO 2014


WEATHER ITEM   OBSERVED TIME   RECORD YEAR NORMAL DEPARTURE LAST
                VALUE   (LST)  VALUE       VALUE  FROM      YEAR
                                                  NORMAL
..................................................................
TEMPERATURE (F)
 YESTERDAY
  MAXIMUM         78   1150 AM 105    1937  84     -6       66
                                      1936
  MINIMUM         66    525 AM  45    1992  62      4       60
  AVERAGE         72                        72      0       63

PRECIPITATION (IN)
  YESTERDAY        0.64          1.72 1908   0.11   0.53     0.06
  MONTH TO DATE    4.23                      1.54   2.69     1.35
  SINCE JUN 1     24.49                      8.87  15.62     5.08
  SINCE JAN 1     29.74                     18.85  10.89    18.31

SNOWFALL (IN)
  YESTERDAY        0.0           0.0    MM   0.0    0.0      0.0
  MONTH TO DATE    0.0                       0.0    0.0      0.0
  SINCE JUN 1      0.0                       0.0    0.0      0.0
  SINCE JUL 1      0.0                       0.0    0.0      0.0
  SNOW DEPTH       0

DEGREE DAYS
 HEATING
  YESTERDAY        0                         0      0        2
  MONTH TO DATE    0                         0      0        5
  SINCE JUN 1     26                        30     -4       60
  SINCE JUL 1      6                         3      3       20

 COOLING
  YESTERDAY        7                         8     -1        0
  MONTH TO DATE  101                       127    -26       63
  SINCE JUN 1    489                       608   -119      544
  SINCE JAN 1    610                       672    -62      600
..................................................................


WIND (MPH)
  HIGHEST WIND SPEED    17   HIGHEST WIND DIRECTION     S (160)
  HIGHEST GUST SPEED    23   HIGHEST GUST DIRECTION     S (170)
  AVERAGE WIND SPEED     8.3


SKY COVER
  POSSIBLE SUNSHINE  MM
  AVERAGE SKY COVER 0.5


WEATHER CONDITIONS
 THE FOLLOWING WEATHER WAS RECORDED YESTERDAY.
  THUNDERSTORM
  HEAVY RAIN
  LIGHT RAIN
  FOG


RELATIVE HUMIDITY (PERCENT)
 HIGHEST    93           600 AM
 LOWEST     69          1200 PM
 AVERAGE    81

..........................................................


THE SIOUX CITY IA CLIMATE NORMALS FOR TODAY
                         NORMAL    RECORD    YEAR
 MAXIMUM TEMPERATURE (F)   84       106      1937
 MINIMUM TEMPERATURE (F)   61        48      2012
                                             1897


SUNRISE AND SUNSET
AUGUST 16 2014........SUNRISE   634 AM CDT   SUNSET   825 PM CDT
AUGUST 17 2014........SUNRISE   635 AM CDT   SUNSET   824 PM CDT


-  INDICATES NEGATIVE NUMBERS.
R  INDICATES RECORD WAS SET OR TIED.
MM INDICATES DATA IS MISSING.
T  INDICATES TRACE AMOUNT.




$$
