000
CDUS43 KFSD 080642
CLISUX


CLIMATE REPORT
NATIONAL WEATHER SERVICE SIOUX FALLS SD
142 AM CDT TUE APR 8 2014


...................................

...THE SIOUX CITY IA CLIMATE SUMMARY FOR APRIL 7 2014...

CLIMATE NORMAL PERIOD 1981 TO 2010
CLIMATE RECORD PERIOD 1889 TO 2014


WEATHER ITEM   OBSERVED TIME   RECORD YEAR NORMAL DEPARTURE LAST
                VALUE   (LST)  VALUE       VALUE  FROM      YEAR
                                                  NORMAL
..................................................................
TEMPERATURE (F)
 YESTERDAY
  MAXIMUM         66    153 PM  88    1988  59      7       67
  MINIMUM         36    244 AM  14    1936  33      3       34
  AVERAGE         51                        46      5       51

PRECIPITATION (IN)
  YESTERDAY        T             1.41 1998   0.09  -0.09     0.03
  MONTH TO DATE    0.66                      0.61   0.05     0.03
  SINCE MAR 1      1.04                      2.61  -1.57     2.03
  SINCE JAN 1      1.81                      3.90  -2.09     3.23

SNOWFALL (IN)
  YESTERDAY        0.0           3.2  2003   0.1   -0.1      0.0
  MONTH TO DATE    3.5                       0.7    2.8      0.0
  SINCE MAR 1      8.2                       7.2    1.0     11.7
  SINCE JUL 1     22.0                      33.7  -11.7     32.5
  SNOW DEPTH       0

DEGREE DAYS
 HEATING
  YESTERDAY       14                        19     -5       14
  MONTH TO DATE  173                       143     30      150
  SINCE MAR 1   1153                      1027    126     1197
  SINCE JUL 1   6757                      6321    436     6346

 COOLING
  YESTERDAY        0                         0      0        0
  MONTH TO DATE    0                         0      0        0
  SINCE MAR 1      0                         0      0        0
  SINCE JAN 1      0                         0      0        0
..................................................................


WIND (MPH)
  HIGHEST WIND SPEED    30   HIGHEST WIND DIRECTION    NW (320)
  HIGHEST GUST SPEED    34   HIGHEST GUST DIRECTION    NW (320)
  AVERAGE WIND SPEED    11.3


SKY COVER
  POSSIBLE SUNSHINE  MM
  AVERAGE SKY COVER 0.4


WEATHER CONDITIONS
 THE FOLLOWING WEATHER WAS RECORDED YESTERDAY.
  LIGHT RAIN


RELATIVE HUMIDITY (PERCENT)
 HIGHEST    96           700 AM
 LOWEST     28           200 PM
 AVERAGE    62

..........................................................


THE SIOUX CITY IA CLIMATE NORMALS FOR TODAY
                         NORMAL    RECORD    YEAR
 MAXIMUM TEMPERATURE (F)   59        89      1931
 MINIMUM TEMPERATURE (F)   34        14      2007
                                             1997


SUNRISE AND SUNSET
APRIL  8 2014.........SUNRISE   656 AM CDT   SUNSET   759 PM CDT
APRIL  9 2014.........SUNRISE   654 AM CDT   SUNSET   800 PM CDT


-  INDICATES NEGATIVE NUMBERS.
R  INDICATES RECORD WAS SET OR TIED.
MM INDICATES DATA IS MISSING.
T  INDICATES TRACE AMOUNT.




$$
