000
CDUS43 KFSD 102226
CLISUX


CLIMATE REPORT
NATIONAL WEATHER SERVICE SIOUX FALLS SD
523 PM CDT SUN APR 10 2016


...................................

...THE SIOUX CITY IA CLIMATE SUMMARY FOR APRIL 10 2016...
VALID TODAY AS OF 0500 PM LOCAL TIME.

CLIMATE NORMAL PERIOD 1981 TO 2010
CLIMATE RECORD PERIOD 1889 TO 2016


WEATHER ITEM   OBSERVED TIME   RECORD YEAR NORMAL DEPARTURE LAST
                VALUE   (LST)  VALUE       VALUE  FROM      YEAR
                                                  NORMAL
..................................................................
TEMPERATURE (F)
 TODAY
  MAXIMUM         64    157 PM  84    2006  60      4       59
                                      1977
                                      1930
  MINIMUM         44    122 AM  20    1989  35      9       38
  AVERAGE         54                        47      7       49

PRECIPITATION (IN)
  TODAY            T             2.10 1922   0.09  -0.09     0.00
  MONTH TO DATE    0.03                      0.88  -0.85     1.72
  SINCE MAR 1      3.09                      2.88   0.21     2.60
  SINCE JAN 1      4.93                      4.17   0.76     3.56

SNOWFALL (IN)
  TODAY            0.0          20.0  1913   0.1   -0.1      0.0
  MONTH TO DATE    0.0                       1.0   -1.0      0.0
  SINCE MAR 1     14.5                       7.5    7.0       T
  SINCE JUL 1     57.6                      34.0   23.6     21.5
  SNOW DEPTH       0

DEGREE DAYS
 HEATING
  TODAY           11                        18     -7       16
  MONTH TO DATE  192                       198     -6      154
  SINCE MAR 1    825                      1082   -257      861
  SINCE JUL 1   5284                      6376  -1092     6027

 COOLING
  TODAY            0                         0      0        0
  MONTH TO DATE    0                         0      0        1
  SINCE MAR 1      0                         0      0        1
  SINCE JAN 1      0                         0      0        1
..................................................................


WIND (MPH)
  HIGHEST WIND SPEED    28   HIGHEST WIND DIRECTION     N (360)
  HIGHEST GUST SPEED    32   HIGHEST GUST DIRECTION     N (10)
  AVERAGE WIND SPEED    12.8


SKY COVER
  POSSIBLE SUNSHINE  MM
  AVERAGE SKY COVER 0.3


WEATHER CONDITIONS
 THE FOLLOWING WEATHER WAS RECORDED TODAY.
  LIGHT RAIN


RELATIVE HUMIDITY (PERCENT)
 HIGHEST    80           700 AM
 LOWEST     32          1200 PM
 AVERAGE    56

..........................................................


THE SIOUX CITY IA CLIMATE NORMALS FOR TOMORROW
                         NORMAL    RECORD    YEAR
 MAXIMUM TEMPERATURE (F)   61        89      1968
 MINIMUM TEMPERATURE (F)   35        16      1940


SUNRISE AND SUNSET
APRIL 10 2016.........SUNRISE   652 AM CDT   SUNSET   802 PM CDT
APRIL 11 2016.........SUNRISE   650 AM CDT   SUNSET   803 PM CDT


-  INDICATES NEGATIVE NUMBERS.
R  INDICATES RECORD WAS SET OR TIED.
MM INDICATES DATA IS MISSING.
T  INDICATES TRACE AMOUNT.




$$
