000
CDUS43 KFSD 090621
CLISUX


CLIMATE REPORT
NATIONAL WEATHER SERVICE SIOUX FALLS SD
121 AM CDT THU OCT 9 2014


...................................

...THE SIOUX CITY IA CLIMATE SUMMARY FOR OCTOBER 8 2014...

CLIMATE NORMAL PERIOD 1981 TO 2010
CLIMATE RECORD PERIOD 1889 TO 2014


WEATHER ITEM   OBSERVED TIME   RECORD YEAR NORMAL DEPARTURE LAST
                VALUE   (LST)  VALUE       VALUE  FROM      YEAR
                                                  NORMAL
..................................................................
TEMPERATURE (F)
 YESTERDAY
  MAXIMUM         72    219 PM  93    2010  67      5       80
  MINIMUM         36    610 AM  17    2000  41     -5       47
  AVERAGE         54                        54      0       64

PRECIPITATION (IN)
  YESTERDAY        0.11          1.90 1982   0.08   0.03     0.00
  MONTH TO DATE    0.53                      0.70  -0.17     0.99
  SINCE SEP 1      3.32                      3.66  -0.34     2.43
  SINCE JAN 1     38.95                     24.20  14.75    22.46

SNOWFALL (IN)
  YESTERDAY        0.0           0.3  1959   0.0    0.0      0.0
  MONTH TO DATE    0.0                       0.1   -0.1      0.0
  SINCE SEP 1      0.0                       0.1   -0.1      0.0
  SINCE JUL 1      0.0                       0.1   -0.1      0.0
  SNOW DEPTH       0

DEGREE DAYS
 HEATING
  YESTERDAY       11                        12     -1        1
  MONTH TO DATE   92                        83      9       48
  SINCE SEP 1    198                       215    -17       93
  SINCE JUL 1    204                       230    -26      113

 COOLING
  YESTERDAY        0                         1     -1        0
  MONTH TO DATE    4                         8     -4        2
  SINCE SEP 1     96                        92      4      154
  SINCE JAN 1    862                       869     -7      955
..................................................................


WIND (MPH)
  HIGHEST WIND SPEED    13   HIGHEST WIND DIRECTION    NE (60)
  HIGHEST GUST SPEED    16   HIGHEST GUST DIRECTION     E (70)
  AVERAGE WIND SPEED     4.8


SKY COVER
  POSSIBLE SUNSHINE  MM
  AVERAGE SKY COVER 0.3


WEATHER CONDITIONS
 THE FOLLOWING WEATHER WAS RECORDED YESTERDAY.
  THUNDERSTORM
  RAIN
  LIGHT RAIN
  HAZE


RELATIVE HUMIDITY (PERCENT)
 HIGHEST    92           500 AM
 LOWEST     22           200 PM
 AVERAGE    57

..........................................................


THE SIOUX CITY IA CLIMATE NORMALS FOR TODAY
                         NORMAL    RECORD    YEAR
 MAXIMUM TEMPERATURE (F)   67        87      1980
 MINIMUM TEMPERATURE (F)   40        20      2000


SUNRISE AND SUNSET
OCTOBER  9 2014.......SUNRISE   732 AM CDT   SUNSET   653 PM CDT
OCTOBER 10 2014.......SUNRISE   733 AM CDT   SUNSET   652 PM CDT


-  INDICATES NEGATIVE NUMBERS.
R  INDICATES RECORD WAS SET OR TIED.
MM INDICATES DATA IS MISSING.
T  INDICATES TRACE AMOUNT.




$$
