000
CDUS43 KFSD 012221
CLISUX


CLIMATE REPORT
NATIONAL WEATHER SERVICE SIOUX FALLS SD
521 PM CDT SAT NOV 1 2014


...................................

...THE SIOUX CITY IA CLIMATE SUMMARY FOR NOVEMBER 1 2014...
VALID TODAY AS OF 0500 PM LOCAL TIME.

CLIMATE NORMAL PERIOD 1981 TO 2010
CLIMATE RECORD PERIOD 1889 TO 2014


WEATHER ITEM   OBSERVED TIME   RECORD YEAR NORMAL DEPARTURE LAST
                VALUE   (LST)  VALUE       VALUE  FROM      YEAR
                                                  NORMAL
..................................................................
TEMPERATURE (F)
 TODAY
  MAXIMUM         51    303 PM  74    1938  55     -4       59
  MINIMUM         21    457 AM  11    2006  32    -11       42
  AVERAGE         36                        44     -8       51

PRECIPITATION (IN)
  TODAY            0.00          1.50 1922   0.05  -0.05     0.04
  MONTH TO DATE    0.00                      0.05  -0.05     0.04
  SINCE SEP 1      3.92                      5.14  -1.22     5.37
  SINCE JAN 1     39.55                     25.68  13.87    25.40

SNOWFALL (IN)
  TODAY            0.0           5.5  1928   0.1   -0.1      0.0
  MONTH TO DATE    0.0                       0.1   -0.1      0.0
  SINCE SEP 1      0.0                       1.1   -1.1       T
  SINCE JUL 1      0.0                       1.1   -1.1       T
  SNOW DEPTH       0

DEGREE DAYS
 HEATING
  TODAY           29                        21      8       14
  MONTH TO DATE   29                        21      8       14
  SINCE SEP 1    503                       606   -103      519
  SINCE JUL 1    509                       621   -112      539

 COOLING
  TODAY            0                         0      0        0
  MONTH TO DATE    0                         0      0        0
  SINCE SEP 1     96                        92      4      159
  SINCE JAN 1    862                       869     -7      960
..................................................................


WIND (MPH)
  HIGHEST WIND SPEED    24   HIGHEST WIND DIRECTION     S (170)
  HIGHEST GUST SPEED    32   HIGHEST GUST DIRECTION    SE (150)
  AVERAGE WIND SPEED    12.0


SKY COVER
  POSSIBLE SUNSHINE  MM
  AVERAGE SKY COVER 0.0


WEATHER CONDITIONS
 THE FOLLOWING WEATHER WAS RECORDED TODAY.
  NO SIGNIFICANT WEATHER WAS OBSERVED.


RELATIVE HUMIDITY (PERCENT)
 HIGHEST    MM
 LOWEST     MM
 AVERAGE    MM

..........................................................


THE SIOUX CITY IA CLIMATE NORMALS FOR TOMORROW
                         NORMAL    RECORD    YEAR
 MAXIMUM TEMPERATURE (F)   55        80      2005
 MINIMUM TEMPERATURE (F)   32         7      1951


SUNRISE AND SUNSET
NOVEMBER  1 2014......SUNRISE   759 AM CDT   SUNSET   619 PM CDT
NOVEMBER  2 2014......SUNRISE   700 AM CST   SUNSET   517 PM CST


-  INDICATES NEGATIVE NUMBERS.
R  INDICATES RECORD WAS SET OR TIED.
MM INDICATES DATA IS MISSING.
T  INDICATES TRACE AMOUNT.




$$
