000
CDUS43 KFSD 050652
CLISUX


CLIMATE REPORT
NATIONAL WEATHER SERVICE SIOUX FALLS SD
1252 AM CST WED NOV 5 2014


...................................

...THE SIOUX CITY IA CLIMATE SUMMARY FOR NOVEMBER 4 2014...

CLIMATE NORMAL PERIOD 1981 TO 2010
CLIMATE RECORD PERIOD 1889 TO 2014


WEATHER ITEM   OBSERVED TIME   RECORD YEAR NORMAL DEPARTURE LAST
                VALUE   (LST)  VALUE       VALUE  FROM      YEAR
                                                  NORMAL
..................................................................
TEMPERATURE (F)
 YESTERDAY
  MAXIMUM         63    327 PM  76    1975  54      9       56
  MINIMUM         30    455 AM  -3    1991  31     -1       27
  AVERAGE         47                        42      5       42

PRECIPITATION (IN)
  YESTERDAY        0.00          1.30 1959   0.05  -0.05      T
  MONTH TO DATE    0.04                      0.19  -0.15     0.04
  SINCE SEP 1      3.96                      5.28  -1.32     5.37
  SINCE JAN 1     39.59                     25.82  13.77    25.40

SNOWFALL (IN)
  YESTERDAY        0.0           5.4  1959   0.0    0.0      0.0
  MONTH TO DATE    0.0                       0.3   -0.3      0.0
  SINCE SEP 1      0.0                       1.3   -1.3       T
  SINCE JUL 1      0.0                       1.3   -1.3       T
  SNOW DEPTH       0

DEGREE DAYS
 HEATING
  YESTERDAY       18                        23     -5       23
  MONTH TO DATE   72                        88    -16       75
  SINCE SEP 1    546                       673   -127      580
  SINCE JUL 1    552                       688   -136      600

 COOLING
  YESTERDAY        0                         0      0        0
  MONTH TO DATE    0                         0      0        0
  SINCE SEP 1     96                        92      4      159
  SINCE JAN 1    862                       869     -7      960
..................................................................


WIND (MPH)
  HIGHEST WIND SPEED    22   HIGHEST WIND DIRECTION     W (290)
  HIGHEST GUST SPEED    30   HIGHEST GUST DIRECTION     W (290)
  AVERAGE WIND SPEED     6.9


SKY COVER
  POSSIBLE SUNSHINE  MM
  AVERAGE SKY COVER 0.0


WEATHER CONDITIONS
 THE FOLLOWING WEATHER WAS RECORDED YESTERDAY.
  NO SIGNIFICANT WEATHER WAS OBSERVED.


RELATIVE HUMIDITY (PERCENT)
 HIGHEST   100           500 AM
 LOWEST     30           100 PM
 AVERAGE    65

..........................................................


THE SIOUX CITY IA CLIMATE NORMALS FOR TODAY
                         NORMAL    RECORD    YEAR
 MAXIMUM TEMPERATURE (F)   53        78      1945
 MINIMUM TEMPERATURE (F)   31         6      1951


SUNRISE AND SUNSET
NOVEMBER  5 2014......SUNRISE   704 AM CST   SUNSET   514 PM CST
NOVEMBER  6 2014......SUNRISE   705 AM CST   SUNSET   513 PM CST


-  INDICATES NEGATIVE NUMBERS.
R  INDICATES RECORD WAS SET OR TIED.
MM INDICATES DATA IS MISSING.
T  INDICATES TRACE AMOUNT.




$$
