000
CDUS43 KFSD 010702
CLISUX


CLIMATE REPORT
NATIONAL WEATHER SERVICE SIOUX FALLS SD
201 AM CDT SAT JUL 1 2017


...................................

...THE SIOUX CITY IA CLIMATE SUMMARY FOR JUNE 30 2017...

CLIMATE NORMAL PERIOD 1981 TO 2010
CLIMATE RECORD PERIOD 1889 TO 2017


WEATHER ITEM   OBSERVED TIME   RECORD YEAR NORMAL DEPARTURE LAST
                VALUE   (LST)  VALUE       VALUE  FROM      YEAR
                                                  NORMAL
..................................................................
TEMPERATURE (F)
 YESTERDAY
  MAXIMUM         80    311 PM 104    1961  85     -5       86
  MINIMUM         57   1152 PM  49    1892  62     -5       65
  AVERAGE         69                        74     -5       76

PRECIPITATION (IN)
  YESTERDAY        0.00          1.81 2014   0.12  -0.12     0.02
  MONTH TO DATE    1.72                      3.89  -2.17     1.38
  SINCE JUN 1      1.72                      3.89  -2.17     1.38
  SINCE JAN 1     11.19                     13.87  -2.68    17.11

SNOWFALL (IN)
  YESTERDAY        0.0           0.0    MM   0.0    0.0      0.0
  MONTH TO DATE    0.0                       0.0    0.0      0.0
  SINCE JUN 1      0.0                       0.0    0.0      0.0
  SINCE JUL 1     28.6                      34.8   -6.2     57.6
  SNOW DEPTH       0

DEGREE DAYS
 HEATING
  YESTERDAY        0                         0      0        0
  MONTH TO DATE   10                        24    -14        0
  SINCE JUN 1     10                        27    -17        0
  SINCE JUL 1   5648                      6861  -1213     5655

 COOLING
  YESTERDAY        4                         9     -5       11
  MONTH TO DATE  255                       188     67      333
  SINCE JUN 1    255                       188     67      333
  SINCE JAN 1    293                       252     41      385
..................................................................


WIND (MPH)
  HIGHEST WIND SPEED    18   HIGHEST WIND DIRECTION    NW (330)
  HIGHEST GUST SPEED    21   HIGHEST GUST DIRECTION    NW (330)
  AVERAGE WIND SPEED     7.1


SKY COVER
  POSSIBLE SUNSHINE  MM
  AVERAGE SKY COVER 0.1


WEATHER CONDITIONS
 THE FOLLOWING WEATHER WAS RECORDED YESTERDAY.
  FOG


RELATIVE HUMIDITY (PERCENT)
 HIGHEST   100          1200 AM
 LOWEST     52           200 PM
 AVERAGE    76

..........................................................


THE SIOUX CITY IA CLIMATE NORMALS FOR TODAY
                         NORMAL    RECORD    YEAR
 MAXIMUM TEMPERATURE (F)   85       101      1911
 MINIMUM TEMPERATURE (F)   62        44      1995


SUNRISE AND SUNSET
JULY  1 2017..........SUNRISE   553 AM CDT   SUNSET   906 PM CDT
JULY  2 2017..........SUNRISE   553 AM CDT   SUNSET   906 PM CDT


-  INDICATES NEGATIVE NUMBERS.
R  INDICATES RECORD WAS SET OR TIED.
MM INDICATES DATA IS MISSING.
T  INDICATES TRACE AMOUNT.




$$
