000
CDUS43 KFSD 180633
CLISUX


CLIMATE REPORT
NATIONAL WEATHER SERVICE SIOUX FALLS SD
132 AM CDT WED MAY 18 2016


...................................

...THE SIOUX CITY IA CLIMATE SUMMARY FOR MAY 17 2016...

CLIMATE NORMAL PERIOD 1981 TO 2010
CLIMATE RECORD PERIOD 1889 TO 2016


WEATHER ITEM   OBSERVED TIME   RECORD YEAR NORMAL DEPARTURE LAST
                VALUE   (LST)  VALUE       VALUE  FROM      YEAR
                                                  NORMAL
..................................................................
TEMPERATURE (F)
 YESTERDAY
  MAXIMUM         72    401 PM  97    1996  73     -1       75
  MINIMUM         39    511 AM  30    2014  49    -10       49
  AVERAGE         56                        61     -5       62

PRECIPITATION (IN)
  YESTERDAY        0.00          3.38 1892   0.12  -0.12     0.02
  MONTH TO DATE    1.69                      2.00  -0.31     2.19
  SINCE MAR 1     10.56                      6.95   3.61     5.60
  SINCE JAN 1     12.40                      8.24   4.16     6.56

SNOWFALL (IN)
  YESTERDAY        0.0           0.0    MM   0.0    0.0      0.0
  MONTH TO DATE    0.0                       0.2   -0.2      0.0
  SINCE MAR 1     14.5                       8.5    6.0       T
  SINCE JUL 1     57.6                      35.0   22.6     21.5
  SNOW DEPTH       0

DEGREE DAYS
 HEATING
  YESTERDAY        9                         5      4        3
  MONTH TO DATE  143                       128     15       75
  SINCE MAR 1   1170                      1486   -316     1150
  SINCE JUL 1   5629                      6780  -1151     6316

 COOLING
  YESTERDAY        0                         2     -2        0
  MONTH TO DATE    3                        20    -17       18
  SINCE MAR 1      3                        31    -28       19
  SINCE JAN 1      3                        31    -28       19
..................................................................


WIND (MPH)
  HIGHEST WIND SPEED    17   HIGHEST WIND DIRECTION     N (10)
  HIGHEST GUST SPEED    21   HIGHEST GUST DIRECTION     N (10)
  AVERAGE WIND SPEED     7.2


SKY COVER
  POSSIBLE SUNSHINE  MM
  AVERAGE SKY COVER 0.1


WEATHER CONDITIONS
 THE FOLLOWING WEATHER WAS RECORDED YESTERDAY.
  FOG


RELATIVE HUMIDITY (PERCENT)
 HIGHEST    92           500 AM
 LOWEST     27           400 PM
 AVERAGE    60

..........................................................


THE SIOUX CITY IA CLIMATE NORMALS FOR TODAY
                         NORMAL    RECORD    YEAR
 MAXIMUM TEMPERATURE (F)   74        99      1934
 MINIMUM TEMPERATURE (F)   50        33      1915


SUNRISE AND SUNSET
MAY 18 2016...........SUNRISE   601 AM CDT   SUNSET   844 PM CDT
MAY 19 2016...........SUNRISE   600 AM CDT   SUNSET   845 PM CDT


-  INDICATES NEGATIVE NUMBERS.
R  INDICATES RECORD WAS SET OR TIED.
MM INDICATES DATA IS MISSING.
T  INDICATES TRACE AMOUNT.




$$
