000
CDUS43 KFSD 300630
CLISUX


CLIMATE REPORT
NATIONAL WEATHER SERVICE SIOUX FALLS SD
129 AM CDT WED AUG 30 2017


...................................

...THE SIOUX CITY IA CLIMATE SUMMARY FOR AUGUST 29 2017...

CLIMATE NORMAL PERIOD 1981 TO 2010
CLIMATE RECORD PERIOD 1889 TO 2017


WEATHER ITEM   OBSERVED TIME   RECORD YEAR NORMAL DEPARTURE LAST
                VALUE   (LST)  VALUE       VALUE  FROM      YEAR
                                                  NORMAL
..................................................................
TEMPERATURE (F)
 YESTERDAY
  MAXIMUM         79    343 PM 101    2012  82     -3       85
  MINIMUM         53    617 AM  40    1946  58     -5       67
  AVERAGE         66                        70     -4       76

PRECIPITATION (IN)
  YESTERDAY        0.00          3.16 1993   0.11  -0.11     0.12
  MONTH TO DATE    8.16                      3.01   5.15     5.03
  SINCE JUN 1     10.72                     10.34   0.38     8.60
  SINCE JAN 1     20.19                     20.32  -0.13    24.33

SNOWFALL (IN)
  YESTERDAY        0.0           0.0    MM   0.0    0.0      0.0
  MONTH TO DATE    0.0                       0.0    0.0      0.0
  SINCE JUN 1      0.0                       0.0    0.0      0.0
  SINCE JUL 1      0.0                       0.0    0.0      0.0
  SNOW DEPTH       0

DEGREE DAYS
 HEATING
  YESTERDAY        0                         1     -1        0
  MONTH TO DATE    8                         7      1        0
  SINCE JUN 1     18                        37    -19        0
  SINCE JUL 1      8                        10     -2        0

 COOLING
  YESTERDAY        1                         6     -5       11
  MONTH TO DATE  132                       222    -90      270
  SINCE JUN 1    788                       703     85      952
  SINCE JAN 1    826                       767     59     1004
..................................................................


WIND (MPH)
  HIGHEST WIND SPEED     9   HIGHEST WIND DIRECTION    SE (130)
  HIGHEST GUST SPEED    11   HIGHEST GUST DIRECTION    SE (120)
  AVERAGE WIND SPEED     3.1


SKY COVER
  POSSIBLE SUNSHINE  MM
  AVERAGE SKY COVER 0.2


WEATHER CONDITIONS
 THE FOLLOWING WEATHER WAS RECORDED YESTERDAY.
  FOG
  FOG W/VISIBILITY <= 1/4 MILE


RELATIVE HUMIDITY (PERCENT)
 HIGHEST   100          1200 AM
 LOWEST     54           400 PM
 AVERAGE    77

..........................................................


THE SIOUX CITY IA CLIMATE NORMALS FOR TODAY
                         NORMAL    RECORD    YEAR
 MAXIMUM TEMPERATURE (F)   81       102      2012
 MINIMUM TEMPERATURE (F)   58        38      1915


SUNRISE AND SUNSET
AUGUST 30 2017........SUNRISE   649 AM CDT   SUNSET   802 PM CDT
AUGUST 31 2017........SUNRISE   650 AM CDT   SUNSET   801 PM CDT


-  INDICATES NEGATIVE NUMBERS.
R  INDICATES RECORD WAS SET OR TIED.
MM INDICATES DATA IS MISSING.
T  INDICATES TRACE AMOUNT.




$$
