575
CDUS43 KFSD 270633
CLISUX


CLIMATE REPORT
NATIONAL WEATHER SERVICE SIOUX FALLS SD
1231 AM CST WED JAN 27 2016


...................................

...THE SIOUX CITY IA CLIMATE SUMMARY FOR JANUARY 26 2016...

CLIMATE NORMAL PERIOD 1981 TO 2010
CLIMATE RECORD PERIOD 1889 TO 2016


WEATHER ITEM   OBSERVED TIME   RECORD YEAR NORMAL DEPARTURE LAST
                VALUE   (LST)  VALUE       VALUE  FROM      YEAR
                                                  NORMAL
..................................................................
TEMPERATURE (F)
 YESTERDAY
  MAXIMUM         34    404 PM  71    2002  31      3       55
  MINIMUM         13   1033 PM -23    1950  11      2       29
  AVERAGE         24                        21      3       42

PRECIPITATION (IN)
  YESTERDAY        T             0.54 1918   0.02  -0.02     0.00
  MONTH TO DATE    0.69                      0.51   0.18     0.34
  SINCE DEC 1      3.55                      1.31   2.24     1.74
  SINCE JAN 1      0.69                      0.51   0.18     0.34

SNOWFALL (IN)
  YESTERDAY        T             7.0  1918   0.2   -0.2      0.0
  MONTH TO DATE    4.9                       5.5   -0.6      4.5
  SINCE DEC 1     16.7                      13.3    3.4      8.3
  SINCE JUL 1     29.2                      18.7   10.5     12.8
  SNOW DEPTH       5

DEGREE DAYS
 HEATING
  YESTERDAY       41                        44     -3       23
  MONTH TO DATE 1166                      1166      0     1102
  SINCE DEC 1   2211                      2482   -271     2232
  SINCE JUL 1   3317                      3958   -641     3727

 COOLING
  YESTERDAY        0                         0      0        0
  MONTH TO DATE    0                         0      0        0
  SINCE DEC 1      0                         0      0        0
  SINCE JAN 1      0                         0      0        0
..................................................................


WIND (MPH)
  HIGHEST WIND SPEED    30   HIGHEST WIND DIRECTION    NW (320)
  HIGHEST GUST SPEED    36   HIGHEST GUST DIRECTION    NW (320)
  AVERAGE WIND SPEED    10.1


SKY COVER
  POSSIBLE SUNSHINE  MM
  AVERAGE SKY COVER 0.8


WEATHER CONDITIONS
 THE FOLLOWING WEATHER WAS RECORDED YESTERDAY.
  LIGHT SNOW
  FOG
  HAZE


RELATIVE HUMIDITY (PERCENT)
 HIGHEST    88          1100 PM
 LOWEST     63           500 PM
 AVERAGE    76

..........................................................


THE SIOUX CITY IA CLIMATE NORMALS FOR TODAY
                         NORMAL    RECORD    YEAR
 MAXIMUM TEMPERATURE (F)   31        63      1934
 MINIMUM TEMPERATURE (F)   11       -21      1902


SUNRISE AND SUNSET
JANUARY 27 2016.......SUNRISE   744 AM CST   SUNSET   532 PM CST
JANUARY 28 2016.......SUNRISE   743 AM CST   SUNSET   534 PM CST


-  INDICATES NEGATIVE NUMBERS.
R  INDICATES RECORD WAS SET OR TIED.
MM INDICATES DATA IS MISSING.
T  INDICATES TRACE AMOUNT.




$$
