000
CDUS43 KFSD 190631
CLISUX


CLIMATE REPORT
NATIONAL WEATHER SERVICE SIOUX FALLS SD
128 AM CDT TUE MAY 19 2015


...................................

...THE SIOUX CITY IA CLIMATE SUMMARY FOR MAY 18 2015...

CLIMATE NORMAL PERIOD 1981 TO 2010
CLIMATE RECORD PERIOD 1889 TO 2015


WEATHER ITEM   OBSERVED TIME   RECORD YEAR NORMAL DEPARTURE LAST
                VALUE   (LST)  VALUE       VALUE  FROM      YEAR
                                                  NORMAL
..................................................................
TEMPERATURE (F)
 YESTERDAY
  MAXIMUM         58    423 PM  99    1934  74    -16       75
  MINIMUM         40   1151 PM  33    1915  50    -10       41
  AVERAGE         49                        62    -13       58

PRECIPITATION (IN)
  YESTERDAY        0.00          1.35 1962   0.12  -0.12     0.00
  MONTH TO DATE    2.19                      2.12   0.07     0.58
  SINCE MAR 1      5.60                      7.07  -1.47     3.03
  SINCE JAN 1      6.56                      8.36  -1.80     3.80

SNOWFALL (IN)
  YESTERDAY        0.0           T    1968   0.0    0.0      0.0
  MONTH TO DATE    0.0                       0.2   -0.2      0.0
  SINCE MAR 1      T                         8.5   -8.5     10.0
  SINCE JUL 1     21.5                      35.0  -13.5     23.8
  SNOW DEPTH       0

DEGREE DAYS
 HEATING
  YESTERDAY       16                         5     11        7
  MONTH TO DATE   91                       133    -42      177
  SINCE MAR 1   1166                      1491   -325     1622
  SINCE JUL 1   6332                      6785   -453     7226

 COOLING
  YESTERDAY        0                         2     -2        0
  MONTH TO DATE   18                        22     -4       17
  SINCE MAR 1     19                        33    -14       26
  SINCE JAN 1     19                        33    -14       26
..................................................................


WIND (MPH)
  HIGHEST WIND SPEED    30   HIGHEST WIND DIRECTION    NW (320)
  HIGHEST GUST SPEED    39   HIGHEST GUST DIRECTION    NW (320)
  AVERAGE WIND SPEED    20.3


SKY COVER
  POSSIBLE SUNSHINE  MM
  AVERAGE SKY COVER 0.5


WEATHER CONDITIONS
 THE FOLLOWING WEATHER WAS RECORDED YESTERDAY.
  NO SIGNIFICANT WEATHER WAS OBSERVED.


RELATIVE HUMIDITY (PERCENT)
 HIGHEST    67          1100 PM
 LOWEST     43           300 PM
 AVERAGE    55

..........................................................


THE SIOUX CITY IA CLIMATE NORMALS FOR TODAY
                         NORMAL    RECORD    YEAR
 MAXIMUM TEMPERATURE (F)   74        99      1934
 MINIMUM TEMPERATURE (F)   50        32      2002
                                             1895


SUNRISE AND SUNSET
MAY 19 2015...........SUNRISE   600 AM CDT   SUNSET   844 PM CDT
MAY 20 2015...........SUNRISE   559 AM CDT   SUNSET   845 PM CDT


-  INDICATES NEGATIVE NUMBERS.
R  INDICATES RECORD WAS SET OR TIED.
MM INDICATES DATA IS MISSING.
T  INDICATES TRACE AMOUNT.




$$
