000
CDUS43 KFSD 282235
CLISUX


CLIMATE REPORT
NATIONAL WEATHER SERVICE SIOUX FALLS SD
534 PM CDT SAT OCT 28 2017


...................................

...THE SIOUX CITY IA CLIMATE SUMMARY FOR OCTOBER 28 2017...
VALID TODAY AS OF 0500 PM LOCAL TIME.

CLIMATE NORMAL PERIOD 1981 TO 2010
CLIMATE RECORD PERIOD 1889 TO 2017


WEATHER ITEM   OBSERVED TIME   RECORD YEAR NORMAL DEPARTURE LAST
                VALUE   (LST)  VALUE       VALUE  FROM      YEAR
                                                  NORMAL
..................................................................
TEMPERATURE (F)
 TODAY
  MAXIMUM         50    359 PM  84    1937  58     -8       78
  MINIMUM         17    648 AM   6    1925  34    -17       52
  AVERAGE         34                        46    -12       65

PRECIPITATION (IN)
  TODAY            0.00          0.85 1940   0.05  -0.05     0.00
  MONTH TO DATE    6.81                      1.99   4.82     1.60
  SINCE SEP 1      8.99                      4.95   4.04     4.38
  SINCE JAN 1     29.18                     25.49   3.69    28.73

SNOWFALL (IN)
  TODAY            0.0           2.4  1913   0.1   -0.1      0.0
  MONTH TO DATE    T                         0.8   -0.8      0.0
  SINCE SEP 1      T                         0.8   -0.8      0.0
  SINCE JUL 1      T                         0.8   -0.8      0.0
  SNOW DEPTH       0

DEGREE DAYS
 HEATING
  TODAY           31                        19     12        0
  MONTH TO DATE  334                       392    -58      269
  SINCE SEP 1    400                       524   -124      319
  SINCE JUL 1    408                       539   -131      319

 COOLING
  TODAY            0                         0      0        0
  MONTH TO DATE    0                         8     -8        0
  SINCE SEP 1    119                        92     27      143
  SINCE JAN 1    951                       869     82     1165
..................................................................


WIND (MPH)
  HIGHEST WIND SPEED    13   HIGHEST WIND DIRECTION    SW (210)
  HIGHEST GUST SPEED    15   HIGHEST GUST DIRECTION     S (200)
  AVERAGE WIND SPEED     6.3


SKY COVER
  POSSIBLE SUNSHINE  MM
  AVERAGE SKY COVER 0.0


WEATHER CONDITIONS
 THE FOLLOWING WEATHER WAS RECORDED TODAY.
  NO SIGNIFICANT WEATHER WAS OBSERVED.


RELATIVE HUMIDITY (PERCENT)
 HIGHEST    92           700 AM
 LOWEST     14           300 PM
 AVERAGE    53

..........................................................


THE SIOUX CITY IA CLIMATE NORMALS FOR TOMORROW
                         NORMAL    RECORD    YEAR
 MAXIMUM TEMPERATURE (F)   57        82      1937
 MINIMUM TEMPERATURE (F)   33         5      1925


SUNRISE AND SUNSET
OCTOBER 28 2017.......SUNRISE   754 AM CDT   SUNSET   624 PM CDT
OCTOBER 29 2017.......SUNRISE   756 AM CDT   SUNSET   622 PM CDT


-  INDICATES NEGATIVE NUMBERS.
R  INDICATES RECORD WAS SET OR TIED.
MM INDICATES DATA IS MISSING.
T  INDICATES TRACE AMOUNT.




$$
