000
CDUS43 KFSD 140633
CLISUX


CLIMATE REPORT
NATIONAL WEATHER SERVICE SIOUX FALLS SD
133 AM CDT THU AUG 14 2014


...................................

...THE SIOUX CITY IA CLIMATE SUMMARY FOR AUGUST 13 2014...

CLIMATE NORMAL PERIOD 1981 TO 2010
CLIMATE RECORD PERIOD 1889 TO 2014


WEATHER ITEM   OBSERVED TIME   RECORD YEAR NORMAL DEPARTURE LAST
                VALUE   (LST)  VALUE       VALUE  FROM      YEAR
                                                  NORMAL
..................................................................
TEMPERATURE (F)
 YESTERDAY
  MAXIMUM         82    422 PM 100    1938  84     -2       82
  MINIMUM         53    445 AM  45    2004  62     -9       51
  AVERAGE         68                        73     -5       67

PRECIPITATION (IN)
  YESTERDAY        0.00          1.77 1949   0.10  -0.10     0.00
  MONTH TO DATE    3.59                      1.32   2.27     1.08
  SINCE JUN 1     23.85                      8.65  15.20     4.81
  SINCE JAN 1     29.10                     18.63  10.47    18.04

SNOWFALL (IN)
  YESTERDAY        0.0           0.0    MM   0.0    0.0      0.0
  MONTH TO DATE    0.0                       0.0    0.0      0.0
  SINCE JUN 1      0.0                       0.0    0.0      0.0
  SINCE JUL 1      0.0                       0.0    0.0      0.0
  SNOW DEPTH       0

DEGREE DAYS
 HEATING
  YESTERDAY        0                         0      0        0
  MONTH TO DATE    0                         0      0        0
  SINCE JUN 1     26                        30     -4       55
  SINCE JUL 1      6                         3      3       15

 COOLING
  YESTERDAY        3                         8     -5        2
  MONTH TO DATE   89                       111    -22       63
  SINCE JUN 1    477                       592   -115      544
  SINCE JAN 1    598                       656    -58      600
..................................................................


WIND (MPH)
  HIGHEST WIND SPEED     9   HIGHEST WIND DIRECTION     S (160)
  HIGHEST GUST SPEED    12   HIGHEST GUST DIRECTION     S (180)
  AVERAGE WIND SPEED     3.9


SKY COVER
  POSSIBLE SUNSHINE  MM
  AVERAGE SKY COVER 0.0


WEATHER CONDITIONS
 THE FOLLOWING WEATHER WAS RECORDED YESTERDAY.
  FOG
  FOG W/VISIBILITY <= 1/4 MILE


RELATIVE HUMIDITY (PERCENT)
 HIGHEST   100           100 AM
 LOWEST     45           100 PM
 AVERAGE    73

..........................................................


THE SIOUX CITY IA CLIMATE NORMALS FOR TODAY
                         NORMAL    RECORD    YEAR
 MAXIMUM TEMPERATURE (F)   84       100      1988
 MINIMUM TEMPERATURE (F)   62        43      2004


SUNRISE AND SUNSET
AUGUST 14 2014........SUNRISE   632 AM CDT   SUNSET   828 PM CDT
AUGUST 15 2014........SUNRISE   633 AM CDT   SUNSET   827 PM CDT


-  INDICATES NEGATIVE NUMBERS.
R  INDICATES RECORD WAS SET OR TIED.
MM INDICATES DATA IS MISSING.
T  INDICATES TRACE AMOUNT.




$$
