000
CDUS43 KFSD 170918
CLISUX


CLIMATE REPORT
NATIONAL WEATHER SERVICE SIOUX FALLS SD
415 AM CDT WED JUN 17 2015


...................................

...THE SIOUX CITY IA CLIMATE SUMMARY FOR JUNE 16 2015...

CLIMATE NORMAL PERIOD 1981 TO 2010
CLIMATE RECORD PERIOD 1889 TO 2015


WEATHER ITEM   OBSERVED TIME   RECORD YEAR NORMAL DEPARTURE LAST
                VALUE   (LST)  VALUE       VALUE  FROM      YEAR
                                                  NORMAL
..................................................................
TEMPERATURE (F)
 YESTERDAY
  MAXIMUM         80    343 PM 106    1946  83     -3       85
  MINIMUM         53    510 AM  43    1999  59     -6       59
  AVERAGE         67                        71     -4       72

PRECIPITATION (IN)
  YESTERDAY        0.00          2.71 2006   0.13  -0.13     2.12
  MONTH TO DATE    3.64                      2.13   1.51    10.19
  SINCE JUN 1      3.64                      2.13   1.51    10.19
  SINCE JAN 1     11.54                     12.11  -0.57    15.44

SNOWFALL (IN)
  YESTERDAY        0.0           0.0    MM   0.0    0.0      0.0
  MONTH TO DATE    0.0                       0.0    0.0      0.0
  SINCE JUN 1      0.0                       0.0    0.0      0.0
  SINCE JUL 1     21.5                      34.8  -13.3     23.8
  SNOW DEPTH       0

DEGREE DAYS
 HEATING
  YESTERDAY        0                         1     -1        0
  MONTH TO DATE    2                        22    -20       20
  SINCE JUN 1      2                        22    -20       20
  SINCE JUL 1   6409                      6856   -447     7246

 COOLING
  YESTERDAY        2                         6     -4        7
  MONTH TO DATE   99                        77     22       63
  SINCE JUN 1     99                        77     22       63
  SINCE JAN 1    128                       141    -13      184
..................................................................


WIND (MPH)
  HIGHEST WIND SPEED    17   HIGHEST WIND DIRECTION    SE (130)
  HIGHEST GUST SPEED    22   HIGHEST GUST DIRECTION    SE (130)
  AVERAGE WIND SPEED     6.9


SKY COVER
  POSSIBLE SUNSHINE  MM
  AVERAGE SKY COVER 0.2


WEATHER CONDITIONS
 THE FOLLOWING WEATHER WAS RECORDED YESTERDAY.
  NO SIGNIFICANT WEATHER WAS OBSERVED.


RELATIVE HUMIDITY (PERCENT)
 HIGHEST    87           100 AM
 LOWEST     43           600 PM
 AVERAGE    65

..........................................................


THE SIOUX CITY IA CLIMATE NORMALS FOR TODAY
                         NORMAL    RECORD    YEAR
 MAXIMUM TEMPERATURE (F)   83        98      1959
 MINIMUM TEMPERATURE (F)   59        43      1915


SUNRISE AND SUNSET
JUNE 17 2015..........SUNRISE   548 AM CDT   SUNSET   905 PM CDT
JUNE 18 2015..........SUNRISE   548 AM CDT   SUNSET   905 PM CDT


-  INDICATES NEGATIVE NUMBERS.
R  INDICATES RECORD WAS SET OR TIED.
MM INDICATES DATA IS MISSING.
T  INDICATES TRACE AMOUNT.




$$
