000
CDUS43 KFSD 210624
CLISUX


CLIMATE REPORT
NATIONAL WEATHER SERVICE SIOUX FALLS SD
124 AM CDT FRI AUG 21 2015


...................................

...THE SIOUX CITY IA CLIMATE SUMMARY FOR AUGUST 20 2015...

CLIMATE NORMAL PERIOD 1981 TO 2010
CLIMATE RECORD PERIOD 1889 TO 2015


WEATHER ITEM   OBSERVED TIME   RECORD YEAR NORMAL DEPARTURE LAST
                VALUE   (LST)  VALUE       VALUE  FROM      YEAR
                                                  NORMAL
..................................................................
TEMPERATURE (F)
 YESTERDAY
  MAXIMUM         81    155 PM 101    1947  83     -2       83
  MINIMUM         48    600 AM  37    1950  61    -13       68
  AVERAGE         65                        72     -7       76

PRECIPITATION (IN)
  YESTERDAY        0.01          2.12 2014   0.10  -0.09     2.12
  MONTH TO DATE    3.74                      2.07   1.67     6.39
  SINCE JUN 1     13.61                      9.40   4.21    26.65
  SINCE JAN 1     21.51                     19.38   2.13    31.90

SNOWFALL (IN)
  YESTERDAY       MM             0.0    MM   0.0   MM        0.0
  MONTH TO DATE    0.0                       0.0    0.0      0.0
  SINCE JUN 1      0.0                       0.0    0.0      0.0
  SINCE JUL 1      0.0                       0.0    0.0      0.0
  SNOW DEPTH       0

DEGREE DAYS
 HEATING
  YESTERDAY        0                         0      0        0
  MONTH TO DATE    5                         0      5        0
  SINCE JUN 1     10                        30    -20       26
  SINCE JUL 1      8                         3      5        6

 COOLING
  YESTERDAY        0                         7     -7       11
  MONTH TO DATE  161                       164     -3      158
  SINCE JUN 1    658                       645     13      546
  SINCE JAN 1    687                       709    -22      667
..................................................................


WIND (MPH)
  HIGHEST WIND SPEED    15   HIGHEST WIND DIRECTION     S (170)
  HIGHEST GUST SPEED    20   HIGHEST GUST DIRECTION     S (170)
  AVERAGE WIND SPEED     5.9


SKY COVER
  POSSIBLE SUNSHINE  MM
  AVERAGE SKY COVER 0.2


WEATHER CONDITIONS
 THE FOLLOWING WEATHER WAS RECORDED YESTERDAY.
  LIGHT RAIN


RELATIVE HUMIDITY (PERCENT)
 HIGHEST    89           700 AM
 LOWEST     48           100 PM
 AVERAGE    69

..........................................................


THE SIOUX CITY IA CLIMATE NORMALS FOR TODAY
                         NORMAL    RECORD    YEAR
 MAXIMUM TEMPERATURE (F)   83        99      1955
                                             1947
 MINIMUM TEMPERATURE (F)   60        47      2004
                                             1939


SUNRISE AND SUNSET
AUGUST 21 2015........SUNRISE   639 AM CDT   SUNSET   818 PM CDT
AUGUST 22 2015........SUNRISE   640 AM CDT   SUNSET   816 PM CDT


-  INDICATES NEGATIVE NUMBERS.
R  INDICATES RECORD WAS SET OR TIED.
MM INDICATES DATA IS MISSING.
T  INDICATES TRACE AMOUNT.




$$
