000
CDUS43 KFSD 240633
CLISUX


CLIMATE REPORT
NATIONAL WEATHER SERVICE SIOUX FALLS SD
129 AM CDT SUN AUG 24 2014


...................................

...THE SIOUX CITY IA CLIMATE SUMMARY FOR AUGUST 23 2014...

CLIMATE NORMAL PERIOD 1981 TO 2010
CLIMATE RECORD PERIOD 1889 TO 2014


WEATHER ITEM   OBSERVED TIME   RECORD YEAR NORMAL DEPARTURE LAST
                VALUE   (LST)  VALUE       VALUE  FROM      YEAR
                                                  NORMAL
..................................................................
TEMPERATURE (F)
 YESTERDAY
  MAXIMUM         88    529 PM 102    1938  83      5       87
  MINIMUM         70    656 AM  40    1891  60     10       67
  AVERAGE         79                        71      8       77

PRECIPITATION (IN)
  YESTERDAY        1.36          2.18 2010   0.10   1.26     0.00
  MONTH TO DATE    7.75                      2.38   5.37     2.74
  SINCE JUN 1     28.01                      9.71  18.30     6.47
  SINCE JAN 1     33.26                     19.69  13.57    19.70

SNOWFALL (IN)
  YESTERDAY        0.0           0.0    MM   0.0    0.0      0.0
  MONTH TO DATE    0.0                       0.0    0.0      0.0
  SINCE JUN 1      0.0                       0.0    0.0      0.0
  SINCE JUL 1      0.0                       0.0    0.0      0.0
  SNOW DEPTH       0

DEGREE DAYS
 HEATING
  YESTERDAY        0                         1     -1        0
  MONTH TO DATE    0                         1     -1        5
  SINCE JUN 1     26                        31     -5       60
  SINCE JUL 1      6                         4      2       20

 COOLING
  YESTERDAY       14                         7      7       12
  MONTH TO DATE  207                       185     22      136
  SINCE JUN 1    595                       666    -71      617
  SINCE JAN 1    716                       730    -14      673
..................................................................


WIND (MPH)
  HIGHEST WIND SPEED    21   HIGHEST WIND DIRECTION     W (250)
  HIGHEST GUST SPEED    30   HIGHEST GUST DIRECTION     W (250)
  AVERAGE WIND SPEED     9.4


SKY COVER
  POSSIBLE SUNSHINE  MM
  AVERAGE SKY COVER 0.3


WEATHER CONDITIONS
 THE FOLLOWING WEATHER WAS RECORDED YESTERDAY.
  THUNDERSTORM
  HEAVY RAIN
  RAIN
  LIGHT RAIN
  FOG


RELATIVE HUMIDITY (PERCENT)
 HIGHEST    97           700 AM
 LOWEST     65           400 PM
 AVERAGE    81

..........................................................


THE SIOUX CITY IA CLIMATE NORMALS FOR TODAY
                         NORMAL    RECORD    YEAR
 MAXIMUM TEMPERATURE (F)   83       108      1936
 MINIMUM TEMPERATURE (F)   60        42      1928


SUNRISE AND SUNSET
AUGUST 24 2014........SUNRISE   642 AM CDT   SUNSET   813 PM CDT
AUGUST 25 2014........SUNRISE   643 AM CDT   SUNSET   811 PM CDT


-  INDICATES NEGATIVE NUMBERS.
R  INDICATES RECORD WAS SET OR TIED.
MM INDICATES DATA IS MISSING.
T  INDICATES TRACE AMOUNT.




$$
