000
CDUS43 KFSD 130640
CLISUX


CLIMATE REPORT
NATIONAL WEATHER SERVICE SIOUX FALLS SD
138 AM CDT WED APR 13 2016


...................................

...THE SIOUX CITY IA CLIMATE SUMMARY FOR APRIL 12 2016...

CLIMATE NORMAL PERIOD 1981 TO 2010
CLIMATE RECORD PERIOD 1889 TO 2016


WEATHER ITEM   OBSERVED TIME   RECORD YEAR NORMAL DEPARTURE LAST
                VALUE   (LST)  VALUE       VALUE  FROM      YEAR
                                                  NORMAL
..................................................................
TEMPERATURE (F)
 YESTERDAY
  MAXIMUM         69    518 PM  86    2010  61      8       78
  MINIMUM         25    219 AM  15    1957  35    -10       47
  AVERAGE         47                        48     -1       63

PRECIPITATION (IN)
  YESTERDAY        0.00          1.31 1927   0.09  -0.09     0.24
  MONTH TO DATE    0.03                      1.07  -1.04     1.96
  SINCE MAR 1      3.09                      3.07   0.02     2.84
  SINCE JAN 1      4.93                      4.36   0.57     3.80

SNOWFALL (IN)
  YESTERDAY        0.0           1.3  1997   0.1   -0.1      0.0
  MONTH TO DATE    0.0                       1.1   -1.1      0.0
  SINCE MAR 1     14.5                       7.6    6.9       T
  SINCE JUL 1     57.6                      34.1   23.5     21.5
  SNOW DEPTH       0

DEGREE DAYS
 HEATING
  YESTERDAY       18                        17      1        2
  MONTH TO DATE  237                       233      4      166
  SINCE MAR 1    870                      1117   -247      873
  SINCE JUL 1   5329                      6411  -1082     6039

 COOLING
  YESTERDAY        0                         0      0        0
  MONTH TO DATE    0                         0      0        1
  SINCE MAR 1      0                         0      0        1
  SINCE JAN 1      0                         0      0        1
..................................................................


WIND (MPH)
  HIGHEST WIND SPEED    30   HIGHEST WIND DIRECTION     S (190)
  HIGHEST GUST SPEED    37   HIGHEST GUST DIRECTION    SW (210)
  AVERAGE WIND SPEED    15.4


SKY COVER
  POSSIBLE SUNSHINE  MM
  AVERAGE SKY COVER 0.4


WEATHER CONDITIONS
 THE FOLLOWING WEATHER WAS RECORDED YESTERDAY.
  NO SIGNIFICANT WEATHER WAS OBSERVED.


RELATIVE HUMIDITY (PERCENT)
 HIGHEST    69           300 AM
 LOWEST     23           400 PM
 AVERAGE    46

..........................................................


THE SIOUX CITY IA CLIMATE NORMALS FOR TODAY
                         NORMAL    RECORD    YEAR
 MAXIMUM TEMPERATURE (F)   62        91      2006
 MINIMUM TEMPERATURE (F)   36        15      1950


SUNRISE AND SUNSET
APRIL 13 2016.........SUNRISE   647 AM CDT   SUNSET   806 PM CDT
APRIL 14 2016.........SUNRISE   645 AM CDT   SUNSET   807 PM CDT


-  INDICATES NEGATIVE NUMBERS.
R  INDICATES RECORD WAS SET OR TIED.
MM INDICATES DATA IS MISSING.
T  INDICATES TRACE AMOUNT.




$$
