000
CDUS43 KFSD 081302
CLISUX


CLIMATE REPORT
NATIONAL WEATHER SERVICE SIOUX FALLS SD
801 AM CDT SUN MAY 8 2016


...................................

...THE SIOUX CITY IA CLIMATE SUMMARY FOR MAY 7 2016...

CLIMATE NORMAL PERIOD 1981 TO 2010
CLIMATE RECORD PERIOD 1889 TO 2016


WEATHER ITEM   OBSERVED TIME   RECORD YEAR NORMAL DEPARTURE LAST
                VALUE   (LST)  VALUE       VALUE  FROM      YEAR
                                                  NORMAL
..................................................................
TEMPERATURE (F)
 YESTERDAY
  MAXIMUM         70    323 PM  94    2014  70      0       75
  MINIMUM         51   1039 PM  30    1976  46      5       53
                                      1954
                                      1907
  AVERAGE         61                        58      3       64

PRECIPITATION (IN)
  YESTERDAY        T             1.61 1930   0.11  -0.11     0.31
  MONTH TO DATE    0.51                      0.79  -0.28     0.93
  SINCE MAR 1      9.38                      5.74   3.64     4.34
  SINCE JAN 1     11.22                      7.03   4.19     5.30

SNOWFALL (IN)
  YESTERDAY        0.0           3.0  1938   0.0    0.0      0.0
  MONTH TO DATE    0.0                       0.1   -0.1      0.0
  SINCE MAR 1     14.5                       8.4    6.1       T
  SINCE JUL 1     57.6                      34.9   22.7     21.5
  SNOW DEPTH       0

DEGREE DAYS
 HEATING
  YESTERDAY        4                         8     -4        1
  MONTH TO DATE   61                        63     -2       11
  SINCE MAR 1   1088                      1421   -333     1086
  SINCE JUL 1   5547                      6715  -1168     6252

 COOLING
  YESTERDAY        0                         1     -1        0
  MONTH TO DATE    3                         7     -4       11
  SINCE MAR 1      3                        18    -15       12
  SINCE JAN 1      3                        18    -15       12
..................................................................


WIND (MPH)
  HIGHEST WIND SPEED    30   HIGHEST WIND DIRECTION     N (10)
  HIGHEST GUST SPEED    36   HIGHEST GUST DIRECTION     N (10)
  AVERAGE WIND SPEED     9.7


SKY COVER
  POSSIBLE SUNSHINE  MM
  AVERAGE SKY COVER 0.3


WEATHER CONDITIONS
 THE FOLLOWING WEATHER WAS RECORDED YESTERDAY.
  THUNDERSTORM
  LIGHT RAIN
  HAZE


RELATIVE HUMIDITY (PERCENT)
 HIGHEST    72           100 AM
 LOWEST     31           300 PM
 AVERAGE    52

..........................................................


THE SIOUX CITY IA CLIMATE NORMALS FOR TODAY
                         NORMAL    RECORD    YEAR
 MAXIMUM TEMPERATURE (F)   71        98      1934
 MINIMUM TEMPERATURE (F)   46        28      1945


SUNRISE AND SUNSET
MAY  8 2016...........SUNRISE   611 AM CDT   SUNSET   834 PM CDT
MAY  9 2016...........SUNRISE   610 AM CDT   SUNSET   835 PM CDT


-  INDICATES NEGATIVE NUMBERS.
R  INDICATES RECORD WAS SET OR TIED.
MM INDICATES DATA IS MISSING.
T  INDICATES TRACE AMOUNT.




$$
