000
CDUS43 KFSD 140625
CLISUX


CLIMATE REPORT
NATIONAL WEATHER SERVICE SIOUX FALLS SD
125 AM CDT THU MAY 14 2015


...................................

...THE SIOUX CITY IA CLIMATE SUMMARY FOR MAY 13 2015...

CLIMATE NORMAL PERIOD 1981 TO 2010
CLIMATE RECORD PERIOD 1889 TO 2015


WEATHER ITEM   OBSERVED TIME   RECORD YEAR NORMAL DEPARTURE LAST
                VALUE   (LST)  VALUE       VALUE  FROM      YEAR
                                                  NORMAL
..................................................................
TEMPERATURE (F)
 YESTERDAY
  MAXIMUM         76    347 PM  95    1987  72      4       61
  MINIMUM         50    557 AM  25    1997  48      2       39
  AVERAGE         63                        60      3       50

PRECIPITATION (IN)
  YESTERDAY        0.10          1.50 1905   0.12  -0.02      T
  MONTH TO DATE    1.39                      1.51  -0.12     0.58
  SINCE MAR 1      4.80                      6.46  -1.66     3.03
  SINCE JAN 1      5.76                      7.75  -1.99     3.80

SNOWFALL (IN)
  YESTERDAY        0.0           T    1924   0.0    0.0      0.0
  MONTH TO DATE    0.0                       0.2   -0.2      0.0
  SINCE MAR 1      T                         8.5   -8.5     10.0
  SINCE JUL 1     21.5                      35.0  -13.5     23.8
  SNOW DEPTH       0

DEGREE DAYS
 HEATING
  YESTERDAY        2                         6     -4       15
  MONTH TO DATE   67                       105    -38      101
  SINCE MAR 1   1142                      1463   -321     1546
  SINCE JUL 1   6308                      6757   -449     7150

 COOLING
  YESTERDAY        0                         1     -1        0
  MONTH TO DATE   11                        13     -2       17
  SINCE MAR 1     12                        24    -12       26
  SINCE JAN 1     12                        24    -12       26
..................................................................


WIND (MPH)
  HIGHEST WIND SPEED    32   HIGHEST WIND DIRECTION     S (180)
  HIGHEST GUST SPEED    38   HIGHEST GUST DIRECTION     S (180)
  AVERAGE WIND SPEED    18.7


SKY COVER
  POSSIBLE SUNSHINE  MM
  AVERAGE SKY COVER 0.1


WEATHER CONDITIONS
 THE FOLLOWING WEATHER WAS RECORDED YESTERDAY.
  LIGHT RAIN
  FOG


RELATIVE HUMIDITY (PERCENT)
 HIGHEST    86          1100 PM
 LOWEST     27           400 PM
 AVERAGE    57

..........................................................


THE SIOUX CITY IA CLIMATE NORMALS FOR TODAY
                         NORMAL    RECORD    YEAR
 MAXIMUM TEMPERATURE (F)   72       106      2013
 MINIMUM TEMPERATURE (F)   48        32      1907


SUNRISE AND SUNSET
MAY 14 2015...........SUNRISE   605 AM CDT   SUNSET   839 PM CDT
MAY 15 2015...........SUNRISE   604 AM CDT   SUNSET   840 PM CDT


-  INDICATES NEGATIVE NUMBERS.
R  INDICATES RECORD WAS SET OR TIED.
MM INDICATES DATA IS MISSING.
T  INDICATES TRACE AMOUNT.




$$
