000
CDUS43 KFSD 022223
CLISUX


CLIMATE REPORT
NATIONAL WEATHER SERVICE SIOUX FALLS SD
522 PM CDT TUE AUG 2 2016


...................................

...THE SIOUX CITY IA CLIMATE SUMMARY FOR AUGUST 2 2016...
VALID TODAY AS OF 0500 PM LOCAL TIME.

CLIMATE NORMAL PERIOD 1981 TO 2010
CLIMATE RECORD PERIOD 1889 TO 2016


WEATHER ITEM   OBSERVED TIME   RECORD YEAR NORMAL DEPARTURE LAST
                VALUE   (LST)  VALUE       VALUE  FROM      YEAR
                                                  NORMAL
..................................................................
TEMPERATURE (F)
 TODAY
  MAXIMUM         91    126 PM 103    1930  85      6       89
  MINIMUM         70    622 AM  50    1907  63      7       67
  AVERAGE         81                        74      7       78

PRECIPITATION (IN)
  TODAY            0.42          1.08 1909   0.10   0.32     0.00
  MONTH TO DATE    0.53                      0.20   0.33     0.00
  SINCE JUN 1      4.10                      7.53  -3.43     9.87
  SINCE JAN 1     19.83                     17.51   2.32    17.77

SNOWFALL (IN)
  TODAY            0.0           0.0    MM   0.0    0.0      0.0
  MONTH TO DATE    0.0                       0.0    0.0      0.0
  SINCE JUN 1      0.0                       0.0    0.0      0.0
  SINCE JUL 1      0.0                       0.0    0.0      0.0
  SNOW DEPTH       0

DEGREE DAYS
 HEATING
  TODAY            0                         0      0        0
  MONTH TO DATE    0                         0      0        0
  SINCE JUN 1      0                        30    -30        5
  SINCE JUL 1      0                         3     -3        3

 COOLING
  TODAY           16                         9      7       13
  MONTH TO DATE   30                        18     12       20
  SINCE JUN 1    712                       499    213      517
  SINCE JAN 1    764                       563    201      546
..................................................................


WIND (MPH)
  HIGHEST WIND SPEED    18   HIGHEST WIND DIRECTION    SE (150)
  HIGHEST GUST SPEED    22   HIGHEST GUST DIRECTION    SE (150)
  AVERAGE WIND SPEED     4.5


SKY COVER
  POSSIBLE SUNSHINE  MM
  AVERAGE SKY COVER 0.2


WEATHER CONDITIONS
 THE FOLLOWING WEATHER WAS RECORDED TODAY.
  THUNDERSTORM
  HEAVY RAIN
  LIGHT RAIN
  FOG


RELATIVE HUMIDITY (PERCENT)
 HIGHEST    93           500 AM
 LOWEST     50          1200 PM
 AVERAGE    72

..........................................................


THE SIOUX CITY IA CLIMATE NORMALS FOR TOMORROW
                         NORMAL    RECORD    YEAR
 MAXIMUM TEMPERATURE (F)   85       105      1930
 MINIMUM TEMPERATURE (F)   63        45      1907


SUNRISE AND SUNSET
AUGUST  2 2016........SUNRISE   620 AM CDT   SUNSET   843 PM CDT
AUGUST  3 2016........SUNRISE   621 AM CDT   SUNSET   842 PM CDT


-  INDICATES NEGATIVE NUMBERS.
R  INDICATES RECORD WAS SET OR TIED.
MM INDICATES DATA IS MISSING.
T  INDICATES TRACE AMOUNT.




$$
