926
CDUS43 KFSD 100624
CLISUX


CLIMATE REPORT
NATIONAL WEATHER SERVICE SIOUX FALLS SD
123 AM CDT MON APR 10 2017


...................................

...THE SIOUX CITY IA CLIMATE SUMMARY FOR APRIL 9 2017...

CLIMATE NORMAL PERIOD 1981 TO 2010
CLIMATE RECORD PERIOD 1889 TO 2017


WEATHER ITEM   OBSERVED TIME   RECORD YEAR NORMAL DEPARTURE LAST
                VALUE   (LST)  VALUE       VALUE  FROM      YEAR
                                                  NORMAL
..................................................................
TEMPERATURE (F)
 YESTERDAY
  MAXIMUM         71    225 PM  87    1977  60     11       57
  MINIMUM         48    506 AM  16    1928  34     14       19
  AVERAGE         60                        47     13       38

PRECIPITATION (IN)
  YESTERDAY        T             2.33 2013   0.09  -0.09     0.00
  MONTH TO DATE    0.50                      0.79  -0.29     0.03
  SINCE MAR 1      2.01                      2.79  -0.78     3.09
  SINCE JAN 1      3.60                      4.08  -0.48     4.93

SNOWFALL (IN)
  YESTERDAY        0.0           2.9  1913   0.1   -0.1      0.0
  MONTH TO DATE    0.0                       0.9   -0.9      0.0
  SINCE MAR 1      3.1                       7.4   -4.3     14.5
  SINCE JUL 1     28.6                      33.9   -5.3     57.6
  SNOW DEPTH       0

DEGREE DAYS
 HEATING
  YESTERDAY        5                        18    -13       27
  MONTH TO DATE  124                       180    -56      181
  SINCE MAR 1    893                      1064   -171      814
  SINCE JUL 1   5130                      6358  -1228     5273

 COOLING
  YESTERDAY        0                         0      0        0
  MONTH TO DATE    0                         0      0        0
  SINCE MAR 1      0                         0      0        0
  SINCE JAN 1      0                         0      0        0
..................................................................


WIND (MPH)
  HIGHEST WIND SPEED    28   HIGHEST WIND DIRECTION     N (10)
  HIGHEST GUST SPEED    33   HIGHEST GUST DIRECTION     N (10)
  AVERAGE WIND SPEED     9.9


SKY COVER
  POSSIBLE SUNSHINE  MM
  AVERAGE SKY COVER 0.6


WEATHER CONDITIONS
 THE FOLLOWING WEATHER WAS RECORDED YESTERDAY.
  LIGHT RAIN
  FOG


RELATIVE HUMIDITY (PERCENT)
 HIGHEST    96           500 AM
 LOWEST     60           500 PM
 AVERAGE    78

..........................................................


THE SIOUX CITY IA CLIMATE NORMALS FOR TODAY
                         NORMAL    RECORD    YEAR
 MAXIMUM TEMPERATURE (F)   60        84      2006
                                             1977
                                             1930
 MINIMUM TEMPERATURE (F)   35        20      1989


SUNRISE AND SUNSET
APRIL 10 2017.........SUNRISE   652 AM CDT   SUNSET   802 PM CDT
APRIL 11 2017.........SUNRISE   651 AM CDT   SUNSET   803 PM CDT


-  INDICATES NEGATIVE NUMBERS.
R  INDICATES RECORD WAS SET OR TIED.
MM INDICATES DATA IS MISSING.
T  INDICATES TRACE AMOUNT.




$$
