880
CDUS43 KFSD 080702
CLISUX


CLIMATE REPORT
NATIONAL WEATHER SERVICE SIOUX FALLS SD
101 AM CST WED FEB 8 2017


...................................

...THE SIOUX CITY IA CLIMATE SUMMARY FOR FEBRUARY 7 2017...

CLIMATE NORMAL PERIOD 1981 TO 2010
CLIMATE RECORD PERIOD 1889 TO 2017


WEATHER ITEM   OBSERVED TIME   RECORD YEAR NORMAL DEPARTURE LAST
                VALUE   (LST)  VALUE       VALUE  FROM      YEAR
                                                  NORMAL
..................................................................
TEMPERATURE (F)
 YESTERDAY
  MAXIMUM         40   1212 AM  69    1987  33      7       43
  MINIMUM         16   1158 PM -24    1905  13      3       25
  AVERAGE         28                        23      5       34

PRECIPITATION (IN)
  YESTERDAY        0.08          0.70 1928   0.02   0.06     0.01
  MONTH TO DATE    0.08                      0.14  -0.06     0.79
  SINCE DEC 1      2.23                      1.56   0.67     4.38
  SINCE JAN 1      0.75                      0.76  -0.01     1.52

SNOWFALL (IN)
  YESTERDAY        1.0           5.0  1928   0.2    0.8      0.2
                                      1892
  MONTH TO DATE    1.0                       1.7   -0.7     12.8
  SINCE DEC 1     12.7                      16.2   -3.5     29.5
  SINCE JUL 1     13.7                      21.6   -7.9     42.0
  SNOW DEPTH       0

DEGREE DAYS
 HEATING
  YESTERDAY       37                        42     -5       31
  MONTH TO DATE  264                       299    -35      273
  SINCE DEC 1   2728                      2999   -271     2640
  SINCE JUL 1   3672                      4475   -803     3746

 COOLING
  YESTERDAY        0                         0      0        0
  MONTH TO DATE    0                         0      0        0
  SINCE DEC 1      0                         0      0        0
  SINCE JAN 1      0                         0      0        0
..................................................................


WIND (MPH)
  HIGHEST WIND SPEED    31   HIGHEST WIND DIRECTION    NW (320)
  HIGHEST GUST SPEED    38   HIGHEST GUST DIRECTION    NW (320)
  AVERAGE WIND SPEED    19.1


SKY COVER
  POSSIBLE SUNSHINE  MM
  AVERAGE SKY COVER 0.8


WEATHER CONDITIONS
 THE FOLLOWING WEATHER WAS RECORDED YESTERDAY.
  SNOW
  LIGHT SNOW
  FOG


RELATIVE HUMIDITY (PERCENT)
 HIGHEST   100          1200 AM
 LOWEST     62           700 PM
 AVERAGE    81

..........................................................


THE SIOUX CITY IA CLIMATE NORMALS FOR TODAY
                         NORMAL    RECORD    YEAR
 MAXIMUM TEMPERATURE (F)   33        62      2000
                                             1991
                                             1954
 MINIMUM TEMPERATURE (F)   13       -27      1899


SUNRISE AND SUNSET
FEBRUARY  8 2017......SUNRISE   731 AM CST   SUNSET   549 PM CST
FEBRUARY  9 2017......SUNRISE   730 AM CST   SUNSET   550 PM CST


-  INDICATES NEGATIVE NUMBERS.
R  INDICATES RECORD WAS SET OR TIED.
MM INDICATES DATA IS MISSING.
T  INDICATES TRACE AMOUNT.




$$
