000
CDUS43 KFSD 040636
CLISUX


CLIMATE REPORT
NATIONAL WEATHER SERVICE SIOUX FALLS SD
135 AM CDT FRI APR 4 2014


...................................

...THE SIOUX CITY IA CLIMATE SUMMARY FOR APRIL 3 2014...

CLIMATE NORMAL PERIOD 1981 TO 2010
CLIMATE RECORD PERIOD 1889 TO 2014


WEATHER ITEM   OBSERVED TIME   RECORD YEAR NORMAL DEPARTURE LAST
                VALUE   (LST)  VALUE       VALUE  FROM      YEAR
                                                  NORMAL
..................................................................
TEMPERATURE (F)
 YESTERDAY
  MAXIMUM         41    131 AM  85    1921  57    -16       60
  MINIMUM         33   1159 PM  -2    1975  32      1       26
  AVERAGE         37                        44     -7       43

PRECIPITATION (IN)
  YESTERDAY        0.59          0.98 1968   0.08   0.51     0.00
  MONTH TO DATE    0.60                      0.25   0.35     0.00
  SINCE MAR 1      0.98                      2.25  -1.27     2.00
  SINCE JAN 1      1.75                      3.54  -1.79     3.20

SNOWFALL (IN)
  YESTERDAY        2.5           3.7  1945   0.1    2.4      0.0
  MONTH TO DATE    2.5                       0.3    2.2      0.0
  SINCE MAR 1      7.2                       6.8    0.4     11.7
  SINCE JUL 1     21.0                      33.3  -12.3     32.5
  SNOW DEPTH       0

DEGREE DAYS
 HEATING
  YESTERDAY       28                        21      7       22
  MONTH TO DATE   91                        64     27       89
  SINCE MAR 1   1071                       948    123     1136
  SINCE JUL 1   6675                      6242    433     6285

 COOLING
  YESTERDAY        0                         0      0        0
  MONTH TO DATE    0                         0      0        0
  SINCE MAR 1      0                         0      0        0
  SINCE JAN 1      0                         0      0        0
..................................................................


WIND (MPH)
  HIGHEST WIND SPEED    26   HIGHEST WIND DIRECTION     N (340)
  HIGHEST GUST SPEED    32   HIGHEST GUST DIRECTION    NW (330)
  AVERAGE WIND SPEED    12.5


SKY COVER
  POSSIBLE SUNSHINE  MM
  AVERAGE SKY COVER 1.0


WEATHER CONDITIONS
 THE FOLLOWING WEATHER WAS RECORDED YESTERDAY.
  HEAVY RAIN
  LIGHT RAIN
  LIGHT SNOW
  FOG


RELATIVE HUMIDITY (PERCENT)
 HIGHEST    96           600 PM
 LOWEST     79          1200 AM
 AVERAGE    88

..........................................................


THE SIOUX CITY IA CLIMATE NORMALS FOR TODAY
                         NORMAL    RECORD    YEAR
 MAXIMUM TEMPERATURE (F)   57        90      1929
 MINIMUM TEMPERATURE (F)   32        15      2002


SUNRISE AND SUNSET
APRIL  4 2014.........SUNRISE   703 AM CDT   SUNSET   755 PM CDT
APRIL  5 2014.........SUNRISE   701 AM CDT   SUNSET   756 PM CDT


-  INDICATES NEGATIVE NUMBERS.
R  INDICATES RECORD WAS SET OR TIED.
MM INDICATES DATA IS MISSING.
T  INDICATES TRACE AMOUNT.




$$
