000
CDUS43 KFSD 290635
CLISUX


CLIMATE REPORT
NATIONAL WEATHER SERVICE SIOUX FALLS SD
135 AM CDT SUN MAY 29 2016


...................................

...THE SIOUX CITY IA CLIMATE SUMMARY FOR MAY 28 2016...

CLIMATE NORMAL PERIOD 1981 TO 2010
CLIMATE RECORD PERIOD 1889 TO 2016


WEATHER ITEM   OBSERVED TIME   RECORD YEAR NORMAL DEPARTURE LAST
                VALUE   (LST)  VALUE       VALUE  FROM      YEAR
                                                  NORMAL
..................................................................
TEMPERATURE (F)
 YESTERDAY
  MAXIMUM         74    117 PM  98    2006  77     -3       78
  MINIMUM         59   1103 PM  31    1947  53      6       56
  AVERAGE         67                        65      2       67

PRECIPITATION (IN)
  YESTERDAY        0.04          2.16 1959   0.12  -0.08      T
  MONTH TO DATE    4.88                      3.34   1.54     3.31
  SINCE MAR 1     13.75                      8.29   5.46     6.72
  SINCE JAN 1     15.59                      9.58   6.01     7.68

SNOWFALL (IN)
  YESTERDAY        0.0           0.8  1947   0.0    0.0      0.0
  MONTH TO DATE    0.0                       0.2   -0.2      0.0
  SINCE MAR 1     14.5                       8.5    6.0       T
  SINCE JUL 1     57.6                      35.0   22.6     21.5
  SNOW DEPTH       0

DEGREE DAYS
 HEATING
  YESTERDAY        0                         3     -3        0
  MONTH TO DATE  169                       173     -4      151
  SINCE MAR 1   1196                      1531   -335     1226
  SINCE JUL 1   5655                      6825  -1170     6392

 COOLING
  YESTERDAY        2                         3     -1        2
  MONTH TO DATE   35                        45    -10       27
  SINCE MAR 1     35                        56    -21       28
  SINCE JAN 1     35                        56    -21       28
..................................................................


WIND (MPH)
  HIGHEST WIND SPEED    22   HIGHEST WIND DIRECTION    NW (310)
  HIGHEST GUST SPEED    27   HIGHEST GUST DIRECTION    NW (310)
  AVERAGE WIND SPEED    10.0


SKY COVER
  POSSIBLE SUNSHINE  MM
  AVERAGE SKY COVER 0.7


WEATHER CONDITIONS
 THE FOLLOWING WEATHER WAS RECORDED YESTERDAY.
  THUNDERSTORM
  LIGHT RAIN
  FOG


RELATIVE HUMIDITY (PERCENT)
 HIGHEST    93          1200 AM
 LOWEST     61           200 PM
 AVERAGE    77

..........................................................


THE SIOUX CITY IA CLIMATE NORMALS FOR TODAY
                         NORMAL    RECORD    YEAR
 MAXIMUM TEMPERATURE (F)   77       103      1934
 MINIMUM TEMPERATURE (F)   53        27      1947


SUNRISE AND SUNSET
MAY 29 2016...........SUNRISE   552 AM CDT   SUNSET   854 PM CDT
MAY 30 2016...........SUNRISE   552 AM CDT   SUNSET   855 PM CDT


-  INDICATES NEGATIVE NUMBERS.
R  INDICATES RECORD WAS SET OR TIED.
MM INDICATES DATA IS MISSING.
T  INDICATES TRACE AMOUNT.




$$
