000
CDUS43 KFSD 070624
CLISUX


CLIMATE REPORT
NATIONAL WEATHER SERVICE SIOUX FALLS SD
1223 AM CST WED DEC 7 2016


...................................

...THE SIOUX CITY IA CLIMATE SUMMARY FOR DECEMBER 6 2016...

CLIMATE NORMAL PERIOD 1981 TO 2010
CLIMATE RECORD PERIOD 1889 TO 2016


WEATHER ITEM   OBSERVED TIME   RECORD YEAR NORMAL DEPARTURE LAST
                VALUE   (LST)  VALUE       VALUE  FROM      YEAR
                                                  NORMAL
..................................................................
TEMPERATURE (F)
 YESTERDAY
  MAXIMUM         33    243 PM  71    1939  35     -2       47
  MINIMUM         18   1159 PM -16    2005  16      2       28
  AVERAGE         26                        25      1       38

PRECIPITATION (IN)
  YESTERDAY        0.00          0.57 1994   0.03  -0.03     0.00
  MONTH TO DATE    0.05                      0.19  -0.14     0.21
  SINCE DEC 1      0.05                      0.19  -0.14     0.21
  SINCE JAN 1     30.82                     27.13   3.69    32.49

SNOWFALL (IN)
  YESTERDAY        0.0           9.2  1994   0.3   -0.3      0.0
  MONTH TO DATE    0.2                       1.5   -1.3      3.2
  SINCE DEC 1      0.2                       1.5   -1.3      3.2
  SINCE JUL 1      1.2                       6.9   -5.7     15.7
  SNOW DEPTH       0

DEGREE DAYS
 HEATING
  YESTERDAY       39                        40     -1       27
  MONTH TO DATE  186                       234    -48      214
  SINCE DEC 1    186                       234    -48      214
  SINCE JUL 1   1130                      1710   -580     1320

 COOLING
  YESTERDAY        0                         0      0        0
  MONTH TO DATE    0                         0      0        0
  SINCE DEC 1      0                         0      0        0
  SINCE JAN 1   1165                       869    296      889
..................................................................


WIND (MPH)
  HIGHEST WIND SPEED    29   HIGHEST WIND DIRECTION     W (290)
  HIGHEST GUST SPEED    37   HIGHEST GUST DIRECTION    NW (300)
  AVERAGE WIND SPEED    17.4


SKY COVER
  POSSIBLE SUNSHINE  MM
  AVERAGE SKY COVER 0.2


WEATHER CONDITIONS
 THE FOLLOWING WEATHER WAS RECORDED YESTERDAY.
  NO SIGNIFICANT WEATHER WAS OBSERVED.


RELATIVE HUMIDITY (PERCENT)
 HIGHEST    69          1200 AM
 LOWEST     39           300 PM
 AVERAGE    54

..........................................................


THE SIOUX CITY IA CLIMATE NORMALS FOR TODAY
                         NORMAL    RECORD    YEAR
 MAXIMUM TEMPERATURE (F)   34        68      1984
 MINIMUM TEMPERATURE (F)   15       -11      1976


SUNRISE AND SUNSET
DECEMBER  7 2016......SUNRISE   742 AM CST   SUNSET   453 PM CST
DECEMBER  8 2016......SUNRISE   743 AM CST   SUNSET   453 PM CST


-  INDICATES NEGATIVE NUMBERS.
R  INDICATES RECORD WAS SET OR TIED.
MM INDICATES DATA IS MISSING.
T  INDICATES TRACE AMOUNT.




$$
