000
CDUS43 KFSD 220637
CLISUX


CLIMATE REPORT
NATIONAL WEATHER SERVICE SIOUX FALLS SD
134 AM CDT SAT APR 22 2017


...................................

...THE SIOUX CITY IA CLIMATE SUMMARY FOR APRIL 21 2017...

CLIMATE NORMAL PERIOD 1981 TO 2010
CLIMATE RECORD PERIOD 1889 TO 2017


WEATHER ITEM   OBSERVED TIME   RECORD YEAR NORMAL DEPARTURE LAST
                VALUE   (LST)  VALUE       VALUE  FROM      YEAR
                                                  NORMAL
..................................................................
TEMPERATURE (F)
 YESTERDAY
  MAXIMUM         58    515 PM  94    1980  65     -7       71
  MINIMUM         32    531 AM  23    1966  39     -7       48
                                      1927
  AVERAGE         45                        52     -7       60

PRECIPITATION (IN)
  YESTERDAY        0.00          1.00 1891   0.11  -0.11     0.12
  MONTH TO DATE    1.35                      1.99  -0.64     2.61
  SINCE MAR 1      2.86                      3.99  -1.13     5.67
  SINCE JAN 1      4.45                      5.28  -0.83     7.51

SNOWFALL (IN)
  YESTERDAY        0.0           1.0  1927   0.1   -0.1      0.0
  MONTH TO DATE    T                         1.6   -1.6      0.0
  SINCE MAR 1      3.1                       8.1   -5.0     14.5
  SINCE JUL 1     28.6                      34.6   -6.0     57.6
  SNOW DEPTH       0

DEGREE DAYS
 HEATING
  YESTERDAY       20                        14      6        5
  MONTH TO DATE  274                       369    -95      290
  SINCE MAR 1   1043                      1253   -210      923
  SINCE JUL 1   5280                      6547  -1267     5382

 COOLING
  YESTERDAY        0                         1     -1        0
  MONTH TO DATE    1                         1      0        0
  SINCE MAR 1      1                         1      0        0
  SINCE JAN 1      1                         1      0        0
..................................................................


WIND (MPH)
  HIGHEST WIND SPEED    16   HIGHEST WIND DIRECTION     E (70)
  HIGHEST GUST SPEED    20   HIGHEST GUST DIRECTION     E (70)
  AVERAGE WIND SPEED     7.0


SKY COVER
  POSSIBLE SUNSHINE  MM
  AVERAGE SKY COVER 0.1


WEATHER CONDITIONS
 THE FOLLOWING WEATHER WAS RECORDED YESTERDAY.
  FOG


RELATIVE HUMIDITY (PERCENT)
 HIGHEST   100           400 AM
 LOWEST     47           500 PM
 AVERAGE    74

..........................................................


THE SIOUX CITY IA CLIMATE NORMALS FOR TODAY
                         NORMAL    RECORD    YEAR
 MAXIMUM TEMPERATURE (F)   65        97      1980
 MINIMUM TEMPERATURE (F)   40        24      2015


SUNRISE AND SUNSET
APRIL 22 2017.........SUNRISE   633 AM CDT   SUNSET   815 PM CDT
APRIL 23 2017.........SUNRISE   632 AM CDT   SUNSET   817 PM CDT


-  INDICATES NEGATIVE NUMBERS.
R  INDICATES RECORD WAS SET OR TIED.
MM INDICATES DATA IS MISSING.
T  INDICATES TRACE AMOUNT.




$$
