874
CDUS43 KFSD 280628
CLISUX


CLIMATE REPORT
NATIONAL WEATHER SERVICE SIOUX FALLS SD
128 AM CDT TUE MAR 28 2017


...................................

...THE SIOUX CITY IA CLIMATE SUMMARY FOR MARCH 27 2017...

CLIMATE NORMAL PERIOD 1981 TO 2010
CLIMATE RECORD PERIOD 1889 TO 2017


WEATHER ITEM   OBSERVED TIME   RECORD YEAR NORMAL DEPARTURE LAST
                VALUE   (LST)  VALUE       VALUE  FROM      YEAR
                                                  NORMAL
..................................................................
TEMPERATURE (F)
 YESTERDAY
  MAXIMUM         58    438 PM  82    1989  53      5       43
                                      1905
  MINIMUM         34   1124 PM   8    1955  29      5       26
                                      1913
  AVERAGE         46                        41      5       35

PRECIPITATION (IN)
  YESTERDAY        0.00          1.56 1890   0.08  -0.08     0.00
  MONTH TO DATE    1.07                      1.64  -0.57     2.78
  SINCE MAR 1      1.07                      1.64  -0.57     2.78
  SINCE JAN 1      2.66                      2.93  -0.27     4.62

SNOWFALL (IN)
  YESTERDAY        0.0           6.0  1991   0.2   -0.2      0.0
  MONTH TO DATE    3.1                       5.9   -2.8     14.5
  SINCE MAR 1      3.1                       5.9   -2.8     14.5
  SINCE JUL 1     28.6                      32.4   -3.8     57.6
  SNOW DEPTH       0

DEGREE DAYS
 HEATING
  YESTERDAY       19                        24     -5       30
  MONTH TO DATE  688                       794   -106      570
  SINCE MAR 1    688                       794   -106      570
  SINCE JUL 1   4925                      6088  -1163     5029

 COOLING
  YESTERDAY        0                         0      0        0
  MONTH TO DATE    0                         0      0        0
  SINCE MAR 1      0                         0      0        0
  SINCE JAN 1      0                         0      0        0
..................................................................


WIND (MPH)
  HIGHEST WIND SPEED    12   HIGHEST WIND DIRECTION     E (90)
  HIGHEST GUST SPEED    14   HIGHEST GUST DIRECTION     E (90)
  AVERAGE WIND SPEED     4.0


SKY COVER
  POSSIBLE SUNSHINE  MM
  AVERAGE SKY COVER 0.6


WEATHER CONDITIONS
 THE FOLLOWING WEATHER WAS RECORDED YESTERDAY.
  FOG


RELATIVE HUMIDITY (PERCENT)
 HIGHEST   100          1100 PM
 LOWEST     51           400 PM
 AVERAGE    76

..........................................................


THE SIOUX CITY IA CLIMATE NORMALS FOR TODAY
                         NORMAL    RECORD    YEAR
 MAXIMUM TEMPERATURE (F)   54        83      1986
 MINIMUM TEMPERATURE (F)   30         9      1969


SUNRISE AND SUNSET
MARCH 28 2017.........SUNRISE   714 AM CDT   SUNSET   747 PM CDT
MARCH 29 2017.........SUNRISE   713 AM CDT   SUNSET   748 PM CDT


-  INDICATES NEGATIVE NUMBERS.
R  INDICATES RECORD WAS SET OR TIED.
MM INDICATES DATA IS MISSING.
T  INDICATES TRACE AMOUNT.




$$
