052
CDUS43 KFSD 230716
CLISUX


CLIMATE REPORT
NATIONAL WEATHER SERVICE SIOUX FALLS SD
215 AM CDT FRI JUN 23 2017


...................................

...THE SIOUX CITY IA CLIMATE SUMMARY FOR JUNE 22 2017...

CLIMATE NORMAL PERIOD 1981 TO 2010
CLIMATE RECORD PERIOD 1889 TO 2017


WEATHER ITEM   OBSERVED TIME   RECORD YEAR NORMAL DEPARTURE LAST
                VALUE   (LST)  VALUE       VALUE  FROM      YEAR
                                                  NORMAL
..................................................................
TEMPERATURE (F)
 YESTERDAY
  MAXIMUM         88    220 PM  99    1988  84      4       94
                                      1930
  MINIMUM         63    752 PM  44    1905  61      2       70
  AVERAGE         76                        72      4       82

PRECIPITATION (IN)
  YESTERDAY        T             1.19 1969   0.13  -0.13      T
  MONTH TO DATE    0.61                      2.89  -2.28     1.29
  SINCE JUN 1      0.61                      2.89  -2.28     1.29
  SINCE JAN 1     10.08                     12.87  -2.79    17.02

SNOWFALL (IN)
  YESTERDAY        0.0           0.0    MM   0.0    0.0      0.0
  MONTH TO DATE    0.0                       0.0    0.0      0.0
  SINCE JUN 1      0.0                       0.0    0.0      0.0
  SINCE JUL 1     28.6                      34.8   -6.2     57.6
  SNOW DEPTH       0

DEGREE DAYS
 HEATING
  YESTERDAY        0                         0      0        0
  MONTH TO DATE    0                        24    -24        0
  SINCE JUN 1      0                        24    -24        0
  SINCE JUL 1   5638                      6858  -1220     5655

 COOLING
  YESTERDAY       11                         8      3       17
  MONTH TO DATE  229                       120    109      242
  SINCE JUN 1    229                       120    109      242
  SINCE JAN 1    267                       184     83      294
..................................................................


WIND (MPH)
  HIGHEST WIND SPEED    21   HIGHEST WIND DIRECTION    NE (40)
  HIGHEST GUST SPEED    26   HIGHEST GUST DIRECTION    NE (40)
  AVERAGE WIND SPEED    11.2


SKY COVER
  POSSIBLE SUNSHINE  MM
  AVERAGE SKY COVER 0.2


WEATHER CONDITIONS
 THE FOLLOWING WEATHER WAS RECORDED YESTERDAY.
  LIGHT RAIN


RELATIVE HUMIDITY (PERCENT)
 HIGHEST    MM
 LOWEST     47          1200 AM
 AVERAGE    MM

..........................................................


THE SIOUX CITY IA CLIMATE NORMALS FOR TODAY
                         NORMAL    RECORD    YEAR
 MAXIMUM TEMPERATURE (F)   84       105      1937
 MINIMUM TEMPERATURE (F)   61        47      1942


SUNRISE AND SUNSET
JUNE 23 2017..........SUNRISE   549 AM CDT   SUNSET   906 PM CDT
JUNE 24 2017..........SUNRISE   550 AM CDT   SUNSET   907 PM CDT


-  INDICATES NEGATIVE NUMBERS.
R  INDICATES RECORD WAS SET OR TIED.
MM INDICATES DATA IS MISSING.
T  INDICATES TRACE AMOUNT.




$$
