000
CDUS43 KFSD 242236
CLISUX


CLIMATE REPORT
NATIONAL WEATHER SERVICE SIOUX FALLS SD
535 PM CDT TUE MAY 24 2016


...................................

...THE SIOUX CITY IA CLIMATE SUMMARY FOR MAY 24 2016...
VALID TODAY AS OF 0500 PM LOCAL TIME.

CLIMATE NORMAL PERIOD 1981 TO 2010
CLIMATE RECORD PERIOD 1889 TO 2016


WEATHER ITEM   OBSERVED TIME   RECORD YEAR NORMAL DEPARTURE LAST
                VALUE   (LST)  VALUE       VALUE  FROM      YEAR
                                                  NORMAL
..................................................................
TEMPERATURE (F)
 TODAY
  MAXIMUM         83    304 PM  98    1939  76      7       67
  MINIMUM         58    443 AM  34    1924  52      6       60
  AVERAGE         71                        64      7       64

PRECIPITATION (IN)
  TODAY            0.00          1.26 1996   0.12  -0.12     0.24
  MONTH TO DATE    3.32                      2.85   0.47     2.70
  SINCE MAR 1     12.19                      7.80   4.39     6.11
  SINCE JAN 1     14.03                      9.09   4.94     7.07

SNOWFALL (IN)
  TODAY            0.0           0.0    MM   0.0    0.0      0.0
  MONTH TO DATE    0.0                       0.2   -0.2      0.0
  SINCE MAR 1     14.5                       8.5    6.0       T
  SINCE JUL 1     57.6                      35.0   22.6     21.5
  SNOW DEPTH       0

DEGREE DAYS
 HEATING
  TODAY            0                         4     -4        1
  MONTH TO DATE  169                       160      9      147
  SINCE MAR 1   1196                      1518   -322     1222
  SINCE JUL 1   5655                      6812  -1157     6388

 COOLING
  TODAY            6                         2      4        0
  MONTH TO DATE   17                        34    -17       18
  SINCE MAR 1     17                        45    -28       19
  SINCE JAN 1     17                        45    -28       19
..................................................................


WIND (MPH)
  HIGHEST WIND SPEED    13   HIGHEST WIND DIRECTION    SE (120)
  HIGHEST GUST SPEED    15   HIGHEST GUST DIRECTION    SE (140)
  AVERAGE WIND SPEED     5.3


SKY COVER
  POSSIBLE SUNSHINE  MM
  AVERAGE SKY COVER 0.1


WEATHER CONDITIONS
 THE FOLLOWING WEATHER WAS RECORDED TODAY.
  FOG


RELATIVE HUMIDITY (PERCENT)
 HIGHEST    97           600 AM
 LOWEST     58           400 PM
 AVERAGE    78

..........................................................


THE SIOUX CITY IA CLIMATE NORMALS FOR TOMORROW
                         NORMAL    RECORD    YEAR
 MAXIMUM TEMPERATURE (F)   76       102      1967
 MINIMUM TEMPERATURE (F)   52        36      1925


SUNRISE AND SUNSET
MAY 24 2016...........SUNRISE   556 AM CDT   SUNSET   850 PM CDT
MAY 25 2016...........SUNRISE   555 AM CDT   SUNSET   851 PM CDT


-  INDICATES NEGATIVE NUMBERS.
R  INDICATES RECORD WAS SET OR TIED.
MM INDICATES DATA IS MISSING.
T  INDICATES TRACE AMOUNT.




$$
