000
CDUS43 KFSD 210919
CLISUX


CLIMATE REPORT
NATIONAL WEATHER SERVICE SIOUX FALLS SD
416 AM CDT THU AUG 21 2014


...................................

...THE SIOUX CITY IA CLIMATE SUMMARY FOR AUGUST 20 2014...

CLIMATE NORMAL PERIOD 1981 TO 2010
CLIMATE RECORD PERIOD 1889 TO 2014


WEATHER ITEM   OBSERVED TIME   RECORD YEAR NORMAL DEPARTURE LAST
                VALUE   (LST)  VALUE       VALUE  FROM      YEAR
                                                  NORMAL
..................................................................
TEMPERATURE (F)
 YESTERDAY
  MAXIMUM         83    558 PM 101    1947  83      0       89
  MINIMUM         68    713 AM  37    1950  61      7       71
  AVERAGE         76                        72      4       80

PRECIPITATION (IN)
  YESTERDAY        2.12R         2.01 1922   0.10   2.02     0.00
  MONTH TO DATE    6.39                      2.07   4.32     1.35
  SINCE JUN 1     26.65                      9.40  17.25     5.08
  SINCE JAN 1     31.90                     19.38  12.52    18.31

SNOWFALL (IN)
  YESTERDAY        0.0           0.0    MM   0.0    0.0      0.0
  MONTH TO DATE    0.0                       0.0    0.0      0.0
  SINCE JUN 1      0.0                       0.0    0.0      0.0
  SINCE JUL 1      0.0                       0.0    0.0      0.0
  SNOW DEPTH       0

DEGREE DAYS
 HEATING
  YESTERDAY        0                         0      0        0
  MONTH TO DATE    0                         0      0        5
  SINCE JUN 1     26                        30     -4       60
  SINCE JUL 1      6                         3      3       20

 COOLING
  YESTERDAY       11                         7      4       15
  MONTH TO DATE  158                       164     -6       99
  SINCE JUN 1    546                       645    -99      580
  SINCE JAN 1    667                       709    -42      636
..................................................................


WIND (MPH)
  HIGHEST WIND SPEED    38   HIGHEST WIND DIRECTION    NW (320)
  HIGHEST GUST SPEED    46   HIGHEST GUST DIRECTION    NW (320)
  AVERAGE WIND SPEED     8.7


SKY COVER
  POSSIBLE SUNSHINE  MM
  AVERAGE SKY COVER 0.4


WEATHER CONDITIONS
 THE FOLLOWING WEATHER WAS RECORDED YESTERDAY.
  THUNDERSTORM
  HEAVY RAIN
  RAIN
  LIGHT RAIN
  FOG


RELATIVE HUMIDITY (PERCENT)
 HIGHEST    93           200 PM
 LOWEST     79           900 AM
 AVERAGE    86

..........................................................


THE SIOUX CITY IA CLIMATE NORMALS FOR TODAY
                         NORMAL    RECORD    YEAR
 MAXIMUM TEMPERATURE (F)   83        99      1955
                                             1947
 MINIMUM TEMPERATURE (F)   60        47      2004
                                             1939


SUNRISE AND SUNSET
AUGUST 21 2014........SUNRISE   639 AM CDT   SUNSET   817 PM CDT
AUGUST 22 2014........SUNRISE   640 AM CDT   SUNSET   816 PM CDT


-  INDICATES NEGATIVE NUMBERS.
R  INDICATES RECORD WAS SET OR TIED.
MM INDICATES DATA IS MISSING.
T  INDICATES TRACE AMOUNT.




$$
