570
CDUS43 KFSD 260642
CLISUX


CLIMATE REPORT
NATIONAL WEATHER SERVICE SIOUX FALLS SD
141 AM CDT WED APR 26 2017


...................................

...THE SIOUX CITY IA CLIMATE SUMMARY FOR APRIL 25 2017...

CLIMATE NORMAL PERIOD 1981 TO 2010
CLIMATE RECORD PERIOD 1889 TO 2017


WEATHER ITEM   OBSERVED TIME   RECORD YEAR NORMAL DEPARTURE LAST
                VALUE   (LST)  VALUE       VALUE  FROM      YEAR
                                                  NORMAL
..................................................................
TEMPERATURE (F)
 YESTERDAY
  MAXIMUM         48    123 AM  93    1981  66    -18       66
  MINIMUM         38   1159 PM  25    2013  41     -3       47
  AVERAGE         43                        54    -11       57

PRECIPITATION (IN)
  YESTERDAY        0.10          2.09 1998   0.10   0.00     0.00
  MONTH TO DATE    1.45                      2.42  -0.97     2.81
  SINCE MAR 1      2.96                      4.42  -1.46     5.87
  SINCE JAN 1      4.55                      5.71  -1.16     7.71

SNOWFALL (IN)
  YESTERDAY        0.0           3.1  1937   0.0    0.0      0.0
  MONTH TO DATE    T                         1.7   -1.7      0.0
  SINCE MAR 1      3.1                       8.2   -5.1     14.5
  SINCE JUL 1     28.6                      34.7   -6.1     57.6
  SNOW DEPTH       0

DEGREE DAYS
 HEATING
  YESTERDAY       22                        12     10        8
  MONTH TO DATE  323                       420    -97      314
  SINCE MAR 1   1092                      1304   -212      947
  SINCE JUL 1   5329                      6598  -1269     5406

 COOLING
  YESTERDAY        0                         1     -1        0
  MONTH TO DATE    1                         5     -4        0
  SINCE MAR 1      1                         5     -4        0
  SINCE JAN 1      1                         5     -4        0
..................................................................


WIND (MPH)
  HIGHEST WIND SPEED    31   HIGHEST WIND DIRECTION     N (350)
  HIGHEST GUST SPEED    37   HIGHEST GUST DIRECTION     N (350)
  AVERAGE WIND SPEED    15.0


SKY COVER
  POSSIBLE SUNSHINE  MM
  AVERAGE SKY COVER 0.8


WEATHER CONDITIONS
 THE FOLLOWING WEATHER WAS RECORDED YESTERDAY.
  LIGHT RAIN
  FOG


RELATIVE HUMIDITY (PERCENT)
 HIGHEST   100           900 AM
 LOWEST     80          1200 AM
 AVERAGE    90

..........................................................


THE SIOUX CITY IA CLIMATE NORMALS FOR TODAY
                         NORMAL    RECORD    YEAR
 MAXIMUM TEMPERATURE (F)   67        91      1987
 MINIMUM TEMPERATURE (F)   41        25      1950


SUNRISE AND SUNSET
APRIL 26 2017.........SUNRISE   627 AM CDT   SUNSET   820 PM CDT
APRIL 27 2017.........SUNRISE   626 AM CDT   SUNSET   821 PM CDT


-  INDICATES NEGATIVE NUMBERS.
R  INDICATES RECORD WAS SET OR TIED.
MM INDICATES DATA IS MISSING.
T  INDICATES TRACE AMOUNT.




$$
