000
CDUS43 KFSD 030622
CLISUX


CLIMATE REPORT
NATIONAL WEATHER SERVICE SIOUX FALLS SD
1222 AM CST TUE MAR 3 2015


...................................

...THE SIOUX CITY IA CLIMATE SUMMARY FOR MARCH 2 2015...

CLIMATE NORMAL PERIOD 1981 TO 2010
CLIMATE RECORD PERIOD 1889 TO 2015


WEATHER ITEM   OBSERVED TIME   RECORD YEAR NORMAL DEPARTURE LAST
                VALUE   (LST)  VALUE       VALUE  FROM      YEAR
                                                  NORMAL
..................................................................
TEMPERATURE (F)
 YESTERDAY
  MAXIMUM         37    506 PM  76    1974  40     -3        2
  MINIMUM         10    642 AM -11    1913  21    -11      -10
  AVERAGE         24                        30     -6       -4

PRECIPITATION (IN)
  YESTERDAY        0.00          1.12 1977   0.04  -0.04     0.00
  MONTH TO DATE    0.00                      0.08  -0.08     0.17
  SINCE MAR 1      0.00                      0.08  -0.08     0.17
  SINCE JAN 1      0.96                      1.37  -0.41     0.94

SNOWFALL (IN)
  YESTERDAY        0.0           7.3  1977   0.2   -0.2      0.0
  MONTH TO DATE    0.0                       0.5   -0.5      4.5
  SINCE MAR 1      0.0                       0.5   -0.5      4.5
  SINCE JUL 1     21.5                      27.0   -5.5     18.3
  SNOW DEPTH       0

DEGREE DAYS
 HEATING
  YESTERDAY       41                        35      6       69
  MONTH TO DATE   80                        70     10      126
  SINCE MAR 1     80                        70     10      126
  SINCE JUL 1   5246                      5364   -118     5730

 COOLING
  YESTERDAY        0                         0      0        0
  MONTH TO DATE    0                         0      0        0
  SINCE MAR 1      0                         0      0        0
  SINCE JAN 1      0                         0      0        0
..................................................................


WIND (MPH)
  HIGHEST WIND SPEED    21   HIGHEST WIND DIRECTION    SE (130)
  HIGHEST GUST SPEED    24   HIGHEST GUST DIRECTION    SE (140)
  AVERAGE WIND SPEED     9.8


SKY COVER
  POSSIBLE SUNSHINE  MM
  AVERAGE SKY COVER 0.6


WEATHER CONDITIONS
 THE FOLLOWING WEATHER WAS RECORDED YESTERDAY.
  NO SIGNIFICANT WEATHER WAS OBSERVED.


RELATIVE HUMIDITY (PERCENT)
 HIGHEST    88           300 AM
 LOWEST     51           200 PM
 AVERAGE    70

..........................................................


THE SIOUX CITY IA CLIMATE NORMALS FOR TODAY
                         NORMAL    RECORD    YEAR
 MAXIMUM TEMPERATURE (F)   41        74      1905
 MINIMUM TEMPERATURE (F)   21       -14      2014


SUNRISE AND SUNSET
MARCH  3 2015.........SUNRISE   658 AM CST   SUNSET   618 PM CST
MARCH  4 2015.........SUNRISE   656 AM CST   SUNSET   619 PM CST


-  INDICATES NEGATIVE NUMBERS.
R  INDICATES RECORD WAS SET OR TIED.
MM INDICATES DATA IS MISSING.
T  INDICATES TRACE AMOUNT.




$$
