000
CDUS43 KFSD 030626
CLISUX


CLIMATE REPORT
NATIONAL WEATHER SERVICE SIOUX FALLS SD
126 AM CDT THU SEP 3 2015


...................................

...THE SIOUX CITY IA CLIMATE SUMMARY FOR SEPTEMBER 2 2015...

CLIMATE NORMAL PERIOD 1981 TO 2010
CLIMATE RECORD PERIOD 1889 TO 2015


WEATHER ITEM   OBSERVED TIME   RECORD YEAR NORMAL DEPARTURE LAST
                VALUE   (LST)  VALUE       VALUE  FROM      YEAR
                                                  NORMAL
..................................................................
TEMPERATURE (F)
 YESTERDAY
  MAXIMUM         87    414 PM 103    2000  81      6       79
  MINIMUM         68    639 AM  42    1974  57     11       54
  AVERAGE         78                        69      9       67

PRECIPITATION (IN)
  YESTERDAY        0.00          2.85 1970   0.10  -0.10     0.00
  MONTH TO DATE    0.00                      0.21  -0.21     0.11
  SINCE SEP 1      0.00                      0.21  -0.21     0.11
  SINCE JAN 1     23.74                     20.75   2.99    35.74

SNOWFALL (IN)
  YESTERDAY        0.0           0.0    MM   0.0    0.0      0.0
  MONTH TO DATE    0.0                       0.0    0.0      0.0
  SINCE SEP 1      0.0                       0.0    0.0      0.0
  SINCE JUL 1      0.0                       0.0    0.0      0.0
  SNOW DEPTH       0

DEGREE DAYS
 HEATING
  YESTERDAY        0                         1     -1        0
  MONTH TO DATE    0                         2     -2        0
  SINCE SEP 1      0                         2     -2        0
  SINCE JUL 1     23                        17      6        6

 COOLING
  YESTERDAY       13                         5      8        2
  MONTH TO DATE   25                        10     15        8
  SINCE SEP 1     25                        10     15        8
  SINCE JAN 1    745                       787    -42      774
..................................................................


WIND (MPH)
  HIGHEST WIND SPEED    18   HIGHEST WIND DIRECTION     S (190)
  HIGHEST GUST SPEED    23   HIGHEST GUST DIRECTION     S (160)
  AVERAGE WIND SPEED    10.4


SKY COVER
  POSSIBLE SUNSHINE  MM
  AVERAGE SKY COVER 0.0


WEATHER CONDITIONS
 THE FOLLOWING WEATHER WAS RECORDED YESTERDAY.
  FOG
  HAZE


RELATIVE HUMIDITY (PERCENT)
 HIGHEST    90          1100 PM
 LOWEST     48           500 PM
 AVERAGE    69

..........................................................


THE SIOUX CITY IA CLIMATE NORMALS FOR TODAY
                         NORMAL    RECORD    YEAR
 MAXIMUM TEMPERATURE (F)   81        99      1947
 MINIMUM TEMPERATURE (F)   56        37      1974


SUNRISE AND SUNSET
SEPTEMBER  3 2015.....SUNRISE   653 AM CDT   SUNSET   757 PM CDT
SEPTEMBER  4 2015.....SUNRISE   654 AM CDT   SUNSET   755 PM CDT


-  INDICATES NEGATIVE NUMBERS.
R  INDICATES RECORD WAS SET OR TIED.
MM INDICATES DATA IS MISSING.
T  INDICATES TRACE AMOUNT.




$$
