000
CDUS43 KFSD 240638
CLISUX


CLIMATE REPORT
NATIONAL WEATHER SERVICE SIOUX FALLS SD
138 AM CDT TUE OCT 24 2017


...................................

...THE SIOUX CITY IA CLIMATE SUMMARY FOR OCTOBER 23 2017...

CLIMATE NORMAL PERIOD 1981 TO 2010
CLIMATE RECORD PERIOD 1889 TO 2017


WEATHER ITEM   OBSERVED TIME   RECORD YEAR NORMAL DEPARTURE LAST
                VALUE   (LST)  VALUE       VALUE  FROM      YEAR
                                                  NORMAL
..................................................................
TEMPERATURE (F)
 YESTERDAY
  MAXIMUM         62   1139 AM  83    1899  60      2       67
  MINIMUM         42    337 AM  15    1895  36      6       41
  AVERAGE         52                        48      4       54

PRECIPITATION (IN)
  YESTERDAY        T             1.12 1906   0.05  -0.05     0.00
  MONTH TO DATE    6.81                      1.73   5.08     1.03
  SINCE SEP 1      8.99                      4.69   4.30     3.81
  SINCE JAN 1     29.18                     25.23   3.95    28.16

SNOWFALL (IN)
  YESTERDAY        0.0           2.5  2002   0.1   -0.1      0.0
  MONTH TO DATE    0.0                       0.5   -0.5      0.0
  SINCE SEP 1      0.0                       0.5   -0.5      0.0
  SINCE JUL 1      0.0                       0.5   -0.5      0.0
  SNOW DEPTH       0

DEGREE DAYS
 HEATING
  YESTERDAY       13                        17     -4       11
  MONTH TO DATE  220                       300    -80      224
  SINCE SEP 1    286                       432   -146      274
  SINCE JUL 1    294                       447   -153      274

 COOLING
  YESTERDAY        0                         0      0        0
  MONTH TO DATE    0                         8     -8        0
  SINCE SEP 1    119                        92     27      143
  SINCE JAN 1    951                       869     82     1165
..................................................................


WIND (MPH)
  HIGHEST WIND SPEED    39   HIGHEST WIND DIRECTION    NW (330)
  HIGHEST GUST SPEED    52   HIGHEST GUST DIRECTION    NW (330)
  AVERAGE WIND SPEED    19.9


SKY COVER
  POSSIBLE SUNSHINE  MM
  AVERAGE SKY COVER 0.4


WEATHER CONDITIONS
 THE FOLLOWING WEATHER WAS RECORDED YESTERDAY.
  LIGHT RAIN


RELATIVE HUMIDITY (PERCENT)
 HIGHEST    83           500 AM
 LOWEST     35           500 PM
 AVERAGE    59

..........................................................


THE SIOUX CITY IA CLIMATE NORMALS FOR TODAY
                         NORMAL    RECORD    YEAR
 MAXIMUM TEMPERATURE (F)   60        82      1989
                                             1952
 MINIMUM TEMPERATURE (F)   35        18      1999
                                             1892


SUNRISE AND SUNSET
OCTOBER 24 2017.......SUNRISE   749 AM CDT   SUNSET   629 PM CDT
OCTOBER 25 2017.......SUNRISE   751 AM CDT   SUNSET   628 PM CDT


-  INDICATES NEGATIVE NUMBERS.
R  INDICATES RECORD WAS SET OR TIED.
MM INDICATES DATA IS MISSING.
T  INDICATES TRACE AMOUNT.




$$
