000
CDUS43 KFSD 050631
CLISUX


CLIMATE REPORT
NATIONAL WEATHER SERVICE SIOUX FALLS SD
130 AM CDT SAT SEP 5 2015


...................................

...THE SIOUX CITY IA CLIMATE SUMMARY FOR SEPTEMBER 4 2015...

CLIMATE NORMAL PERIOD 1981 TO 2010
CLIMATE RECORD PERIOD 1889 TO 2015


WEATHER ITEM   OBSERVED TIME   RECORD YEAR NORMAL DEPARTURE LAST
                VALUE   (LST)  VALUE       VALUE  FROM      YEAR
                                                  NORMAL
..................................................................
TEMPERATURE (F)
 YESTERDAY
  MAXIMUM         87    332 PM  99    1913  80      7       84
  MINIMUM         71    617 AM  37    1902  56     15       65
  AVERAGE         79                        68     11       75

PRECIPITATION (IN)
  YESTERDAY        0.08          1.10 1994   0.10  -0.02     0.00
  MONTH TO DATE    0.08                      0.42  -0.34     0.11
  SINCE SEP 1      0.08                      0.42  -0.34     0.11
  SINCE JAN 1     23.82                     20.96   2.86    35.74

SNOWFALL (IN)
  YESTERDAY        0.0           0.0    MM   0.0    0.0      0.0
  MONTH TO DATE    0.0                       0.0    0.0      0.0
  SINCE SEP 1      0.0                       0.0    0.0      0.0
  SINCE JUL 1      0.0                       0.0    0.0      0.0
  SNOW DEPTH       0

DEGREE DAYS
 HEATING
  YESTERDAY        0                         2     -2        0
  MONTH TO DATE    0                         5     -5        0
  SINCE SEP 1      0                         5     -5        0
  SINCE JUL 1     23                        20      3        6

 COOLING
  YESTERDAY       14                         5      9       10
  MONTH TO DATE   53                        20     33       26
  SINCE SEP 1     53                        20     33       26
  SINCE JAN 1    773                       797    -24      792
..................................................................


WIND (MPH)
  HIGHEST WIND SPEED    22   HIGHEST WIND DIRECTION     S (160)
  HIGHEST GUST SPEED    28   HIGHEST GUST DIRECTION    SE (150)
  AVERAGE WIND SPEED    11.2


SKY COVER
  POSSIBLE SUNSHINE  MM
  AVERAGE SKY COVER 0.1


WEATHER CONDITIONS
 THE FOLLOWING WEATHER WAS RECORDED YESTERDAY.
  THUNDERSTORM
  LIGHT RAIN


RELATIVE HUMIDITY (PERCENT)
 HIGHEST    84           200 AM
 LOWEST     59           300 PM
 AVERAGE    72

..........................................................


THE SIOUX CITY IA CLIMATE NORMALS FOR TODAY
                         NORMAL    RECORD    YEAR
 MAXIMUM TEMPERATURE (F)   80        99      1913
 MINIMUM TEMPERATURE (F)   56        40      1962


SUNRISE AND SUNSET
SEPTEMBER  5 2015.....SUNRISE   655 AM CDT   SUNSET   753 PM CDT
SEPTEMBER  6 2015.....SUNRISE   656 AM CDT   SUNSET   751 PM CDT


-  INDICATES NEGATIVE NUMBERS.
R  INDICATES RECORD WAS SET OR TIED.
MM INDICATES DATA IS MISSING.
T  INDICATES TRACE AMOUNT.




$$
