000
CDUS43 KFSD 280727
CLISUX


CLIMATE REPORT
NATIONAL WEATHER SERVICE SIOUX FALLS SD
227 AM CDT THU MAY 28 2015


...................................

...THE SIOUX CITY IA CLIMATE SUMMARY FOR MAY 27 2015...

CLIMATE NORMAL PERIOD 1981 TO 2010
CLIMATE RECORD PERIOD 1889 TO 2015


WEATHER ITEM   OBSERVED TIME   RECORD YEAR NORMAL DEPARTURE LAST
                VALUE   (LST)  VALUE       VALUE  FROM      YEAR
                                                  NORMAL
..................................................................
TEMPERATURE (F)
 YESTERDAY
  MAXIMUM         85    427 PM  92    1895  76      9       84
  MINIMUM         50    522 AM  34    1992  53     -3       63
  AVERAGE         68                        65      3       74

PRECIPITATION (IN)
  YESTERDAY        0.00          1.59 1995   0.12  -0.12     0.48
  MONTH TO DATE    3.31                      3.22   0.09     1.72
  SINCE MAR 1      6.72                      8.17  -1.45     4.17
  SINCE JAN 1      7.68                      9.46  -1.78     4.94

SNOWFALL (IN)
  YESTERDAY        0.0           0.0    MM   0.0    0.0      0.0
  MONTH TO DATE    0.0                       0.2   -0.2      0.0
  SINCE MAR 1      T                         8.5   -8.5     10.0
  SINCE JUL 1     21.5                      35.0  -13.5     23.8
  SNOW DEPTH       0

DEGREE DAYS
 HEATING
  YESTERDAY        0                         3     -3        0
  MONTH TO DATE  151                       170    -19      177
  SINCE MAR 1   1226                      1528   -302     1622
  SINCE JUL 1   6392                      6822   -430     7226

 COOLING
  YESTERDAY        3                         3      0        9
  MONTH TO DATE   25                        42    -17       70
  SINCE MAR 1     26                        53    -27       79
  SINCE JAN 1     26                        53    -27       79
..................................................................


WIND (MPH)
  HIGHEST WIND SPEED    13   HIGHEST WIND DIRECTION     S (180)
  HIGHEST GUST SPEED    16   HIGHEST GUST DIRECTION     S (170)
  AVERAGE WIND SPEED     4.0


SKY COVER
  POSSIBLE SUNSHINE  MM
  AVERAGE SKY COVER 0.0


WEATHER CONDITIONS
 THE FOLLOWING WEATHER WAS RECORDED YESTERDAY.
  FOG


RELATIVE HUMIDITY (PERCENT)
 HIGHEST    93          1200 AM
 LOWEST     29           300 PM
 AVERAGE    61

..........................................................


THE SIOUX CITY IA CLIMATE NORMALS FOR TODAY
                         NORMAL    RECORD    YEAR
 MAXIMUM TEMPERATURE (F)   77        98      2006
 MINIMUM TEMPERATURE (F)   53        31      1947


SUNRISE AND SUNSET
MAY 28 2015...........SUNRISE   553 AM CDT   SUNSET   853 PM CDT
MAY 29 2015...........SUNRISE   553 AM CDT   SUNSET   853 PM CDT


-  INDICATES NEGATIVE NUMBERS.
R  INDICATES RECORD WAS SET OR TIED.
MM INDICATES DATA IS MISSING.
T  INDICATES TRACE AMOUNT.




$$
