000
CDUS43 KFSD 220657
CLISUX


CLIMATE REPORT
NATIONAL WEATHER SERVICE SIOUX FALLS SD
1256 AM CST MON JAN 22 2018


...................................

...THE SIOUX CITY IA CLIMATE SUMMARY FOR JANUARY 21 2018...

CLIMATE NORMAL PERIOD 1981 TO 2010
CLIMATE RECORD PERIOD 1889 TO 2018


WEATHER ITEM   OBSERVED TIME   RECORD YEAR NORMAL DEPARTURE LAST
                VALUE   (LST)  VALUE       VALUE  FROM      YEAR
                                                  NORMAL
..................................................................
TEMPERATURE (F)
 YESTERDAY
  MAXIMUM         41    345 PM  57    1899  31     10       45
  MINIMUM         27    434 AM -26    1970  10     17       27
  AVERAGE         34                        20     14       36

PRECIPITATION (IN)
  YESTERDAY        0.03          0.56 1917   0.02   0.01      T
  MONTH TO DATE    0.09                      0.42  -0.33     0.37
  SINCE DEC 1      0.48                      1.22  -0.74     1.85
  SINCE JAN 1      0.09                      0.42  -0.33     0.37

SNOWFALL (IN)
  YESTERDAY        0.0           8.0  1917   0.2   -0.2      0.0
  MONTH TO DATE    0.8                       4.4   -3.6      1.0
  SINCE DEC 1      8.1                      12.2   -4.1      5.5
  SINCE JUL 1      8.1                      17.6   -9.5      6.5
  SNOW DEPTH       0

DEGREE DAYS
 HEATING
  YESTERDAY       31                        45    -14       29
  MONTH TO DATE 1003                       945     58      885
  SINCE DEC 1   2281                      2261     20     2125
  SINCE JUL 1   3600                      3737   -137     3069

 COOLING
  YESTERDAY        0                         0      0        0
  MONTH TO DATE    0                         0      0        0
  SINCE DEC 1      0                         0      0        0
  SINCE JAN 1      0                         0      0        0
..................................................................


WIND (MPH)
  HIGHEST WIND SPEED    24   HIGHEST WIND DIRECTION    NE (40)
  HIGHEST GUST SPEED    31   HIGHEST GUST DIRECTION    NE (30)
  AVERAGE WIND SPEED    10.9


SKY COVER
  POSSIBLE SUNSHINE  MM
  AVERAGE SKY COVER 0.7


WEATHER CONDITIONS
 THE FOLLOWING WEATHER WAS RECORDED YESTERDAY.
  RAIN
  LIGHT RAIN
  FOG


RELATIVE HUMIDITY (PERCENT)
 HIGHEST    92           300 AM
 LOWEST     64           500 PM
 AVERAGE    78

..........................................................


THE SIOUX CITY IA CLIMATE NORMALS FOR TODAY
                         NORMAL    RECORD    YEAR
 MAXIMUM TEMPERATURE (F)   31        62      1989
 MINIMUM TEMPERATURE (F)   10       -21      1936


SUNRISE AND SUNSET
JANUARY 22 2018.......SUNRISE   748 AM CST   SUNSET   527 PM CST
JANUARY 23 2018.......SUNRISE   747 AM CST   SUNSET   528 PM CST


-  INDICATES NEGATIVE NUMBERS.
R  INDICATES RECORD WAS SET OR TIED.
MM INDICATES DATA IS MISSING.
T  INDICATES TRACE AMOUNT.




$$
