233
CDUS43 KFSD 060709
CLISUX


CLIMATE REPORT
NATIONAL WEATHER SERVICE SIOUX FALLS SD
209 AM CDT FRI MAY 6 2016


...................................

...THE SIOUX CITY IA CLIMATE SUMMARY FOR MAY 5 2016...

CLIMATE NORMAL PERIOD 1981 TO 2010
CLIMATE RECORD PERIOD 1889 TO 2016


WEATHER ITEM   OBSERVED TIME   RECORD YEAR NORMAL DEPARTURE LAST
                VALUE   (LST)  VALUE       VALUE  FROM      YEAR
                                                  NORMAL
..................................................................
TEMPERATURE (F)
 YESTERDAY
  MAXIMUM         78    501 PM  95    2004  70      8       77
  MINIMUM         37    530 AM  28    1944  45     -8       54
  AVERAGE         58                        57      1       66

PRECIPITATION (IN)
  YESTERDAY        0.00          0.98 2001   0.11  -0.11     0.04
  MONTH TO DATE    0.51                      0.57  -0.06     0.27
  SINCE MAR 1      9.38                      5.52   3.86     3.68
  SINCE JAN 1     11.22                      6.81   4.41     4.64

SNOWFALL (IN)
  YESTERDAY        0.0           T    1989   0.0    0.0      0.0
  MONTH TO DATE    0.0                       0.1   -0.1      0.0
  SINCE MAR 1     14.5                       8.4    6.1       T
  SINCE JUL 1     57.6                      34.9   22.7     21.5
  SNOW DEPTH       0

DEGREE DAYS
 HEATING
  YESTERDAY        7                         9     -2        0
  MONTH TO DATE   57                        47     10       10
  SINCE MAR 1   1084                      1405   -321     1085
  SINCE JUL 1   5543                      6699  -1156     6251

 COOLING
  YESTERDAY        0                         1     -1        1
  MONTH TO DATE    0                         5     -5        8
  SINCE MAR 1      0                        16    -16        9
  SINCE JAN 1      0                        16    -16        9
..................................................................


WIND (MPH)
  HIGHEST WIND SPEED    16   HIGHEST WIND DIRECTION    SE (130)
  HIGHEST GUST SPEED    20   HIGHEST GUST DIRECTION    SE (130)
  AVERAGE WIND SPEED     6.3


SKY COVER
  POSSIBLE SUNSHINE  MM
  AVERAGE SKY COVER 0.0


WEATHER CONDITIONS
 THE FOLLOWING WEATHER WAS RECORDED YESTERDAY.
  NO SIGNIFICANT WEATHER WAS OBSERVED.


RELATIVE HUMIDITY (PERCENT)
 HIGHEST    82           500 AM
 LOWEST     29          1100 AM
 AVERAGE    56

..........................................................


THE SIOUX CITY IA CLIMATE NORMALS FOR TODAY
                         NORMAL    RECORD    YEAR
 MAXIMUM TEMPERATURE (F)   70       100      1934
 MINIMUM TEMPERATURE (F)   45        26      1944


SUNRISE AND SUNSET
MAY  6 2016...........SUNRISE   614 AM CDT   SUNSET   831 PM CDT
MAY  7 2016...........SUNRISE   612 AM CDT   SUNSET   832 PM CDT


-  INDICATES NEGATIVE NUMBERS.
R  INDICATES RECORD WAS SET OR TIED.
MM INDICATES DATA IS MISSING.
T  INDICATES TRACE AMOUNT.




$$
