812
CDUS43 KFSD 190626
CLISUX


CLIMATE REPORT
NATIONAL WEATHER SERVICE SIOUX FALLS SD
1225 AM CST THU JAN 19 2017


...................................

...THE SIOUX CITY IA CLIMATE SUMMARY FOR JANUARY 18 2017...

CLIMATE NORMAL PERIOD 1981 TO 2010
CLIMATE RECORD PERIOD 1889 TO 2017


WEATHER ITEM   OBSERVED TIME   RECORD YEAR NORMAL DEPARTURE LAST
                VALUE   (LST)  VALUE       VALUE  FROM      YEAR
                                                  NORMAL
..................................................................
TEMPERATURE (F)
 YESTERDAY
  MAXIMUM         51    405 PM  57    1951  31     20       11
                                      1923
  MINIMUM         24    752 AM -21    1892  10     14       -9
  AVERAGE         38                        20     18        1

PRECIPITATION (IN)
  YESTERDAY        0.00          0.29 1975   0.02  -0.02     0.00
  MONTH TO DATE    0.36                      0.36   0.00     0.49
  SINCE DEC 1      1.84                      1.16   0.68     3.35
  SINCE JAN 1      0.36                      0.36   0.00     0.49

SNOWFALL (IN)
  YESTERDAY        0.0           3.3  1975   0.2   -0.2      0.0
  MONTH TO DATE    1.0                       3.8   -2.8      3.5
  SINCE DEC 1      5.5                      11.6   -6.1     15.3
  SINCE JUL 1      6.5                      17.0  -10.5     27.8
  SNOW DEPTH       T

DEGREE DAYS
 HEATING
  YESTERDAY       27                        45    -18       64
  MONTH TO DATE  803                       810     -7      839
  SINCE DEC 1   2043                      2126    -83     1884
  SINCE JUL 1   2987                      3602   -615     2990

 COOLING
  YESTERDAY        0                         0      0        0
  MONTH TO DATE    0                         0      0        0
  SINCE DEC 1      0                         0      0        0
  SINCE JAN 1      0                         0      0        0
..................................................................


WIND (MPH)
  HIGHEST WIND SPEED    16   HIGHEST WIND DIRECTION     S (200)
  HIGHEST GUST SPEED    20   HIGHEST GUST DIRECTION    SW (210)
  AVERAGE WIND SPEED     8.6


SKY COVER
  POSSIBLE SUNSHINE  MM
  AVERAGE SKY COVER 0.0


WEATHER CONDITIONS
 THE FOLLOWING WEATHER WAS RECORDED YESTERDAY.
  FOG


RELATIVE HUMIDITY (PERCENT)
 HIGHEST    92          1200 AM
 LOWEST     66           200 PM
 AVERAGE    79

..........................................................


THE SIOUX CITY IA CLIMATE NORMALS FOR TODAY
                         NORMAL    RECORD    YEAR
 MAXIMUM TEMPERATURE (F)   31        65      2014
 MINIMUM TEMPERATURE (F)   10       -28      1892


SUNRISE AND SUNSET
JANUARY 19 2017.......SUNRISE   750 AM CST   SUNSET   523 PM CST
JANUARY 20 2017.......SUNRISE   749 AM CST   SUNSET   525 PM CST


-  INDICATES NEGATIVE NUMBERS.
R  INDICATES RECORD WAS SET OR TIED.
MM INDICATES DATA IS MISSING.
T  INDICATES TRACE AMOUNT.




$$
