000
CDUS43 KFSD 250629
CLISUX


CLIMATE REPORT
NATIONAL WEATHER SERVICE SIOUX FALLS SD
129 AM CDT SAT MAR 25 2017


...................................

...THE SIOUX CITY IA CLIMATE SUMMARY FOR MARCH 24 2017...

CLIMATE NORMAL PERIOD 1981 TO 2010
CLIMATE RECORD PERIOD 1889 TO 2017


WEATHER ITEM   OBSERVED TIME   RECORD YEAR NORMAL DEPARTURE LAST
                VALUE   (LST)  VALUE       VALUE  FROM      YEAR
                                                  NORMAL
..................................................................
TEMPERATURE (F)
 YESTERDAY
  MAXIMUM         50   1250 AM  82    1967  52     -2       38
  MINIMUM         40   1159 PM  -4    1952  28     12       19
  AVERAGE         45                        40      5       29

PRECIPITATION (IN)
  YESTERDAY        0.52          1.01 1937   0.07   0.45     0.60
  MONTH TO DATE    1.07                      1.40  -0.33     2.23
  SINCE MAR 1      1.07                      1.40  -0.33     2.23
  SINCE JAN 1      2.66                      2.69  -0.03     4.07

SNOWFALL (IN)
  YESTERDAY        0.0           7.3  2016   0.2   -0.2      7.3
  MONTH TO DATE    3.1                       5.4   -2.3     14.5
  SINCE MAR 1      3.1                       5.4   -2.3     14.5
  SINCE JUL 1     28.6                      31.9   -3.3     57.6
  SNOW DEPTH       0

DEGREE DAYS
 HEATING
  YESTERDAY       20                        25     -5       36
  MONTH TO DATE  622                       721    -99      482
  SINCE MAR 1    622                       721    -99      482
  SINCE JUL 1   4859                      6015  -1156     4941

 COOLING
  YESTERDAY        0                         0      0        0
  MONTH TO DATE    0                         0      0        0
  SINCE MAR 1      0                         0      0        0
  SINCE JAN 1      0                         0      0        0
..................................................................


WIND (MPH)
  HIGHEST WIND SPEED    22   HIGHEST WIND DIRECTION     N (10)
  HIGHEST GUST SPEED    28   HIGHEST GUST DIRECTION     N (10)
  AVERAGE WIND SPEED    13.2


SKY COVER
  POSSIBLE SUNSHINE  MM
  AVERAGE SKY COVER 1.0


WEATHER CONDITIONS
 THE FOLLOWING WEATHER WAS RECORDED YESTERDAY.
  RAIN
  LIGHT RAIN
  FOG


RELATIVE HUMIDITY (PERCENT)
 HIGHEST   100           100 AM
 LOWEST     89           900 AM
 AVERAGE    95

..........................................................


THE SIOUX CITY IA CLIMATE NORMALS FOR TODAY
                         NORMAL    RECORD    YEAR
 MAXIMUM TEMPERATURE (F)   52        80      1925
 MINIMUM TEMPERATURE (F)   29         0      1894


SUNRISE AND SUNSET
MARCH 25 2017.........SUNRISE   720 AM CDT   SUNSET   744 PM CDT
MARCH 26 2017.........SUNRISE   718 AM CDT   SUNSET   745 PM CDT


-  INDICATES NEGATIVE NUMBERS.
R  INDICATES RECORD WAS SET OR TIED.
MM INDICATES DATA IS MISSING.
T  INDICATES TRACE AMOUNT.




$$
