000
CDUS43 KFSD 150620
CLISUX


CLIMATE REPORT
NATIONAL WEATHER SERVICE SIOUX FALLS SD
1219 AM CST WED FEB 15 2017


...................................

...THE SIOUX CITY IA CLIMATE SUMMARY FOR FEBRUARY 14 2017...

CLIMATE NORMAL PERIOD 1981 TO 2010
CLIMATE RECORD PERIOD 1889 TO 2017


WEATHER ITEM   OBSERVED TIME   RECORD YEAR NORMAL DEPARTURE LAST
                VALUE   (LST)  VALUE       VALUE  FROM      YEAR
                                                  NORMAL
..................................................................
TEMPERATURE (F)
 YESTERDAY
  MAXIMUM         49    248 PM  62    1934  34     15       30
  MINIMUM         33    703 AM -22    1936  15     18       18
  AVERAGE         41                        25     16       24

PRECIPITATION (IN)
  YESTERDAY        0.00          0.85 2003   0.02  -0.02      T
  MONTH TO DATE    0.17                      0.29  -0.12     0.87
  SINCE DEC 1      2.32                      1.71   0.61     4.46
  SINCE JAN 1      0.84                      0.91  -0.07     1.60

SNOWFALL (IN)
  YESTERDAY        0.0           5.0  1918   0.3   -0.3      0.1
  MONTH TO DATE    2.9                       3.4   -0.5     13.5
  SINCE DEC 1     14.6                      17.9   -3.3     30.2
  SINCE JUL 1     15.6                      23.3   -7.7     42.7
  SNOW DEPTH       0

DEGREE DAYS
 HEATING
  YESTERDAY       24                        40    -16       41
  MONTH TO DATE  489                       588    -99      590
  SINCE DEC 1   2953                      3288   -335     2957
  SINCE JUL 1   3897                      4764   -867     4063

 COOLING
  YESTERDAY        0                         0      0        0
  MONTH TO DATE    0                         0      0        0
  SINCE DEC 1      0                         0      0        0
  SINCE JAN 1      0                         0      0        0
..................................................................


WIND (MPH)
  HIGHEST WIND SPEED    25   HIGHEST WIND DIRECTION    NW (330)
  HIGHEST GUST SPEED    31   HIGHEST GUST DIRECTION    NW (330)
  AVERAGE WIND SPEED    14.5


SKY COVER
  POSSIBLE SUNSHINE  MM
  AVERAGE SKY COVER 0.0


WEATHER CONDITIONS
 THE FOLLOWING WEATHER WAS RECORDED YESTERDAY.
  NO SIGNIFICANT WEATHER WAS OBSERVED.


RELATIVE HUMIDITY (PERCENT)
 HIGHEST    82           300 AM
 LOWEST     53           500 PM
 AVERAGE    68

..........................................................


THE SIOUX CITY IA CLIMATE NORMALS FOR TODAY
                         NORMAL    RECORD    YEAR
 MAXIMUM TEMPERATURE (F)   35        67      1921
 MINIMUM TEMPERATURE (F)   15       -20      1936


SUNRISE AND SUNSET
FEBRUARY 15 2017......SUNRISE   722 AM CST   SUNSET   558 PM CST
FEBRUARY 16 2017......SUNRISE   720 AM CST   SUNSET   559 PM CST


-  INDICATES NEGATIVE NUMBERS.
R  INDICATES RECORD WAS SET OR TIED.
MM INDICATES DATA IS MISSING.
T  INDICATES TRACE AMOUNT.




$$
