000
CDUS43 KFSD 270708
CLISUX


CLIMATE REPORT
NATIONAL WEATHER SERVICE SIOUX FALLS SD
206 AM CDT MON OCT 27 2014


...................................

...THE SIOUX CITY IA CLIMATE SUMMARY FOR OCTOBER 26 2014...

CLIMATE NORMAL PERIOD 1981 TO 2010
CLIMATE RECORD PERIOD 1889 TO 2014


WEATHER ITEM   OBSERVED TIME   RECORD YEAR NORMAL DEPARTURE LAST
                VALUE   (LST)  VALUE       VALUE  FROM      YEAR
                                                  NORMAL
..................................................................
TEMPERATURE (F)
 YESTERDAY
  MAXIMUM         77    411 PM  84    1955  59     18       51
                                      1940
  MINIMUM         44    159 AM  17    1942  35      9       25
  AVERAGE         61                        47     14       38

PRECIPITATION (IN)
  YESTERDAY        0.00          0.73 1998   0.05  -0.05     0.00
  MONTH TO DATE    1.13                      1.89  -0.76     3.63
  SINCE SEP 1      3.92                      4.85  -0.93     5.07
  SINCE JAN 1     39.55                     25.39  14.16    25.10

SNOWFALL (IN)
  YESTERDAY        0.0           3.4  1918   0.1   -0.1      0.0
  MONTH TO DATE    0.0                       0.7   -0.7       T
  SINCE SEP 1      0.0                       0.7   -0.7       T
  SINCE JUL 1      0.0                       0.7   -0.7       T
  SNOW DEPTH       0

DEGREE DAYS
 HEATING
  YESTERDAY        4                        18    -14       27
  MONTH TO DATE  269                       354    -85      355
  SINCE SEP 1    375                       486   -111      400
  SINCE JUL 1    381                       501   -120      420

 COOLING
  YESTERDAY        0                         0      0        0
  MONTH TO DATE    4                         8     -4        7
  SINCE SEP 1     96                        92      4      159
  SINCE JAN 1    862                       869     -7      960
..................................................................


WIND (MPH)
  HIGHEST WIND SPEED    22   HIGHEST WIND DIRECTION    SE (130)
  HIGHEST GUST SPEED    28   HIGHEST GUST DIRECTION    SE (140)
  AVERAGE WIND SPEED     9.3


SKY COVER
  POSSIBLE SUNSHINE  MM
  AVERAGE SKY COVER 0.0


WEATHER CONDITIONS
 THE FOLLOWING WEATHER WAS RECORDED YESTERDAY.
  NO SIGNIFICANT WEATHER WAS OBSERVED.


RELATIVE HUMIDITY (PERCENT)
 HIGHEST    96          1100 PM
 LOWEST     38           200 PM
 AVERAGE    67

..........................................................


THE SIOUX CITY IA CLIMATE NORMALS FOR TODAY
                         NORMAL    RECORD    YEAR
 MAXIMUM TEMPERATURE (F)   58        86      1999
 MINIMUM TEMPERATURE (F)   34        11      1925


SUNRISE AND SUNSET
OCTOBER 27 2014.......SUNRISE   753 AM CDT   SUNSET   625 PM CDT
OCTOBER 28 2014.......SUNRISE   754 AM CDT   SUNSET   624 PM CDT


-  INDICATES NEGATIVE NUMBERS.
R  INDICATES RECORD WAS SET OR TIED.
MM INDICATES DATA IS MISSING.
T  INDICATES TRACE AMOUNT.




$$
