000
CDUS43 KFSD 150727
CLISUX


CLIMATE REPORT
NATIONAL WEATHER SERVICE SIOUX FALLS SD
127 AM CST WED NOV 15 2017


...................................

...THE SIOUX CITY IA CLIMATE SUMMARY FOR NOVEMBER 14 2017...

CLIMATE NORMAL PERIOD 1981 TO 2010
CLIMATE RECORD PERIOD 1889 TO 2017


WEATHER ITEM   OBSERVED TIME   RECORD YEAR NORMAL DEPARTURE LAST
                VALUE   (LST)  VALUE       VALUE  FROM      YEAR
                                                  NORMAL
..................................................................
TEMPERATURE (F)
 YESTERDAY
  MAXIMUM         53    604 PM  73    1939  47      6       60
  MINIMUM         43    508 AM  -9    1959  26     17       34
  AVERAGE         48                        37     11       47

PRECIPITATION (IN)
  YESTERDAY        0.00          1.08 1926   0.05  -0.05     0.00
  MONTH TO DATE    T                         0.62  -0.62     0.00
  SINCE SEP 1      9.01                      5.71   3.30     4.38
  SINCE JAN 1     29.20                     26.25   2.95    28.73

SNOWFALL (IN)
  YESTERDAY        0.0           3.8  1947   0.2   -0.2      0.0
  MONTH TO DATE    0.0                       1.4   -1.4      0.0
  SINCE SEP 1      T                         2.4   -2.4      0.0
  SINCE JUL 1      T                         2.4   -2.4      0.0
  SNOW DEPTH       0

DEGREE DAYS
 HEATING
  YESTERDAY       17                        28    -11       18
  MONTH TO DATE  399                       345     54      201
  SINCE SEP 1    889                       930    -41      555
  SINCE JUL 1    897                       945    -48      555

 COOLING
  YESTERDAY        0                         0      0        0
  MONTH TO DATE    0                         0      0        0
  SINCE SEP 1    119                        92     27      143
  SINCE JAN 1    951                       869     82     1165
..................................................................


WIND (MPH)
  HIGHEST WIND SPEED    23   HIGHEST WIND DIRECTION    NW (320)
  HIGHEST GUST SPEED    28   HIGHEST GUST DIRECTION    NW (320)
  AVERAGE WIND SPEED    10.1


SKY COVER
  POSSIBLE SUNSHINE  MM
  AVERAGE SKY COVER 0.9


WEATHER CONDITIONS
 THE FOLLOWING WEATHER WAS RECORDED YESTERDAY.
  FOG


RELATIVE HUMIDITY (PERCENT)
 HIGHEST   100          1200 AM
 LOWEST     83           400 PM
 AVERAGE    92

..........................................................


THE SIOUX CITY IA CLIMATE NORMALS FOR TODAY
                         NORMAL    RECORD    YEAR
 MAXIMUM TEMPERATURE (F)   47        75      2001
 MINIMUM TEMPERATURE (F)   26         2      1940


SUNRISE AND SUNSET
NOVEMBER 15 2017......SUNRISE   717 AM CST   SUNSET   503 PM CST
NOVEMBER 16 2017......SUNRISE   718 AM CST   SUNSET   502 PM CST


-  INDICATES NEGATIVE NUMBERS.
R  INDICATES RECORD WAS SET OR TIED.
MM INDICATES DATA IS MISSING.
T  INDICATES TRACE AMOUNT.




$$
