000
CDUS43 KFSD 272232
CLISUX


CLIMATE REPORT
NATIONAL WEATHER SERVICE SIOUX FALLS SD
532 PM CDT FRI MAR 27 2015


...................................

...THE SIOUX CITY IA CLIMATE SUMMARY FOR MARCH 27 2015...
VALID TODAY AS OF 0500 PM LOCAL TIME.

CLIMATE NORMAL PERIOD 1981 TO 2010
CLIMATE RECORD PERIOD 1889 TO 2015


WEATHER ITEM   OBSERVED TIME   RECORD YEAR NORMAL DEPARTURE LAST
                VALUE   (LST)  VALUE       VALUE  FROM      YEAR
                                                  NORMAL
..................................................................
TEMPERATURE (F)
 TODAY
  MAXIMUM         41    235 PM  82    1989  53    -12       45
                                      1905
  MINIMUM         17    516 AM   8    1955  29    -12       30
                                      1913
  AVERAGE         29                        41    -12       38

PRECIPITATION (IN)
  TODAY            0.00          1.56 1890   0.08  -0.08     0.07
  MONTH TO DATE    0.87                      1.64  -0.77     0.38
  SINCE MAR 1      0.87                      1.64  -0.77     0.38
  SINCE JAN 1      1.83                      2.93  -1.10     1.15

SNOWFALL (IN)
  TODAY            0.0           6.0  1991   0.2   -0.2      0.1
  MONTH TO DATE    T                         5.9   -5.9      4.7
  SINCE MAR 1      T                         5.9   -5.9      4.7
  SINCE JUL 1     21.5                      32.4  -10.9     18.5
  SNOW DEPTH       0

DEGREE DAYS
 HEATING
  TODAY           36                        24     12       27
  MONTH TO DATE  649                       794   -145      890
  SINCE MAR 1    649                       794   -145      890
  SINCE JUL 1   5815                      6088   -273     6494

 COOLING
  TODAY            0                         0      0        0
  MONTH TO DATE    0                         0      0        0
  SINCE MAR 1      0                         0      0        0
  SINCE JAN 1      0                         0      0        0
..................................................................


WIND (MPH)
  HIGHEST WIND SPEED    13   HIGHEST WIND DIRECTION     S (200)
  HIGHEST GUST SPEED    16   HIGHEST GUST DIRECTION     S (200)
  AVERAGE WIND SPEED     6.4


SKY COVER
  POSSIBLE SUNSHINE  MM
  AVERAGE SKY COVER 0.2


WEATHER CONDITIONS
 THE FOLLOWING WEATHER WAS RECORDED TODAY.
  NO SIGNIFICANT WEATHER WAS OBSERVED.


RELATIVE HUMIDITY (PERCENT)
 HIGHEST    73           600 AM
 LOWEST     30           300 PM
 AVERAGE    52

..........................................................


THE SIOUX CITY IA CLIMATE NORMALS FOR TOMORROW
                         NORMAL    RECORD    YEAR
 MAXIMUM TEMPERATURE (F)   54        83      1986
 MINIMUM TEMPERATURE (F)   30         9      1969


SUNRISE AND SUNSET
MARCH 27 2015.........SUNRISE   717 AM CDT   SUNSET   746 PM CDT
MARCH 28 2015.........SUNRISE   715 AM CDT   SUNSET   747 PM CDT


-  INDICATES NEGATIVE NUMBERS.
R  INDICATES RECORD WAS SET OR TIED.
MM INDICATES DATA IS MISSING.
T  INDICATES TRACE AMOUNT.




$$
