000
CDUS43 KFSD 152220
CLISUX


CLIMATE REPORT
NATIONAL WEATHER SERVICE SIOUX FALLS SD
520 PM CDT TUE AUG 15 2017


...................................

...THE SIOUX CITY IA CLIMATE SUMMARY FOR AUGUST 15 2017...
VALID TODAY AS OF 0500 PM LOCAL TIME.

CLIMATE NORMAL PERIOD 1981 TO 2010
CLIMATE RECORD PERIOD 1889 TO 2017


WEATHER ITEM   OBSERVED TIME   RECORD YEAR NORMAL DEPARTURE LAST
                VALUE   (LST)  VALUE       VALUE  FROM      YEAR
                                                  NORMAL
..................................................................
TEMPERATURE (F)
 TODAY
  MAXIMUM         75    237 PM 105    1937  84     -9       85
                                      1936
  MINIMUM         62    114 AM  45    1992  62      0       61
  AVERAGE         69                        72     -3       73

PRECIPITATION (IN)
  TODAY            0.49          1.72 1908   0.11   0.38     0.00
  MONTH TO DATE    0.99                      1.54  -0.55     2.11
  SINCE JUN 1      3.55                      8.87  -5.32     5.68
  SINCE JAN 1     13.02                     18.85  -5.83    21.41

SNOWFALL (IN)
  TODAY            0.0           0.0    MM   0.0    0.0      0.0
  MONTH TO DATE    0.0                       0.0    0.0      0.0
  SINCE JUN 1      0.0                       0.0    0.0      0.0
  SINCE JUL 1      0.0                       0.0    0.0      0.0
  SNOW DEPTH       0

DEGREE DAYS
 HEATING
  TODAY            0                         0      0        0
  MONTH TO DATE    8                         0      8        0
  SINCE JUN 1     18                        30    -12        0
  SINCE JUL 1      8                         3      5        0

 COOLING
  TODAY            4                         8     -4        8
  MONTH TO DATE   62                       127    -65      169
  SINCE JUN 1    718                       608    110      851
  SINCE JAN 1    756                       672     84      903
..................................................................


WIND (MPH)
  HIGHEST WIND SPEED    16   HIGHEST WIND DIRECTION    SE (130)
  HIGHEST GUST SPEED    20   HIGHEST GUST DIRECTION    SE (120)
  AVERAGE WIND SPEED     8.1


SKY COVER
  POSSIBLE SUNSHINE  MM
  AVERAGE SKY COVER 0.7


WEATHER CONDITIONS
 THE FOLLOWING WEATHER WAS RECORDED TODAY.
  THUNDERSTORM
  HEAVY RAIN
  RAIN
  LIGHT RAIN
  FOG
  HAZE


RELATIVE HUMIDITY (PERCENT)
 HIGHEST   100           300 AM
 LOWEST     84          1100 AM
 AVERAGE    92

..........................................................


THE SIOUX CITY IA CLIMATE NORMALS FOR TOMORROW
                         NORMAL    RECORD    YEAR
 MAXIMUM TEMPERATURE (F)   84       106      1937
 MINIMUM TEMPERATURE (F)   61        48      2012
                                             1897


SUNRISE AND SUNSET
AUGUST 15 2017........SUNRISE   633 AM CDT   SUNSET   826 PM CDT
AUGUST 16 2017........SUNRISE   634 AM CDT   SUNSET   825 PM CDT


-  INDICATES NEGATIVE NUMBERS.
R  INDICATES RECORD WAS SET OR TIED.
MM INDICATES DATA IS MISSING.
T  INDICATES TRACE AMOUNT.




$$
