000
CDUS43 KFSD 282223
CLISUX


CLIMATE REPORT
NATIONAL WEATHER SERVICE SIOUX FALLS SD
521 PM CDT MON JUL 28 2014


...................................

...THE SIOUX CITY IA CLIMATE SUMMARY FOR JULY 28 2014...
VALID TODAY AS OF 0500 PM LOCAL TIME.

CLIMATE NORMAL PERIOD 1981 TO 2010
CLIMATE RECORD PERIOD 1889 TO 2014


WEATHER ITEM   OBSERVED TIME   RECORD YEAR NORMAL DEPARTURE LAST
                VALUE   (LST)  VALUE       VALUE  FROM      YEAR
                                                  NORMAL
..................................................................
TEMPERATURE (F)
 TODAY
  MAXIMUM         80    353 PM 104    1935  85     -5       77
  MINIMUM         55    510 AM  44    2013  63     -8       44
  AVERAGE         68                        74     -6       61

PRECIPITATION (IN)
  TODAY            0.00          2.93 1922   0.10  -0.10     0.00
  MONTH TO DATE    3.60                      3.12   0.48     0.59
  SINCE JUN 1     20.25                      7.01  13.24     3.72
  SINCE JAN 1     25.50                     16.99   8.51    16.95

SNOWFALL (IN)
  TODAY            0.0           0.0    MM   0.0    0.0      0.0
  MONTH TO DATE    0.0                       0.0    0.0      0.0
  SINCE JUN 1      0.0                       0.0    0.0      0.0
  SINCE JUL 1      0.0                       0.0    0.0      0.0
  SNOW DEPTH       0

DEGREE DAYS
 HEATING
  TODAY            0                         0      0        4
  MONTH TO DATE    6                         0      6        9
  SINCE JUN 1     26                        27     -1       49
  SINCE JUL 1      6                         0      6        9

 COOLING
  TODAY            3                         9     -6        0
  MONTH TO DATE  189                       269    -80      276
  SINCE JUN 1    384                       457    -73      471
  SINCE JAN 1    505                       521    -16      527
..................................................................


WIND (MPH)
  HIGHEST WIND SPEED    16   HIGHEST WIND DIRECTION     N (350)
  HIGHEST GUST SPEED    21   HIGHEST GUST DIRECTION     N (350)
  AVERAGE WIND SPEED     7.2


SKY COVER
  POSSIBLE SUNSHINE  MM
  AVERAGE SKY COVER 0.4


WEATHER CONDITIONS
 THE FOLLOWING WEATHER WAS RECORDED TODAY.
  NO SIGNIFICANT WEATHER WAS OBSERVED.


RELATIVE HUMIDITY (PERCENT)
 HIGHEST    93           500 AM
 LOWEST     45           400 PM
 AVERAGE    69

..........................................................


THE SIOUX CITY IA CLIMATE NORMALS FOR TOMORROW
                         NORMAL    RECORD    YEAR
 MAXIMUM TEMPERATURE (F)   85       107      1947
 MINIMUM TEMPERATURE (F)   63        48      1952


SUNRISE AND SUNSET
JULY 28 2014..........SUNRISE   614 AM CDT   SUNSET   849 PM CDT
JULY 29 2014..........SUNRISE   615 AM CDT   SUNSET   848 PM CDT


-  INDICATES NEGATIVE NUMBERS.
R  INDICATES RECORD WAS SET OR TIED.
MM INDICATES DATA IS MISSING.
T  INDICATES TRACE AMOUNT.




$$
