000
CDUS43 KFSD 050630
CLISUX


CLIMATE REPORT
NATIONAL WEATHER SERVICE SIOUX FALLS SD
1228 AM CST FRI FEB 5 2016


...................................

...THE SIOUX CITY IA CLIMATE SUMMARY FOR FEBRUARY 4 2016...

CLIMATE NORMAL PERIOD 1981 TO 2010
CLIMATE RECORD PERIOD 1889 TO 2016


WEATHER ITEM   OBSERVED TIME   RECORD YEAR NORMAL DEPARTURE LAST
                VALUE   (LST)  VALUE       VALUE  FROM      YEAR
                                                  NORMAL
..................................................................
TEMPERATURE (F)
 YESTERDAY
  MAXIMUM         31    315 PM  66    2005  32     -1       20
  MINIMUM          7    903 PM -25    1905  12     -5       -6
  AVERAGE         19                        22     -3        7

PRECIPITATION (IN)
  YESTERDAY        0.00          0.57 1927   0.02  -0.02     0.01
  MONTH TO DATE    0.56                      0.08   0.48     0.18
  SINCE DEC 1      4.15                      1.50   2.65     2.22
  SINCE JAN 1      1.29                      0.70   0.59     0.82

SNOWFALL (IN)
  YESTERDAY        0.0           5.2  1907   0.3   -0.3       T
  MONTH TO DATE   12.5                       1.0   11.5      3.4
  SINCE DEC 1     29.2                      15.5   13.7     15.5
  SINCE JUL 1     41.7                      20.9   20.8     20.0
  SNOW DEPTH      14

DEGREE DAYS
 HEATING
  YESTERDAY       46                        43      3       58
  MONTH TO DATE  159                       172    -13      221
  SINCE DEC 1   2526                      2872   -346     2608
  SINCE JUL 1   3632                      4348   -716     4103

 COOLING
  YESTERDAY        0                         0      0        0
  MONTH TO DATE    0                         0      0        0
  SINCE DEC 1      0                         0      0        0
  SINCE JAN 1      0                         0      0        0
..................................................................


WIND (MPH)
  HIGHEST WIND SPEED    24   HIGHEST WIND DIRECTION     N (340)
  HIGHEST GUST SPEED    29   HIGHEST GUST DIRECTION    NW (330)
  AVERAGE WIND SPEED     8.0


SKY COVER
  POSSIBLE SUNSHINE  MM
  AVERAGE SKY COVER 0.3


WEATHER CONDITIONS
 THE FOLLOWING WEATHER WAS RECORDED YESTERDAY.
  FOG
  HAZE


RELATIVE HUMIDITY (PERCENT)
 HIGHEST    88           800 PM
 LOWEST     58           500 PM
 AVERAGE    73

..........................................................


THE SIOUX CITY IA CLIMATE NORMALS FOR TODAY
                         NORMAL    RECORD    YEAR
 MAXIMUM TEMPERATURE (F)   32        61      2005
 MINIMUM TEMPERATURE (F)   12       -22      1907


SUNRISE AND SUNSET
FEBRUARY  5 2016......SUNRISE   735 AM CST   SUNSET   544 PM CST
FEBRUARY  6 2016......SUNRISE   734 AM CST   SUNSET   546 PM CST


-  INDICATES NEGATIVE NUMBERS.
R  INDICATES RECORD WAS SET OR TIED.
MM INDICATES DATA IS MISSING.
T  INDICATES TRACE AMOUNT.




$$
