000
CDUS43 KFSD 172239
CLISUX


CLIMATE REPORT
NATIONAL WEATHER SERVICE SIOUX FALLS SD
537 PM CDT FRI OCT 17 2014


...................................

...THE SIOUX CITY IA CLIMATE SUMMARY FOR OCTOBER 17 2014...
VALID TODAY AS OF 0500 PM LOCAL TIME.

CLIMATE NORMAL PERIOD 1981 TO 2010
CLIMATE RECORD PERIOD 1889 TO 2014


WEATHER ITEM   OBSERVED TIME   RECORD YEAR NORMAL DEPARTURE LAST
                VALUE   (LST)  VALUE       VALUE  FROM      YEAR
                                                  NORMAL
..................................................................
TEMPERATURE (F)
 TODAY
  MAXIMUM         63    242 PM  89    1961  63      0       58
  MINIMUM         53    705 AM  15    1976  38     15       30
  AVERAGE         58                        50      8       44

PRECIPITATION (IN)
  TODAY            0.00          0.77 1968   0.07  -0.07     0.00
  MONTH TO DATE    0.60                      1.37  -0.77     3.31
  SINCE SEP 1      3.39                      4.33  -0.94     4.75
  SINCE JAN 1     39.02                     24.87  14.15    24.78

SNOWFALL (IN)
  TODAY            0.0           1.4  1898   0.1   -0.1      0.0
  MONTH TO DATE    0.0                       0.3   -0.3      0.0
  SINCE SEP 1      0.0                       0.3   -0.3      0.0
  SINCE JUL 1      0.0                       0.3   -0.3      0.0
  SNOW DEPTH       0

DEGREE DAYS
 HEATING
  TODAY            7                        15     -8       21
  MONTH TO DATE  201                       203     -2      147
  SINCE SEP 1    307                       335    -28      192
  SINCE JUL 1    313                       350    -37      212

 COOLING
  TODAY            0                         0      0        0
  MONTH TO DATE    4                         8     -4        7
  SINCE SEP 1     96                        92      4      159
  SINCE JAN 1    862                       869     -7      960
..................................................................


WIND (MPH)
  HIGHEST WIND SPEED    31   HIGHEST WIND DIRECTION     N (340)
  HIGHEST GUST SPEED    40   HIGHEST GUST DIRECTION    NW (330)
  AVERAGE WIND SPEED    20.1


SKY COVER
  POSSIBLE SUNSHINE  MM
  AVERAGE SKY COVER 0.7


WEATHER CONDITIONS
 THE FOLLOWING WEATHER WAS RECORDED TODAY.
  NO SIGNIFICANT WEATHER WAS OBSERVED.


RELATIVE HUMIDITY (PERCENT)
 HIGHEST    64           800 AM
 LOWEST     46           200 PM
 AVERAGE    55

..........................................................


THE SIOUX CITY IA CLIMATE NORMALS FOR TOMORROW
                         NORMAL    RECORD    YEAR
 MAXIMUM TEMPERATURE (F)   63        87      1950
                                             1945
 MINIMUM TEMPERATURE (F)   37        20      1972


SUNRISE AND SUNSET
OCTOBER 17 2014.......SUNRISE   741 AM CDT   SUNSET   640 PM CDT
OCTOBER 18 2014.......SUNRISE   742 AM CDT   SUNSET   639 PM CDT


-  INDICATES NEGATIVE NUMBERS.
R  INDICATES RECORD WAS SET OR TIED.
MM INDICATES DATA IS MISSING.
T  INDICATES TRACE AMOUNT.




$$
