000
CDUS43 KFSD 240632
CLISUX


CLIMATE REPORT
NATIONAL WEATHER SERVICE SIOUX FALLS SD
1231 AM CST TUE FEB 24 2015


...................................

...THE SIOUX CITY IA CLIMATE SUMMARY FOR FEBRUARY 23 2015...

CLIMATE NORMAL PERIOD 1981 TO 2010
CLIMATE RECORD PERIOD 1889 TO 2015


WEATHER ITEM   OBSERVED TIME   RECORD YEAR NORMAL DEPARTURE LAST
                VALUE   (LST)  VALUE       VALUE  FROM      YEAR
                                                  NORMAL
..................................................................
TEMPERATURE (F)
 YESTERDAY
  MAXIMUM         31    402 PM  68    2002  37     -6       32
  MINIMUM         -9    656 AM -15    1993  18    -27       10
  AVERAGE         11                        28    -17       21

PRECIPITATION (IN)
  YESTERDAY        0.00          0.58 2012   0.03  -0.03     0.00
  MONTH TO DATE    0.18                      0.52  -0.34     0.49
  SINCE DEC 1      2.22                      1.94   0.28     0.86
  SINCE JAN 1      0.82                      1.14  -0.32     0.68

SNOWFALL (IN)
  YESTERDAY        0.0           5.5  1924   0.3   -0.3      0.0
  MONTH TO DATE    3.6                       5.5   -1.9      6.1
  SINCE DEC 1     15.7                      20.0   -4.3     10.5
  SINCE JUL 1     20.2                      25.4   -5.2     11.4
  SNOW DEPTH       0

DEGREE DAYS
 HEATING
  YESTERDAY       54                        37     17       44
  MONTH TO DATE 1035                       936     99     1028
  SINCE DEC 1   3422                      3636   -214     3919
  SINCE JUL 1   4917                      5112   -195     5343

 COOLING
  YESTERDAY        0                         0      0        0
  MONTH TO DATE    0                         0      0        0
  SINCE DEC 1      0                         0      0        0
  SINCE JAN 1      0                         0      0        0
..................................................................


WIND (MPH)
  HIGHEST WIND SPEED    22   HIGHEST WIND DIRECTION    SW (230)
  HIGHEST GUST SPEED    27   HIGHEST GUST DIRECTION    SW (210)
  AVERAGE WIND SPEED    10.4


SKY COVER
  POSSIBLE SUNSHINE  MM
  AVERAGE SKY COVER 0.0


WEATHER CONDITIONS
 THE FOLLOWING WEATHER WAS RECORDED YESTERDAY.
  NO SIGNIFICANT WEATHER WAS OBSERVED.


RELATIVE HUMIDITY (PERCENT)
 HIGHEST    83           700 AM
 LOWEST     27           300 PM
 AVERAGE    55

..........................................................


THE SIOUX CITY IA CLIMATE NORMALS FOR TODAY
                         NORMAL    RECORD    YEAR
 MAXIMUM TEMPERATURE (F)   38        67      1981
 MINIMUM TEMPERATURE (F)   18       -18      1993


SUNRISE AND SUNSET
FEBRUARY 24 2015......SUNRISE   709 AM CST   SUNSET   609 PM CST
FEBRUARY 25 2015......SUNRISE   708 AM CST   SUNSET   610 PM CST


-  INDICATES NEGATIVE NUMBERS.
R  INDICATES RECORD WAS SET OR TIED.
MM INDICATES DATA IS MISSING.
T  INDICATES TRACE AMOUNT.




$$
