000
CDUS43 KFSD 190635
CLISUX


CLIMATE REPORT
NATIONAL WEATHER SERVICE SIOUX FALLS SD
135 AM CDT SUN OCT 19 2014


...................................

...THE SIOUX CITY IA CLIMATE SUMMARY FOR OCTOBER 18 2014...

CLIMATE NORMAL PERIOD 1981 TO 2010
CLIMATE RECORD PERIOD 1889 TO 2014


WEATHER ITEM   OBSERVED TIME   RECORD YEAR NORMAL DEPARTURE LAST
                VALUE   (LST)  VALUE       VALUE  FROM      YEAR
                                                  NORMAL
..................................................................
TEMPERATURE (F)
 YESTERDAY
  MAXIMUM         59    435 PM  87    1950  63     -4       55
                                      1945
  MINIMUM         41   1158 PM  20    1972  37      4       31
  AVERAGE         50                        50      0       43

PRECIPITATION (IN)
  YESTERDAY        0.00          1.02 1897   0.07  -0.07     0.01
  MONTH TO DATE    0.60                      1.44  -0.84     3.32
  SINCE SEP 1      3.39                      4.40  -1.01     4.76
  SINCE JAN 1     39.02                     24.94  14.08    24.79

SNOWFALL (IN)
  YESTERDAY        0.0           1.6  1898   0.0    0.0      0.0
  MONTH TO DATE    0.0                       0.3   -0.3      0.0
  SINCE SEP 1      0.0                       0.3   -0.3      0.0
  SINCE JUL 1      0.0                       0.3   -0.3      0.0
  SNOW DEPTH       0

DEGREE DAYS
 HEATING
  YESTERDAY       15                        15      0       22
  MONTH TO DATE  221                       218      3      169
  SINCE SEP 1    327                       350    -23      214
  SINCE JUL 1    333                       365    -32      234

 COOLING
  YESTERDAY        0                         0      0        0
  MONTH TO DATE    4                         8     -4        7
  SINCE SEP 1     96                        92      4      159
  SINCE JAN 1    862                       869     -7      960
..................................................................


WIND (MPH)
  HIGHEST WIND SPEED    17   HIGHEST WIND DIRECTION     N (10)
  HIGHEST GUST SPEED    21   HIGHEST GUST DIRECTION     N (20)
  AVERAGE WIND SPEED     5.8


SKY COVER
  POSSIBLE SUNSHINE  MM
  AVERAGE SKY COVER 0.5


WEATHER CONDITIONS
 THE FOLLOWING WEATHER WAS RECORDED YESTERDAY.
  HAZE


RELATIVE HUMIDITY (PERCENT)
 HIGHEST    82          1000 PM
 LOWEST     51           400 PM
 AVERAGE    67

..........................................................


THE SIOUX CITY IA CLIMATE NORMALS FOR TODAY
                         NORMAL    RECORD    YEAR
 MAXIMUM TEMPERATURE (F)   62        88      2003
 MINIMUM TEMPERATURE (F)   37        13      1972


SUNRISE AND SUNSET
OCTOBER 19 2014.......SUNRISE   743 AM CDT   SUNSET   637 PM CDT
OCTOBER 20 2014.......SUNRISE   744 AM CDT   SUNSET   636 PM CDT


-  INDICATES NEGATIVE NUMBERS.
R  INDICATES RECORD WAS SET OR TIED.
MM INDICATES DATA IS MISSING.
T  INDICATES TRACE AMOUNT.




$$
