000
CDUS43 KFSD 160655
CLISUX


CLIMATE REPORT
NATIONAL WEATHER SERVICE SIOUX FALLS SD
153 AM CDT SUN APR 16 2017


...................................

...THE SIOUX CITY IA CLIMATE SUMMARY FOR APRIL 15 2017...

CLIMATE NORMAL PERIOD 1981 TO 2010
CLIMATE RECORD PERIOD 1889 TO 2017


WEATHER ITEM   OBSERVED TIME   RECORD YEAR NORMAL DEPARTURE LAST
                VALUE   (LST)  VALUE       VALUE  FROM      YEAR
                                                  NORMAL
..................................................................
TEMPERATURE (F)
 YESTERDAY
  MAXIMUM         78        MM  96    2002  62     16       78
  MINIMUM         54        MM  16    2014  37     17       48
  AVERAGE         66                        49     17       63

PRECIPITATION (IN)
  YESTERDAY        0.29          2.01 2011   0.09   0.20     0.00
  MONTH TO DATE    0.93                      1.36  -0.43     0.03
  SINCE MAR 1      2.44                      3.36  -0.92     3.09
  SINCE JAN 1      4.03                      4.65  -0.62     4.93

SNOWFALL (IN)
  YESTERDAY        0.0           1.1  1953   0.1   -0.1      0.0
  MONTH TO DATE    T                         1.3   -1.3      0.0
  SINCE MAR 1      3.1                       7.8   -4.7     14.5
  SINCE JUL 1     28.6                      34.3   -5.7     57.6
  SNOW DEPTH       0

DEGREE DAYS
 HEATING
  YESTERDAY        0                        16    -16        2
  MONTH TO DATE  200                       282    -82      241
  SINCE MAR 1    969                      1166   -197      874
  SINCE JUL 1   5206                      6460  -1254     5333

 COOLING
  YESTERDAY        1                         0      1        0
  MONTH TO DATE    1                         0      1        0
  SINCE MAR 1      1                         0      1        0
  SINCE JAN 1      1                         0      1        0
..................................................................


WIND (MPH)
  HIGHEST WIND SPEED    MM   HIGHEST WIND DIRECTION    MM
  HIGHEST GUST SPEED    MM   HIGHEST GUST DIRECTION    MM
  AVERAGE WIND SPEED    MM


SKY COVER
  POSSIBLE SUNSHINE  MM
  AVERAGE SKY COVER 0.6


WEATHER CONDITIONS
 THE FOLLOWING WEATHER WAS RECORDED YESTERDAY.
  THUNDERSTORM
  LIGHT RAIN


RELATIVE HUMIDITY (PERCENT)
 HIGHEST   100           900 AM
 LOWEST     56           300 PM
 AVERAGE    78

..........................................................


THE SIOUX CITY IA CLIMATE NORMALS FOR TODAY
                         NORMAL    RECORD    YEAR
 MAXIMUM TEMPERATURE (F)   63        90      2004
 MINIMUM TEMPERATURE (F)   37        20      1904


SUNRISE AND SUNSET
APRIL 16 2017.........SUNRISE   642 AM CDT   SUNSET   809 PM CDT
APRIL 17 2017.........SUNRISE   641 AM CDT   SUNSET   810 PM CDT


-  INDICATES NEGATIVE NUMBERS.
R  INDICATES RECORD WAS SET OR TIED.
MM INDICATES DATA IS MISSING.
T  INDICATES TRACE AMOUNT.




$$
