000
CDUS43 KFSD 230633
CLISUX


CLIMATE REPORT
NATIONAL WEATHER SERVICE SIOUX FALLS SD
1230 AM CST SUN NOV 23 2014


...................................

...THE SIOUX CITY IA CLIMATE SUMMARY FOR NOVEMBER 22 2014...

CLIMATE NORMAL PERIOD 1981 TO 2010
CLIMATE RECORD PERIOD 1889 TO 2014


WEATHER ITEM   OBSERVED TIME   RECORD YEAR NORMAL DEPARTURE LAST
                VALUE   (LST)  VALUE       VALUE  FROM      YEAR
                                                  NORMAL
..................................................................
TEMPERATURE (F)
 YESTERDAY
  MAXIMUM         54   1159 PM  68    2006  42     12       32
  MINIMUM         36    752 PM  -3    1898  22     14       10
  AVERAGE         45                        32     13       21

PRECIPITATION (IN)
  YESTERDAY        0.00          0.82 1931   0.04  -0.04      T
  MONTH TO DATE    0.27                      0.98  -0.71     1.09
  SINCE SEP 1      4.19                      6.07  -1.88     6.42
  SINCE JAN 1     39.82                     26.61  13.21    26.45

SNOWFALL (IN)
  YESTERDAY        0.0           3.5  1909   0.2   -0.2       T
  MONTH TO DATE    4.4                       2.7    1.7      0.9
  SINCE SEP 1      4.4                       3.7    0.7      0.9
  SINCE JUL 1      4.4                       3.7    0.7      0.9
  SNOW DEPTH       T

DEGREE DAYS
 HEATING
  YESTERDAY       20                        33    -13       44
  MONTH TO DATE  735                       592    143      578
  SINCE SEP 1   1209                      1177     32     1083
  SINCE JUL 1   1215                      1192     23     1103

 COOLING
  YESTERDAY        0                         0      0        0
  MONTH TO DATE    0                         0      0        0
  SINCE SEP 1     96                        92      4      159
  SINCE JAN 1    862                       869     -7      960
..................................................................


WIND (MPH)
  HIGHEST WIND SPEED    23   HIGHEST WIND DIRECTION     S (180)
  HIGHEST GUST SPEED    29   HIGHEST GUST DIRECTION     S (190)
  AVERAGE WIND SPEED    11.5


SKY COVER
  POSSIBLE SUNSHINE  MM
  AVERAGE SKY COVER 0.7


WEATHER CONDITIONS
 THE FOLLOWING WEATHER WAS RECORDED YESTERDAY.
  FOG
  HAZE


RELATIVE HUMIDITY (PERCENT)
 HIGHEST    92           200 AM
 LOWEST     71           200 PM
 AVERAGE    82

..........................................................


THE SIOUX CITY IA CLIMATE NORMALS FOR TODAY
                         NORMAL    RECORD    YEAR
 MAXIMUM TEMPERATURE (F)   42        62      1902
 MINIMUM TEMPERATURE (F)   21        -4      1898


SUNRISE AND SUNSET
NOVEMBER 23 2014......SUNRISE   726 AM CST   SUNSET   457 PM CST
NOVEMBER 24 2014......SUNRISE   727 AM CST   SUNSET   457 PM CST


-  INDICATES NEGATIVE NUMBERS.
R  INDICATES RECORD WAS SET OR TIED.
MM INDICATES DATA IS MISSING.
T  INDICATES TRACE AMOUNT.




$$
