541
CDUS43 KFSD 060638
CLISUX


CLIMATE REPORT
NATIONAL WEATHER SERVICE SIOUX FALLS SD
1236 AM CST SAT FEB 6 2016


...................................

...THE SIOUX CITY IA CLIMATE SUMMARY FOR FEBRUARY 5 2016...

CLIMATE NORMAL PERIOD 1981 TO 2010
CLIMATE RECORD PERIOD 1889 TO 2016


WEATHER ITEM   OBSERVED TIME   RECORD YEAR NORMAL DEPARTURE LAST
                VALUE   (LST)  VALUE       VALUE  FROM      YEAR
                                                  NORMAL
..................................................................
TEMPERATURE (F)
 YESTERDAY
  MAXIMUM         32   1138 PM  61    2005  32      0       22
  MINIMUM          7    457 AM -22    1907  12     -5      -11
  AVERAGE         20                        22     -2        6

PRECIPITATION (IN)
  YESTERDAY        T             1.10 1911   0.02  -0.02     0.00
  MONTH TO DATE    0.56                      0.10   0.46     0.18
  SINCE DEC 1      4.15                      1.52   2.63     2.22
  SINCE JAN 1      1.29                      0.72   0.57     0.82

SNOWFALL (IN)
  YESTERDAY        0.1          13.0  1911   0.2   -0.1      0.0
  MONTH TO DATE   12.6                       1.2   11.4      3.4
  SINCE DEC 1     29.3                      15.7   13.6     15.5
  SINCE JUL 1     41.8                      21.1   20.7     20.0
  SNOW DEPTH      13

DEGREE DAYS
 HEATING
  YESTERDAY       45                        43      2       59
  MONTH TO DATE  204                       215    -11      280
  SINCE DEC 1   2571                      2915   -344     2667
  SINCE JUL 1   3677                      4391   -714     4162

 COOLING
  YESTERDAY        0                         0      0        0
  MONTH TO DATE    0                         0      0        0
  SINCE DEC 1      0                         0      0        0
  SINCE JAN 1      0                         0      0        0
..................................................................


WIND (MPH)
  HIGHEST WIND SPEED    18   HIGHEST WIND DIRECTION     S (190)
  HIGHEST GUST SPEED    23   HIGHEST GUST DIRECTION     S (180)
  AVERAGE WIND SPEED     8.7


SKY COVER
  POSSIBLE SUNSHINE  MM
  AVERAGE SKY COVER 0.7


WEATHER CONDITIONS
 THE FOLLOWING WEATHER WAS RECORDED YESTERDAY.
  LIGHT SNOW
  FOG
  HAZE


RELATIVE HUMIDITY (PERCENT)
 HIGHEST    88           500 AM
 LOWEST     78           200 PM
 AVERAGE    83

..........................................................


THE SIOUX CITY IA CLIMATE NORMALS FOR TODAY
                         NORMAL    RECORD    YEAR
 MAXIMUM TEMPERATURE (F)   33        57      1957
 MINIMUM TEMPERATURE (F)   13       -17      1982
                                             1905
                                             1893


SUNRISE AND SUNSET
FEBRUARY  6 2016......SUNRISE   734 AM CST   SUNSET   546 PM CST
FEBRUARY  7 2016......SUNRISE   733 AM CST   SUNSET   547 PM CST


-  INDICATES NEGATIVE NUMBERS.
R  INDICATES RECORD WAS SET OR TIED.
MM INDICATES DATA IS MISSING.
T  INDICATES TRACE AMOUNT.




$$
