000
CDUS43 KFSD 111121
CLISUX


CLIMATE REPORT
NATIONAL WEATHER SERVICE SIOUX FALLS SD
520 AM CST SAT NOV 11 2017


...................................

...THE SIOUX CITY IA CLIMATE SUMMARY FOR NOVEMBER 10 2017...

CLIMATE NORMAL PERIOD 1981 TO 2010
CLIMATE RECORD PERIOD 1889 TO 2017


WEATHER ITEM   OBSERVED TIME   RECORD YEAR NORMAL DEPARTURE LAST
                VALUE   (LST)  VALUE       VALUE  FROM      YEAR
                                                  NORMAL
..................................................................
TEMPERATURE (F)
 YESTERDAY
  MAXIMUM         33   1159 PM  73    1949  50    -17       69
  MINIMUM         16    539 AM  -2    1986  28    -12       34
  AVERAGE         25                        39    -14       52

PRECIPITATION (IN)
  YESTERDAY        0.00          1.00 1998   0.04  -0.04     0.00
  MONTH TO DATE    T                         0.44  -0.44     0.00
  SINCE SEP 1      9.01                      5.53   3.48     4.38
  SINCE JAN 1     29.20                     26.07   3.13    28.73

SNOWFALL (IN)
  YESTERDAY        0.0           7.5  1896   0.1   -0.1      0.0
  MONTH TO DATE    0.0                       0.9   -0.9      0.0
  SINCE SEP 1      T                         1.9   -1.9      0.0
  SINCE JUL 1      T                         1.9   -1.9      0.0
  SNOW DEPTH       0

DEGREE DAYS
 HEATING
  YESTERDAY       40                        26     14       13
  MONTH TO DATE  298                       235     63      122
  SINCE SEP 1    788                       820    -32      476
  SINCE JUL 1    796                       835    -39      476

 COOLING
  YESTERDAY        0                         0      0        0
  MONTH TO DATE    0                         0      0        0
  SINCE SEP 1    119                        92     27      143
  SINCE JAN 1    951                       869     82     1165
..................................................................


WIND (MPH)
  HIGHEST WIND SPEED    23   HIGHEST WIND DIRECTION     S (160)
  HIGHEST GUST SPEED    29   HIGHEST GUST DIRECTION     S (160)
  AVERAGE WIND SPEED    13.8


SKY COVER
  POSSIBLE SUNSHINE  MM
  AVERAGE SKY COVER 0.7


WEATHER CONDITIONS
 THE FOLLOWING WEATHER WAS RECORDED YESTERDAY.
  NO SIGNIFICANT WEATHER WAS OBSERVED.


RELATIVE HUMIDITY (PERCENT)
 HIGHEST    67           600 AM
 LOWEST     42           300 PM
 AVERAGE    55

..........................................................


THE SIOUX CITY IA CLIMATE NORMALS FOR TODAY
                         NORMAL    RECORD    YEAR
 MAXIMUM TEMPERATURE (F)   49        77      1971
 MINIMUM TEMPERATURE (F)   28        -8      1986


SUNRISE AND SUNSET
NOVEMBER 11 2017......SUNRISE   712 AM CST   SUNSET   507 PM CST
NOVEMBER 12 2017......SUNRISE   713 AM CST   SUNSET   506 PM CST


-  INDICATES NEGATIVE NUMBERS.
R  INDICATES RECORD WAS SET OR TIED.
MM INDICATES DATA IS MISSING.
T  INDICATES TRACE AMOUNT.




$$
