000
CDUS43 KFSD 220635
CLISUX


CLIMATE REPORT
NATIONAL WEATHER SERVICE SIOUX FALLS SD
1233 AM CST MON DEC 22 2014


...................................

...THE SIOUX CITY IA CLIMATE SUMMARY FOR DECEMBER 21 2014...

CLIMATE NORMAL PERIOD 1981 TO 2010
CLIMATE RECORD PERIOD 1889 TO 2014


WEATHER ITEM   OBSERVED TIME   RECORD YEAR NORMAL DEPARTURE LAST
                VALUE   (LST)  VALUE       VALUE  FROM      YEAR
                                                  NORMAL
..................................................................
TEMPERATURE (F)
 YESTERDAY
  MAXIMUM         43    125 PM  60    1941  31     12       26
                                      1933
  MINIMUM         33    224 AM -22    1989  12     21       10
  AVERAGE         38                        21     17       18

PRECIPITATION (IN)
  YESTERDAY        T             0.59 2006   0.02  -0.02     0.00
  MONTH TO DATE    0.49                      0.58  -0.09     0.16
  SINCE DEC 1      0.49                      0.58  -0.09     0.16
  SINCE JAN 1     40.45                     27.52  12.93    26.61

SNOWFALL (IN)
  YESTERDAY        0            11.8  1920   0.3    0.3      0.0
  MONTH TO DATE    T                         5.5   -5.5      2.1
  SINCE DEC 1      T                         5.5   -5.5      2.1
  SINCE JUL 1      4.5                      10.9   -6.4      3.0
  SNOW DEPTH       0

DEGREE DAYS
 HEATING
  YESTERDAY       27                        44    -17       47
  MONTH TO DATE  694                       870   -176      977
  SINCE DEC 1    694                       870   -176      977
  SINCE JUL 1   2189                      2346   -157     2401

 COOLING
  YESTERDAY        0                         0      0        0
  MONTH TO DATE    0                         0      0        0
  SINCE DEC 1      0                         0      0        0
  SINCE JAN 1    862                       869     -7      960
..................................................................


WIND (MPH)
  HIGHEST WIND SPEED    23   HIGHEST WIND DIRECTION     S (200)
  HIGHEST GUST SPEED    28   HIGHEST GUST DIRECTION     S (190)
  AVERAGE WIND SPEED    12.7


SKY COVER
  POSSIBLE SUNSHINE  MM
  AVERAGE SKY COVER 1.0


WEATHER CONDITIONS
 THE FOLLOWING WEATHER WAS RECORDED YESTERDAY.
  FOG
  FOG W/VISIBILITY <= 1/4 MILE


RELATIVE HUMIDITY (PERCENT)
 HIGHEST   100           300 AM
 LOWEST     82          1200 PM
 AVERAGE    91

..........................................................


THE SIOUX CITY IA CLIMATE NORMALS FOR TODAY
                         NORMAL    RECORD    YEAR
 MAXIMUM TEMPERATURE (F)   30        61      1933
 MINIMUM TEMPERATURE (F)   11       -24      1989


SUNRISE AND SUNSET
DECEMBER 22 2014......SUNRISE   752 AM CST   SUNSET   456 PM CST
DECEMBER 23 2014......SUNRISE   752 AM CST   SUNSET   457 PM CST


-  INDICATES NEGATIVE NUMBERS.
R  INDICATES RECORD WAS SET OR TIED.
MM INDICATES DATA IS MISSING.
T  INDICATES TRACE AMOUNT.




$$
