000
CDUS43 KFSD 240632
CLISUX


CLIMATE REPORT
NATIONAL WEATHER SERVICE SIOUX FALLS SD
132 AM CDT TUE MAR 24 2015


...................................

...THE SIOUX CITY IA CLIMATE SUMMARY FOR MARCH 23 2015...

CLIMATE NORMAL PERIOD 1981 TO 2010
CLIMATE RECORD PERIOD 1889 TO 2015


WEATHER ITEM   OBSERVED TIME   RECORD YEAR NORMAL DEPARTURE LAST
                VALUE   (LST)  VALUE       VALUE  FROM      YEAR
                                                  NORMAL
..................................................................
TEMPERATURE (F)
 YESTERDAY
  MAXIMUM         52    514 PM  88    1910  51      1       39
  MINIMUM         33    902 AM   1    1899  28      5        6
  AVERAGE         43                        40      3       23

PRECIPITATION (IN)
  YESTERDAY        0.00          1.66 1987   0.07  -0.07     0.00
  MONTH TO DATE    T                         1.33  -1.33     0.31
  SINCE MAR 1      T                         1.33  -1.33     0.31
  SINCE JAN 1      0.96                      2.62  -1.66     1.08

SNOWFALL (IN)
  YESTERDAY        0.0           3.5  1906   0.2   -0.2      0.0
  MONTH TO DATE    T                         5.2   -5.2      4.6
  SINCE MAR 1      T                         5.2   -5.2      4.6
  SINCE JUL 1     21.5                      31.7  -10.2     18.4
  SNOW DEPTH       0

DEGREE DAYS
 HEATING
  YESTERDAY       22                        25     -3       42
  MONTH TO DATE  522                       696   -174      771
  SINCE MAR 1    522                       696   -174      771
  SINCE JUL 1   5688                      5990   -302     6375

 COOLING
  YESTERDAY        0                         0      0        0
  MONTH TO DATE    0                         0      0        0
  SINCE MAR 1      0                         0      0        0
  SINCE JAN 1      0                         0      0        0
..................................................................


WIND (MPH)
  HIGHEST WIND SPEED    21   HIGHEST WIND DIRECTION     E (110)
  HIGHEST GUST SPEED    25   HIGHEST GUST DIRECTION     E (110)
  AVERAGE WIND SPEED    10.1


SKY COVER
  POSSIBLE SUNSHINE  MM
  AVERAGE SKY COVER 0.5


WEATHER CONDITIONS
 THE FOLLOWING WEATHER WAS RECORDED YESTERDAY.
  NO SIGNIFICANT WEATHER WAS OBSERVED.


RELATIVE HUMIDITY (PERCENT)
 HIGHEST    75          1200 AM
 LOWEST     41           400 PM
 AVERAGE    58

..........................................................


THE SIOUX CITY IA CLIMATE NORMALS FOR TODAY
                         NORMAL    RECORD    YEAR
 MAXIMUM TEMPERATURE (F)   52        82      1967
 MINIMUM TEMPERATURE (F)   28        -4      1952


SUNRISE AND SUNSET
MARCH 24 2015.........SUNRISE   722 AM CDT   SUNSET   742 PM CDT
MARCH 25 2015.........SUNRISE   721 AM CDT   SUNSET   743 PM CDT


-  INDICATES NEGATIVE NUMBERS.
R  INDICATES RECORD WAS SET OR TIED.
MM INDICATES DATA IS MISSING.
T  INDICATES TRACE AMOUNT.




$$
