973
CDUS43 KFSD 130627
CLISUX


CLIMATE REPORT
NATIONAL WEATHER SERVICE SIOUX FALLS SD
126 AM CDT FRI OCT 13 2017


...................................

...THE SIOUX CITY IA CLIMATE SUMMARY FOR OCTOBER 12 2017...

CLIMATE NORMAL PERIOD 1981 TO 2010
CLIMATE RECORD PERIOD 1889 TO 2017


WEATHER ITEM   OBSERVED TIME   RECORD YEAR NORMAL DEPARTURE LAST
                VALUE   (LST)  VALUE       VALUE  FROM      YEAR
                                                  NORMAL
..................................................................
TEMPERATURE (F)
 YESTERDAY
  MAXIMUM         68    311 PM  92    1975  65      3       50
  MINIMUM         40    232 AM  19    1917  39      1       31
  AVERAGE         54                        52      2       41

PRECIPITATION (IN)
  YESTERDAY        0.00          1.04 1890   0.08  -0.08     0.01
  MONTH TO DATE    6.52                      1.01   5.51     1.03
  SINCE SEP 1      8.70                      3.97   4.73     3.81
  SINCE JAN 1     28.89                     24.51   4.38    28.16

SNOWFALL (IN)
  YESTERDAY        0.0           0.8  2009   0.0    0.0      0.0
  MONTH TO DATE    0.0                       0.1   -0.1      0.0
  SINCE SEP 1      0.0                       0.1   -0.1      0.0
  SINCE JUL 1      0.0                       0.1   -0.1      0.0
  SNOW DEPTH       0

DEGREE DAYS
 HEATING
  YESTERDAY       11                        13     -2       24
  MONTH TO DATE  108                       133    -25      105
  SINCE SEP 1    174                       265    -91      155
  SINCE JUL 1    182                       280    -98      155

 COOLING
  YESTERDAY        0                         0      0        0
  MONTH TO DATE    0                         8     -8        0
  SINCE SEP 1    119                        92     27      143
  SINCE JAN 1    951                       869     82     1165
..................................................................


WIND (MPH)
  HIGHEST WIND SPEED    21   HIGHEST WIND DIRECTION     S (180)
  HIGHEST GUST SPEED    26   HIGHEST GUST DIRECTION     S (190)
  AVERAGE WIND SPEED     9.6


SKY COVER
  POSSIBLE SUNSHINE  MM
  AVERAGE SKY COVER 0.2


WEATHER CONDITIONS
 THE FOLLOWING WEATHER WAS RECORDED YESTERDAY.
  NO SIGNIFICANT WEATHER WAS OBSERVED.


RELATIVE HUMIDITY (PERCENT)
 HIGHEST   100           100 AM
 LOWEST     58           200 PM
 AVERAGE    79

..........................................................


THE SIOUX CITY IA CLIMATE NORMALS FOR TODAY
                         NORMAL    RECORD    YEAR
 MAXIMUM TEMPERATURE (F)   65        92      1975
 MINIMUM TEMPERATURE (F)   39        17      1909


SUNRISE AND SUNSET
OCTOBER 13 2017.......SUNRISE   736 AM CDT   SUNSET   646 PM CDT
OCTOBER 14 2017.......SUNRISE   738 AM CDT   SUNSET   645 PM CDT


-  INDICATES NEGATIVE NUMBERS.
R  INDICATES RECORD WAS SET OR TIED.
MM INDICATES DATA IS MISSING.
T  INDICATES TRACE AMOUNT.




$$
