000
CDUS43 KFSD 220627
CLISUX


CLIMATE REPORT
NATIONAL WEATHER SERVICE SIOUX FALLS SD
1226 AM CST THU JAN 22 2015


...................................

...THE SIOUX CITY IA CLIMATE SUMMARY FOR JANUARY 21 2015...

CLIMATE NORMAL PERIOD 1981 TO 2010
CLIMATE RECORD PERIOD 1889 TO 2015


WEATHER ITEM   OBSERVED TIME   RECORD YEAR NORMAL DEPARTURE LAST
                VALUE   (LST)  VALUE       VALUE  FROM      YEAR
                                                  NORMAL
..................................................................
TEMPERATURE (F)
 YESTERDAY
  MAXIMUM         35    105 PM  57    1899  31      4       24
  MINIMUM         31   1159 PM -26    1970  10     21       -6
  AVERAGE         33                        20     13        9

PRECIPITATION (IN)
  YESTERDAY        0.01          0.56 1917   0.02  -0.01     0.00
  MONTH TO DATE    0.25                      0.42  -0.17     0.18
  SINCE DEC 1      1.65                      1.22   0.43     0.36
  SINCE JAN 1      0.25                      0.42  -0.17     0.18

SNOWFALL (IN)
  YESTERDAY       MM             8.0  1917   0.2   MM        0.0
  MONTH TO DATE    4.5                       4.4    0.1      1.6
  SINCE DEC 1      8.3                      12.2   -3.9      3.9
  SINCE JUL 1     12.8                      17.6   -4.8      4.8
  SNOW DEPTH       T

DEGREE DAYS
 HEATING
  YESTERDAY       32                        45    -13       56
  MONTH TO DATE  962                       945     17      965
  SINCE DEC 1   2092                      2261   -169     2415
  SINCE JUL 1   3587                      3737   -150     3839

 COOLING
  YESTERDAY        0                         0      0        0
  MONTH TO DATE    0                         0      0        0
  SINCE DEC 1      0                         0      0        0
  SINCE JAN 1      0                         0      0        0
..................................................................


WIND (MPH)
  HIGHEST WIND SPEED    21   HIGHEST WIND DIRECTION    NW (320)
  HIGHEST GUST SPEED    25   HIGHEST GUST DIRECTION    NW (320)
  AVERAGE WIND SPEED     6.6


SKY COVER
  POSSIBLE SUNSHINE  MM
  AVERAGE SKY COVER 1.0


WEATHER CONDITIONS
 THE FOLLOWING WEATHER WAS RECORDED YESTERDAY.
  LIGHT SNOW
  FOG


RELATIVE HUMIDITY (PERCENT)
 HIGHEST    89           600 AM
 LOWEST     75           600 PM
 AVERAGE    82

..........................................................


THE SIOUX CITY IA CLIMATE NORMALS FOR TODAY
                         NORMAL    RECORD    YEAR
 MAXIMUM TEMPERATURE (F)   31        62      1989
 MINIMUM TEMPERATURE (F)   10       -21      1936


SUNRISE AND SUNSET
JANUARY 22 2015.......SUNRISE   748 AM CST   SUNSET   526 PM CST
JANUARY 23 2015.......SUNRISE   747 AM CST   SUNSET   528 PM CST


-  INDICATES NEGATIVE NUMBERS.
R  INDICATES RECORD WAS SET OR TIED.
MM INDICATES DATA IS MISSING.
T  INDICATES TRACE AMOUNT.




$$
