000
CDUS43 KFSD 180630
CLISUX


CLIMATE REPORT
NATIONAL WEATHER SERVICE SIOUX FALLS SD
1229 AM CST TUE NOV 18 2014


...................................

...THE SIOUX CITY IA CLIMATE SUMMARY FOR NOVEMBER 17 2014...

CLIMATE NORMAL PERIOD 1981 TO 2010
CLIMATE RECORD PERIOD 1889 TO 2014


WEATHER ITEM   OBSERVED TIME   RECORD YEAR NORMAL DEPARTURE LAST
                VALUE   (LST)  VALUE       VALUE  FROM      YEAR
                                                  NORMAL
..................................................................
TEMPERATURE (F)
 YESTERDAY
  MAXIMUM         19    104 AM  72    1941  45    -26       53
  MINIMUM          5   1031 PM  -4    1959  25    -20       34
  AVERAGE         12                        35    -23       44

PRECIPITATION (IN)
  YESTERDAY        0.00          1.05 1971   0.05  -0.05     0.11
  MONTH TO DATE    0.27                      0.76  -0.49     1.07
  SINCE SEP 1      4.19                      5.85  -1.66     6.40
  SINCE JAN 1     39.82                     26.39  13.43    26.43

SNOWFALL (IN)
  YESTERDAY        0.0           2.8  1986   0.1   -0.1      0.0
  MONTH TO DATE    4.4                       1.8    2.6      0.6
  SINCE SEP 1      4.4                       2.8    1.6      0.6
  SINCE JUL 1      4.4                       2.8    1.6      0.6
  SNOW DEPTH       4

DEGREE DAYS
 HEATING
  YESTERDAY       53                        30     23       21
  MONTH TO DATE  544                       433    111      429
  SINCE SEP 1   1018                      1018      0      934
  SINCE JUL 1   1024                      1033     -9      954

 COOLING
  YESTERDAY        0                         0      0        0
  MONTH TO DATE    0                         0      0        0
  SINCE SEP 1     96                        92      4      159
  SINCE JAN 1    862                       869     -7      960
..................................................................


WIND (MPH)
  HIGHEST WIND SPEED    30   HIGHEST WIND DIRECTION    NW (330)
  HIGHEST GUST SPEED    36   HIGHEST GUST DIRECTION    NW (330)
  AVERAGE WIND SPEED    16.4


SKY COVER
  POSSIBLE SUNSHINE  MM
  AVERAGE SKY COVER 0.2


WEATHER CONDITIONS
 THE FOLLOWING WEATHER WAS RECORDED YESTERDAY.
  NO SIGNIFICANT WEATHER WAS OBSERVED.


RELATIVE HUMIDITY (PERCENT)
 HIGHEST    80          1100 PM
 LOWEST     54           300 PM
 AVERAGE    67

..........................................................


THE SIOUX CITY IA CLIMATE NORMALS FOR TODAY
                         NORMAL    RECORD    YEAR
 MAXIMUM TEMPERATURE (F)   45        73      1941
 MINIMUM TEMPERATURE (F)   24         4      1989


SUNRISE AND SUNSET
NOVEMBER 18 2014......SUNRISE   720 AM CST   SUNSET   501 PM CST
NOVEMBER 19 2014......SUNRISE   721 AM CST   SUNSET   500 PM CST


-  INDICATES NEGATIVE NUMBERS.
R  INDICATES RECORD WAS SET OR TIED.
MM INDICATES DATA IS MISSING.
T  INDICATES TRACE AMOUNT.




$$
