000
CDUS43 KFSD 270646
CLISUX


CLIMATE REPORT
NATIONAL WEATHER SERVICE SIOUX FALLS SD
1245 AM CST SAT DEC 27 2014


...................................

...THE SIOUX CITY IA CLIMATE SUMMARY FOR DECEMBER 26 2014...

CLIMATE NORMAL PERIOD 1981 TO 2010
CLIMATE RECORD PERIOD 1889 TO 2014


WEATHER ITEM   OBSERVED TIME   RECORD YEAR NORMAL DEPARTURE LAST
                VALUE   (LST)  VALUE       VALUE  FROM      YEAR
                                                  NORMAL
..................................................................
TEMPERATURE (F)
 YESTERDAY
  MAXIMUM         35    153 AM  56    1959  30      5       50
  MINIMUM         26   1159 PM -16    1951  11     15       13
                                      1892
  AVERAGE         31                        20     11       32

PRECIPITATION (IN)
  YESTERDAY        0.10          0.45 1911   0.03   0.07     0.00
  MONTH TO DATE    1.28                      0.70   0.58     0.16
  SINCE DEC 1      1.28                      0.70   0.58     0.16
  SINCE JAN 1     41.24                     27.64  13.60    26.61

SNOWFALL (IN)
  YESTERDAY        1.4           5.3  1911   0.2    1.2      0.0
  MONTH TO DATE    2.5                       6.7   -4.2      2.1
  SINCE DEC 1      2.5                       6.7   -4.2      2.1
  SINCE JUL 1      7.0                      12.1   -5.1      3.0
  SNOW DEPTH       0

DEGREE DAYS
 HEATING
  YESTERDAY       34                        45    -11       33
  MONTH TO DATE  846                      1092   -246     1227
  SINCE DEC 1    846                      1092   -246     1227
  SINCE JUL 1   2341                      2568   -227     2651

 COOLING
  YESTERDAY        0                         0      0        0
  MONTH TO DATE    0                         0      0        0
  SINCE DEC 1      0                         0      0        0
  SINCE JAN 1    862                       869     -7      960
..................................................................


WIND (MPH)
  HIGHEST WIND SPEED    21   HIGHEST WIND DIRECTION     N (10)
  HIGHEST GUST SPEED    25   HIGHEST GUST DIRECTION     N (360)
  AVERAGE WIND SPEED    14.2


SKY COVER
  POSSIBLE SUNSHINE  MM
  AVERAGE SKY COVER 1.0


WEATHER CONDITIONS
 THE FOLLOWING WEATHER WAS RECORDED YESTERDAY.
  LIGHT SNOW
  FOG


RELATIVE HUMIDITY (PERCENT)
 HIGHEST    92          1100 PM
 LOWEST     75           100 PM
 AVERAGE    84

..........................................................


THE SIOUX CITY IA CLIMATE NORMALS FOR TODAY
                         NORMAL    RECORD    YEAR
 MAXIMUM TEMPERATURE (F)   30        59      2013
 MINIMUM TEMPERATURE (F)   11       -19      1924


SUNRISE AND SUNSET
DECEMBER 27 2014......SUNRISE   754 AM CST   SUNSET   459 PM CST
DECEMBER 28 2014......SUNRISE   754 AM CST   SUNSET   500 PM CST


-  INDICATES NEGATIVE NUMBERS.
R  INDICATES RECORD WAS SET OR TIED.
MM INDICATES DATA IS MISSING.
T  INDICATES TRACE AMOUNT.




$$
