000
CDUS43 KFSD 040622
CLISUX


CLIMATE REPORT
NATIONAL WEATHER SERVICE SIOUX FALLS SD
121 AM CDT WED MAY 4 2016


...................................

...THE SIOUX CITY IA CLIMATE SUMMARY FOR MAY 3 2016...

CLIMATE NORMAL PERIOD 1981 TO 2010
CLIMATE RECORD PERIOD 1889 TO 2016


WEATHER ITEM   OBSERVED TIME   RECORD YEAR NORMAL DEPARTURE LAST
                VALUE   (LST)  VALUE       VALUE  FROM      YEAR
                                                  NORMAL
..................................................................
TEMPERATURE (F)
 YESTERDAY
  MAXIMUM         70    514 PM  94    1949  69      1       87
  MINIMUM         40    539 AM  25    1976  44     -4       56
  AVERAGE         55                        57     -2       72

PRECIPITATION (IN)
  YESTERDAY        0.00          1.39 1928   0.11  -0.11      T
  MONTH TO DATE    0.51                      0.34   0.17     0.18
  SINCE MAR 1      9.38                      5.29   4.09     3.59
  SINCE JAN 1     11.22                      6.58   4.64     4.55

SNOWFALL (IN)
  YESTERDAY        0.0           3.7  1917   0.1   -0.1      0.0
  MONTH TO DATE    0.0                       0.1   -0.1      0.0
  SINCE MAR 1     14.5                       8.4    6.1       T
  SINCE JUL 1     57.6                      34.9   22.7     21.5
  SNOW DEPTH       0

DEGREE DAYS
 HEATING
  YESTERDAY       10                         9      1        0
  MONTH TO DATE   40                        29     11        8
  SINCE MAR 1   1067                      1387   -320     1083
  SINCE JUL 1   5526                      6681  -1155     6249

 COOLING
  YESTERDAY        0                         1     -1        7
  MONTH TO DATE    0                         3     -3        7
  SINCE MAR 1      0                        14    -14        8
  SINCE JAN 1      0                        14    -14        8
..................................................................


WIND (MPH)
  HIGHEST WIND SPEED    22   HIGHEST WIND DIRECTION    NW (320)
  HIGHEST GUST SPEED    29   HIGHEST GUST DIRECTION    NW (300)
  AVERAGE WIND SPEED     8.7


SKY COVER
  POSSIBLE SUNSHINE  MM
  AVERAGE SKY COVER 0.2


WEATHER CONDITIONS
 THE FOLLOWING WEATHER WAS RECORDED YESTERDAY.
  NO SIGNIFICANT WEATHER WAS OBSERVED.


RELATIVE HUMIDITY (PERCENT)
 HIGHEST    92          1200 AM
 LOWEST     40           500 PM
 AVERAGE    66

..........................................................


THE SIOUX CITY IA CLIMATE NORMALS FOR TODAY
                         NORMAL    RECORD    YEAR
 MAXIMUM TEMPERATURE (F)   69        93      1952
 MINIMUM TEMPERATURE (F)   44        28      1944


SUNRISE AND SUNSET
MAY  4 2016...........SUNRISE   616 AM CDT   SUNSET   829 PM CDT
MAY  5 2016...........SUNRISE   615 AM CDT   SUNSET   830 PM CDT


-  INDICATES NEGATIVE NUMBERS.
R  INDICATES RECORD WAS SET OR TIED.
MM INDICATES DATA IS MISSING.
T  INDICATES TRACE AMOUNT.




$$
