000
CDUS43 KFSD 270727
CLISUX


CLIMATE REPORT
NATIONAL WEATHER SERVICE SIOUX FALLS SD
115 AM CST FRI FEB 27 2015


...................................

...THE SIOUX CITY IA CLIMATE SUMMARY FOR FEBRUARY 26 2015...

CLIMATE NORMAL PERIOD 1981 TO 2010
CLIMATE RECORD PERIOD 1889 TO 2015


WEATHER ITEM   OBSERVED TIME   RECORD YEAR NORMAL DEPARTURE LAST
                VALUE   (LST)  VALUE       VALUE  FROM      YEAR
                                                  NORMAL
..................................................................
TEMPERATURE (F)
 YESTERDAY
  MAXIMUM         12    300 PM  75    1896  39    -27       31
  MINIMUM         -6   1105 PM -15    1897  19    -25      -11
  AVERAGE          3                        29    -26       10

PRECIPITATION (IN)
  YESTERDAY        0.00          0.79 1958   0.03  -0.03     0.00
  MONTH TO DATE    0.32                      0.61  -0.29     0.58
  SINCE DEC 1      2.36                      2.03   0.33     0.95
  SINCE JAN 1      0.96                      1.23  -0.27     0.77

SNOWFALL (IN)
  YESTERDAY        0.0           5.9  1906   0.3   -0.3      0.0
  MONTH TO DATE    4.9                       6.2   -1.3      8.4
  SINCE DEC 1     17.0                      20.7   -3.7     12.8
  SINCE JUL 1     21.5                      26.1   -4.6     13.7
  SNOW DEPTH       1

DEGREE DAYS
 HEATING
  YESTERDAY       62                        36     26       55
  MONTH TO DATE 1174                      1046    128     1185
  SINCE DEC 1   3561                      3746   -185     4076
  SINCE JUL 1   5056                      5222   -166     5500

 COOLING
  YESTERDAY        0                         0      0        0
  MONTH TO DATE    0                         0      0        0
  SINCE DEC 1      0                         0      0        0
  SINCE JAN 1      0                         0      0        0
..................................................................


WIND (MPH)
  HIGHEST WIND SPEED    26   HIGHEST WIND DIRECTION     N (350)
  HIGHEST GUST SPEED    32   HIGHEST GUST DIRECTION     N (340)
  AVERAGE WIND SPEED    14.9


SKY COVER
  POSSIBLE SUNSHINE  MM
  AVERAGE SKY COVER 0.3


WEATHER CONDITIONS
 THE FOLLOWING WEATHER WAS RECORDED YESTERDAY.
  NO SIGNIFICANT WEATHER WAS OBSERVED.


RELATIVE HUMIDITY (PERCENT)
 HIGHEST    79           500 AM
 LOWEST     63          1200 PM
 AVERAGE    71

..........................................................


THE SIOUX CITY IA CLIMATE NORMALS FOR TODAY
                         NORMAL    RECORD    YEAR
 MAXIMUM TEMPERATURE (F)   39        66      1895
 MINIMUM TEMPERATURE (F)   19       -15      1897


SUNRISE AND SUNSET
FEBRUARY 27 2015......SUNRISE   704 AM CST   SUNSET   613 PM CST
FEBRUARY 28 2015......SUNRISE   703 AM CST   SUNSET   614 PM CST


-  INDICATES NEGATIVE NUMBERS.
R  INDICATES RECORD WAS SET OR TIED.
MM INDICATES DATA IS MISSING.
T  INDICATES TRACE AMOUNT.




$$
