000
CDUS43 KFSD 190635
CLISUX


CLIMATE REPORT
NATIONAL WEATHER SERVICE SIOUX FALLS SD
132 AM CDT TUE APR 19 2016


...................................

...THE SIOUX CITY IA CLIMATE SUMMARY FOR APRIL 18 2016...

CLIMATE NORMAL PERIOD 1981 TO 2010
CLIMATE RECORD PERIOD 1889 TO 2016


WEATHER ITEM   OBSERVED TIME   RECORD YEAR NORMAL DEPARTURE LAST
                VALUE   (LST)  VALUE       VALUE  FROM      YEAR
                                                  NORMAL
..................................................................
TEMPERATURE (F)
 YESTERDAY
  MAXIMUM         55   1015 AM  92    1994  64     -9       64
  MINIMUM         47   1159 PM  19    1953  38      9       53
  AVERAGE         51                        51      0       59

PRECIPITATION (IN)
  YESTERDAY        0.31          2.00 1995   0.11   0.20     0.54
  MONTH TO DATE    0.44                      1.67  -1.23     2.50
  SINCE MAR 1      3.50                      3.67  -0.17     3.38
  SINCE JAN 1      5.34                      4.96   0.38     4.34

SNOWFALL (IN)
  YESTERDAY        0.0           4.7  2013   0.0    0.0      0.0
  MONTH TO DATE    0.0                       1.4   -1.4      0.0
  SINCE MAR 1     14.5                       7.9    6.6       T
  SINCE JUL 1     57.6                      34.4   23.2     21.5
  SNOW DEPTH       0

DEGREE DAYS
 HEATING
  YESTERDAY       14                        15     -1        6
  MONTH TO DATE  258                       327    -69      216
  SINCE MAR 1    891                      1211   -320      923
  SINCE JUL 1   5350                      6505  -1155     6089

 COOLING
  YESTERDAY        0                         0      0        0
  MONTH TO DATE    0                         0      0        1
  SINCE MAR 1      0                         0      0        1
  SINCE JAN 1      0                         0      0        1
..................................................................


WIND (MPH)
  HIGHEST WIND SPEED    17   HIGHEST WIND DIRECTION     W (260)
  HIGHEST GUST SPEED    22   HIGHEST GUST DIRECTION     W (280)
  AVERAGE WIND SPEED     8.8


SKY COVER
  POSSIBLE SUNSHINE  MM
  AVERAGE SKY COVER 1.0


WEATHER CONDITIONS
 THE FOLLOWING WEATHER WAS RECORDED YESTERDAY.
  RAIN
  LIGHT RAIN
  FOG


RELATIVE HUMIDITY (PERCENT)
 HIGHEST    93           500 AM
 LOWEST     83           500 PM
 AVERAGE    88

..........................................................


THE SIOUX CITY IA CLIMATE NORMALS FOR TODAY
                         NORMAL    RECORD    YEAR
 MAXIMUM TEMPERATURE (F)   64        90      1987
 MINIMUM TEMPERATURE (F)   38        20      1928


SUNRISE AND SUNSET
APRIL 19 2016.........SUNRISE   637 AM CDT   SUNSET   812 PM CDT
APRIL 20 2016.........SUNRISE   636 AM CDT   SUNSET   813 PM CDT


-  INDICATES NEGATIVE NUMBERS.
R  INDICATES RECORD WAS SET OR TIED.
MM INDICATES DATA IS MISSING.
T  INDICATES TRACE AMOUNT.




$$
