000
CDUS43 KFSD 140633
CLISUX


CLIMATE REPORT
NATIONAL WEATHER SERVICE SIOUX FALLS SD
133 AM CDT SAT MAY 14 2016


...................................

...THE SIOUX CITY IA CLIMATE SUMMARY FOR MAY 13 2016...

CLIMATE NORMAL PERIOD 1981 TO 2010
CLIMATE RECORD PERIOD 1889 TO 2016


WEATHER ITEM   OBSERVED TIME   RECORD YEAR NORMAL DEPARTURE LAST
                VALUE   (LST)  VALUE       VALUE  FROM      YEAR
                                                  NORMAL
..................................................................
TEMPERATURE (F)
 YESTERDAY
  MAXIMUM         61    927 AM  95    1987  72    -11       76
  MINIMUM         41    425 AM  25    1997  48     -7       50
  AVERAGE         51                        60     -9       63

PRECIPITATION (IN)
  YESTERDAY        T             1.50 1905   0.12  -0.12     0.10
  MONTH TO DATE    1.69                      1.51   0.18     1.39
  SINCE MAR 1     10.56                      6.46   4.10     4.80
  SINCE JAN 1     12.40                      7.75   4.65     5.76

SNOWFALL (IN)
  YESTERDAY        0.0           T    1924   0.0    0.0      0.0
  MONTH TO DATE    0.0                       0.2   -0.2      0.0
  SINCE MAR 1     14.5                       8.5    6.0       T
  SINCE JUL 1     57.6                      35.0   22.6     21.5
  SNOW DEPTH       0

DEGREE DAYS
 HEATING
  YESTERDAY       14                         6      8        2
  MONTH TO DATE   91                       105    -14       67
  SINCE MAR 1   1118                      1463   -345     1142
  SINCE JUL 1   5577                      6757  -1180     6308

 COOLING
  YESTERDAY        0                         1     -1        0
  MONTH TO DATE    3                        13    -10       11
  SINCE MAR 1      3                        24    -21       12
  SINCE JAN 1      3                        24    -21       12
..................................................................


WIND (MPH)
  HIGHEST WIND SPEED    33   HIGHEST WIND DIRECTION    NW (330)
  HIGHEST GUST SPEED    44   HIGHEST GUST DIRECTION    NW (320)
  AVERAGE WIND SPEED    16.2


SKY COVER
  POSSIBLE SUNSHINE  MM
  AVERAGE SKY COVER 0.5


WEATHER CONDITIONS
 THE FOLLOWING WEATHER WAS RECORDED YESTERDAY.
  THUNDERSTORM


RELATIVE HUMIDITY (PERCENT)
 HIGHEST    89           100 AM
 LOWEST     49           900 PM
 AVERAGE    69

..........................................................


THE SIOUX CITY IA CLIMATE NORMALS FOR TODAY
                         NORMAL    RECORD    YEAR
 MAXIMUM TEMPERATURE (F)   72       106      2013
 MINIMUM TEMPERATURE (F)   48        32      1907


SUNRISE AND SUNSET
MAY 14 2016...........SUNRISE   604 AM CDT   SUNSET   840 PM CDT
MAY 15 2016...........SUNRISE   603 AM CDT   SUNSET   841 PM CDT


-  INDICATES NEGATIVE NUMBERS.
R  INDICATES RECORD WAS SET OR TIED.
MM INDICATES DATA IS MISSING.
T  INDICATES TRACE AMOUNT.




$$
