000
CDUS43 KFSD 150647
CLISUX


CLIMATE REPORT
NATIONAL WEATHER SERVICE SIOUX FALLS SD
146 AM CDT THU SEP 15 2016


...................................

...THE SIOUX CITY IA CLIMATE SUMMARY FOR SEPTEMBER 14 2016...

CLIMATE NORMAL PERIOD 1981 TO 2010
CLIMATE RECORD PERIOD 1889 TO 2016


WEATHER ITEM   OBSERVED TIME   RECORD YEAR NORMAL DEPARTURE LAST
                VALUE   (LST)  VALUE       VALUE  FROM      YEAR
                                                  NORMAL
..................................................................
TEMPERATURE (F)
 YESTERDAY
  MAXIMUM         68    612 PM  99    1939  77     -9       83
  MINIMUM         52    709 AM  35    2007  51      1       59
  AVERAGE         60                        64     -4       71

PRECIPITATION (IN)
  YESTERDAY        0.00          1.59 2001   0.09  -0.09     0.00
  MONTH TO DATE    0.54                      1.42  -0.88     0.29
  SINCE SEP 1      0.54                      1.42  -0.88     0.29
  SINCE JAN 1     24.89                     21.96   2.93    24.03

SNOWFALL (IN)
  YESTERDAY        0.0           0.0    MM   0.0    0.0      0.0
  MONTH TO DATE    0.0                       0.0    0.0      0.0
  SINCE SEP 1      0.0                       0.0    0.0      0.0
  SINCE JUL 1      0.0                       0.0    0.0      0.0
  SNOW DEPTH       0

DEGREE DAYS
 HEATING
  YESTERDAY        5                         4      1        0
  MONTH TO DATE   13                        33    -20       19
  SINCE SEP 1     13                        33    -20       19
  SINCE JUL 1     13                        48    -35       42

 COOLING
  YESTERDAY        0                         3     -3        6
  MONTH TO DATE   57                        56      1      105
  SINCE SEP 1     57                        56      1      105
  SINCE JAN 1   1079                       833    246      825
..................................................................


WIND (MPH)
  HIGHEST WIND SPEED    10   HIGHEST WIND DIRECTION    SE (140)
  HIGHEST GUST SPEED    14   HIGHEST GUST DIRECTION     E (100)
  AVERAGE WIND SPEED     6.4


SKY COVER
  POSSIBLE SUNSHINE  MM
  AVERAGE SKY COVER 1.0


WEATHER CONDITIONS
 THE FOLLOWING WEATHER WAS RECORDED YESTERDAY.
  NO SIGNIFICANT WEATHER WAS OBSERVED.


RELATIVE HUMIDITY (PERCENT)
 HIGHEST    87          1000 PM
 LOWEST     67          1200 AM
 AVERAGE    77

..........................................................


THE SIOUX CITY IA CLIMATE NORMALS FOR TODAY
                         NORMAL    RECORD    YEAR
 MAXIMUM TEMPERATURE (F)   77        98      1955
 MINIMUM TEMPERATURE (F)   51        32      2011
                                             2007


SUNRISE AND SUNSET
SEPTEMBER 15 2016.....SUNRISE   706 AM CDT   SUNSET   734 PM CDT
SEPTEMBER 16 2016.....SUNRISE   707 AM CDT   SUNSET   732 PM CDT


-  INDICATES NEGATIVE NUMBERS.
R  INDICATES RECORD WAS SET OR TIED.
MM INDICATES DATA IS MISSING.
T  INDICATES TRACE AMOUNT.




$$
