000
CDUS43 KFSD 090648
CLISUX


CLIMATE REPORT
NATIONAL WEATHER SERVICE SIOUX FALLS SD
1247 AM CST THU FEB 9 2017


...................................

...THE SIOUX CITY IA CLIMATE SUMMARY FOR FEBRUARY 8 2017...

CLIMATE NORMAL PERIOD 1981 TO 2010
CLIMATE RECORD PERIOD 1889 TO 2017


WEATHER ITEM   OBSERVED TIME   RECORD YEAR NORMAL DEPARTURE LAST
                VALUE   (LST)  VALUE       VALUE  FROM      YEAR
                                                  NORMAL
..................................................................
TEMPERATURE (F)
 YESTERDAY
  MAXIMUM         17   1200 AM  62    2000  33    -16       30
                                      1991
                                      1954
  MINIMUM          4   1159 PM -27    1899  13     -9       21
  AVERAGE         11                        23    -12       26

PRECIPITATION (IN)
  YESTERDAY        0.06          1.03 1966   0.02   0.04      T
  MONTH TO DATE    0.14                      0.16  -0.02     0.79
  SINCE DEC 1      2.29                      1.58   0.71     4.38
  SINCE JAN 1      0.81                      0.78   0.03     1.52

SNOWFALL (IN)
  YESTERDAY        1.9           9.1  1901   0.2    1.7      0.1
  MONTH TO DATE    2.9                       1.9    1.0     12.9
  SINCE DEC 1     14.6                      16.4   -1.8     29.6
  SINCE JUL 1     15.6                      21.8   -6.2     42.1
  SNOW DEPTH       3

DEGREE DAYS
 HEATING
  YESTERDAY       54                        42     12       39
  MONTH TO DATE  318                       341    -23      312
  SINCE DEC 1   2782                      3041   -259     2679
  SINCE JUL 1   3726                      4517   -791     3785

 COOLING
  YESTERDAY        0                         0      0        0
  MONTH TO DATE    0                         0      0        0
  SINCE DEC 1      0                         0      0        0
  SINCE JAN 1      0                         0      0        0
..................................................................


WIND (MPH)
  HIGHEST WIND SPEED    18   HIGHEST WIND DIRECTION     N (350)
  HIGHEST GUST SPEED    22   HIGHEST GUST DIRECTION     N (360)
  AVERAGE WIND SPEED    11.6


SKY COVER
  POSSIBLE SUNSHINE  MM
  AVERAGE SKY COVER 0.7


WEATHER CONDITIONS
 THE FOLLOWING WEATHER WAS RECORDED YESTERDAY.
  LIGHT SNOW
  FOG


RELATIVE HUMIDITY (PERCENT)
 HIGHEST    88           100 AM
 LOWEST     53           200 PM
 AVERAGE    71

..........................................................


THE SIOUX CITY IA CLIMATE NORMALS FOR TODAY
                         NORMAL    RECORD    YEAR
 MAXIMUM TEMPERATURE (F)   33        62      1954
 MINIMUM TEMPERATURE (F)   13       -29      1899


SUNRISE AND SUNSET
FEBRUARY  9 2017......SUNRISE   730 AM CST   SUNSET   550 PM CST
FEBRUARY 10 2017......SUNRISE   728 AM CST   SUNSET   552 PM CST


-  INDICATES NEGATIVE NUMBERS.
R  INDICATES RECORD WAS SET OR TIED.
MM INDICATES DATA IS MISSING.
T  INDICATES TRACE AMOUNT.




$$
