000
CDUS43 KFSD 100628
CLISUX


CLIMATE REPORT
NATIONAL WEATHER SERVICE SIOUX FALLS SD
128 AM CDT THU APR 10 2014


...................................

...THE SIOUX CITY IA CLIMATE SUMMARY FOR APRIL 9 2014...

CLIMATE NORMAL PERIOD 1981 TO 2010
CLIMATE RECORD PERIOD 1889 TO 2014


WEATHER ITEM   OBSERVED TIME   RECORD YEAR NORMAL DEPARTURE LAST
                VALUE   (LST)  VALUE       VALUE  FROM      YEAR
                                                  NORMAL
..................................................................
TEMPERATURE (F)
 YESTERDAY
  MAXIMUM         83    322 PM  87    1977  60     23       47
  MINIMUM         29    544 AM  16    1928  34     -5       32
  AVERAGE         56                        47      9       40

PRECIPITATION (IN)
  YESTERDAY        0.00          2.33 2013   0.09  -0.09     2.33
  MONTH TO DATE    0.66                      0.79  -0.13     2.36
  SINCE MAR 1      1.04                      2.79  -1.75     4.36
  SINCE JAN 1      1.81                      4.08  -2.27     5.56

SNOWFALL (IN)
  YESTERDAY        0.0           2.9  1913   0.1   -0.1      1.5
  MONTH TO DATE    3.5                       0.9    2.6      1.5
  SINCE MAR 1      8.2                       7.4    0.8     13.2
  SINCE JUL 1     22.0                      33.9  -11.9     34.0
  SNOW DEPTH       0

DEGREE DAYS
 HEATING
  YESTERDAY        9                        18     -9       25
  MONTH TO DATE  202                       180     22      186
  SINCE MAR 1   1182                      1064    118     1233
  SINCE JUL 1   6786                      6358    428     6382

 COOLING
  YESTERDAY        0                         0      0        0
  MONTH TO DATE    0                         0      0        0
  SINCE MAR 1      0                         0      0        0
  SINCE JAN 1      0                         0      0        0
..................................................................


WIND (MPH)
  HIGHEST WIND SPEED    25   HIGHEST WIND DIRECTION    SW (220)
  HIGHEST GUST SPEED    30   HIGHEST GUST DIRECTION    SW (220)
  AVERAGE WIND SPEED    10.4


SKY COVER
  POSSIBLE SUNSHINE  MM
  AVERAGE SKY COVER 0.0


WEATHER CONDITIONS
 THE FOLLOWING WEATHER WAS RECORDED YESTERDAY.
  NO SIGNIFICANT WEATHER WAS OBSERVED.


RELATIVE HUMIDITY (PERCENT)
 HIGHEST    72          1200 AM
 LOWEST     14           400 PM
 AVERAGE    43

..........................................................


THE SIOUX CITY IA CLIMATE NORMALS FOR TODAY
                         NORMAL    RECORD    YEAR
 MAXIMUM TEMPERATURE (F)   60        84      2006
                                             1977
                                             1930
 MINIMUM TEMPERATURE (F)   35        20      1989


SUNRISE AND SUNSET
APRIL 10 2014.........SUNRISE   653 AM CDT   SUNSET   802 PM CDT
APRIL 11 2014.........SUNRISE   651 AM CDT   SUNSET   803 PM CDT


-  INDICATES NEGATIVE NUMBERS.
R  INDICATES RECORD WAS SET OR TIED.
MM INDICATES DATA IS MISSING.
T  INDICATES TRACE AMOUNT.




$$
