000
CDUS43 KFSD 182221
CLISUX


CLIMATE REPORT
NATIONAL WEATHER SERVICE SIOUX FALLS SD
519 PM CDT TUE APR 18 2017


...................................

...THE SIOUX CITY IA CLIMATE SUMMARY FOR APRIL 18 2017...
VALID TODAY AS OF 0500 PM LOCAL TIME.

CLIMATE NORMAL PERIOD 1981 TO 2010
CLIMATE RECORD PERIOD 1889 TO 2017


WEATHER ITEM   OBSERVED TIME   RECORD YEAR NORMAL DEPARTURE LAST
                VALUE   (LST)  VALUE       VALUE  FROM      YEAR
                                                  NORMAL
..................................................................
TEMPERATURE (F)
 TODAY
  MAXIMUM         74    257 PM  92    1994  64     10       55
  MINIMUM         56    627 AM  19    1953  38     18       47
  AVERAGE         65                        51     14       51

PRECIPITATION (IN)
  TODAY            0.35          2.00 1995   0.11   0.24     0.31
  MONTH TO DATE    1.28                      1.67  -0.39     0.44
  SINCE MAR 1      2.79                      3.67  -0.88     3.50
  SINCE JAN 1      4.38                      4.96  -0.58     5.34

SNOWFALL (IN)
  TODAY            0.0           4.7  2013   0.0    0.0      0.0
  MONTH TO DATE    T                         1.4   -1.4      0.0
  SINCE MAR 1      3.1                       7.9   -4.8     14.5
  SINCE JUL 1     28.6                      34.4   -5.8     57.6
  SNOW DEPTH       0

DEGREE DAYS
 HEATING
  TODAY            0                        15    -15       14
  MONTH TO DATE  217                       327   -110      258
  SINCE MAR 1    986                      1211   -225      891
  SINCE JUL 1   5223                      6505  -1282     5350

 COOLING
  TODAY            0                         0      0        0
  MONTH TO DATE    1                         0      1        0
  SINCE MAR 1      1                         0      1        0
  SINCE JAN 1      1                         0      1        0
..................................................................


WIND (MPH)
  HIGHEST WIND SPEED    26   HIGHEST WIND DIRECTION     S (180)
  HIGHEST GUST SPEED    36   HIGHEST GUST DIRECTION     S (180)
  AVERAGE WIND SPEED    13.0


SKY COVER
  POSSIBLE SUNSHINE  MM
  AVERAGE SKY COVER 0.5


WEATHER CONDITIONS
 THE FOLLOWING WEATHER WAS RECORDED TODAY.
  THUNDERSTORM
  HEAVY RAIN
  RAIN
  LIGHT RAIN
  FOG


RELATIVE HUMIDITY (PERCENT)
 HIGHEST    77           300 AM
 LOWEST     38           400 PM
 AVERAGE    58

..........................................................


THE SIOUX CITY IA CLIMATE NORMALS FOR TOMORROW
                         NORMAL    RECORD    YEAR
 MAXIMUM TEMPERATURE (F)   64        90      1987
 MINIMUM TEMPERATURE (F)   38        20      1928


SUNRISE AND SUNSET
APRIL 18 2017.........SUNRISE   639 AM CDT   SUNSET   811 PM CDT
APRIL 19 2017.........SUNRISE   638 AM CDT   SUNSET   812 PM CDT


-  INDICATES NEGATIVE NUMBERS.
R  INDICATES RECORD WAS SET OR TIED.
MM INDICATES DATA IS MISSING.
T  INDICATES TRACE AMOUNT.




$$
