000
CDUS43 KFSD 100633
CLISUX


CLIMATE REPORT
NATIONAL WEATHER SERVICE SIOUX FALLS SD
1231 AM CST FRI NOV 10 2017


...................................

...THE SIOUX CITY IA CLIMATE SUMMARY FOR NOVEMBER 9 2017...

CLIMATE NORMAL PERIOD 1981 TO 2010
CLIMATE RECORD PERIOD 1889 TO 2017


WEATHER ITEM   OBSERVED TIME   RECORD YEAR NORMAL DEPARTURE LAST
                VALUE   (LST)  VALUE       VALUE  FROM      YEAR
                                                  NORMAL
..................................................................
TEMPERATURE (F)
 YESTERDAY
  MAXIMUM         39   1209 AM  73    1999  51    -12       62
                                      1937
  MINIMUM         20   1159 PM  12    1945  29     -9       26
  AVERAGE         30                        40    -10       44

PRECIPITATION (IN)
  YESTERDAY        0.00          1.70 1984   0.04  -0.04     0.00
  MONTH TO DATE    T                         0.40  -0.40     0.00
  SINCE SEP 1      9.01                      5.49   3.52     4.38
  SINCE JAN 1     29.20                     26.03   3.17    28.73

SNOWFALL (IN)
  YESTERDAY        0.0          11.0  1946   0.1   -0.1      0.0
  MONTH TO DATE    0.0                       0.8   -0.8      0.0
  SINCE SEP 1      T                         1.8   -1.8      0.0
  SINCE JUL 1      T                         1.8   -1.8      0.0
  SNOW DEPTH       0

DEGREE DAYS
 HEATING
  YESTERDAY       35                        25     10       21
  MONTH TO DATE  258                       209     49      109
  SINCE SEP 1    748                       794    -46      463
  SINCE JUL 1    756                       809    -53      463

 COOLING
  YESTERDAY        0                         0      0        0
  MONTH TO DATE    0                         0      0        0
  SINCE SEP 1    119                        92     27      143
  SINCE JAN 1    951                       869     82     1165
..................................................................


WIND (MPH)
  HIGHEST WIND SPEED    24   HIGHEST WIND DIRECTION     N (360)
  HIGHEST GUST SPEED    31   HIGHEST GUST DIRECTION     N (360)
  AVERAGE WIND SPEED    13.6


SKY COVER
  POSSIBLE SUNSHINE  MM
  AVERAGE SKY COVER 0.2


WEATHER CONDITIONS
 THE FOLLOWING WEATHER WAS RECORDED YESTERDAY.
  NO SIGNIFICANT WEATHER WAS OBSERVED.


RELATIVE HUMIDITY (PERCENT)
 HIGHEST    85           300 AM
 LOWEST     39           200 PM
 AVERAGE    62

..........................................................


THE SIOUX CITY IA CLIMATE NORMALS FOR TODAY
                         NORMAL    RECORD    YEAR
 MAXIMUM TEMPERATURE (F)   50        73      1949
 MINIMUM TEMPERATURE (F)   28        -2      1986


SUNRISE AND SUNSET
NOVEMBER 10 2017......SUNRISE   711 AM CST   SUNSET   508 PM CST
NOVEMBER 11 2017......SUNRISE   712 AM CST   SUNSET   507 PM CST


-  INDICATES NEGATIVE NUMBERS.
R  INDICATES RECORD WAS SET OR TIED.
MM INDICATES DATA IS MISSING.
T  INDICATES TRACE AMOUNT.




$$
