000
CDUS43 KFSD 152225
CLISUX


CLIMATE REPORT
NATIONAL WEATHER SERVICE SIOUX FALLS SD
522 PM CDT THU SEP 15 2016


...................................

...THE SIOUX CITY IA CLIMATE SUMMARY FOR SEPTEMBER 15 2016...
VALID TODAY AS OF 0500 PM LOCAL TIME.

CLIMATE NORMAL PERIOD 1981 TO 2010
CLIMATE RECORD PERIOD 1889 TO 2016


WEATHER ITEM   OBSERVED TIME   RECORD YEAR NORMAL DEPARTURE LAST
                VALUE   (LST)  VALUE       VALUE  FROM      YEAR
                                                  NORMAL
..................................................................
TEMPERATURE (F)
 TODAY
  MAXIMUM         80    312 PM  98    1955  77      3       85
  MINIMUM         65    612 AM  32    2011  51     14       64
                                      2007
  AVERAGE         73                        64      9       75

PRECIPITATION (IN)
  TODAY            0.14          2.87 1988   0.10   0.04      T
  MONTH TO DATE    0.68                      1.52  -0.84     0.29
  SINCE SEP 1      0.68                      1.52  -0.84     0.29
  SINCE JAN 1     25.03                     22.06   2.97    24.03

SNOWFALL (IN)
  TODAY            0.0           0.0    MM   0.0    0.0      0.0
  MONTH TO DATE    0.0                       0.0    0.0      0.0
  SINCE SEP 1      0.0                       0.0    0.0      0.0
  SINCE JUL 1      0.0                       0.0    0.0      0.0
  SNOW DEPTH       0

DEGREE DAYS
 HEATING
  TODAY            0                         4     -4        0
  MONTH TO DATE   13                        37    -24       19
  SINCE SEP 1     13                        37    -24       19
  SINCE JUL 1     13                        52    -39       42

 COOLING
  TODAY            8                         3      5       10
  MONTH TO DATE   65                        59      6      115
  SINCE SEP 1     65                        59      6      115
  SINCE JAN 1   1087                       836    251      835
..................................................................


WIND (MPH)
  HIGHEST WIND SPEED    21   HIGHEST WIND DIRECTION     S (160)
  HIGHEST GUST SPEED    26   HIGHEST GUST DIRECTION    SE (150)
  AVERAGE WIND SPEED    11.9


SKY COVER
  POSSIBLE SUNSHINE  MM
  AVERAGE SKY COVER 0.9


WEATHER CONDITIONS
 THE FOLLOWING WEATHER WAS RECORDED TODAY.
  THUNDERSTORM
  RAIN
  LIGHT RAIN
  FOG
  HAZE


RELATIVE HUMIDITY (PERCENT)
 HIGHEST    93           400 AM
 LOWEST     71           300 PM
 AVERAGE    82

..........................................................


THE SIOUX CITY IA CLIMATE NORMALS FOR TOMORROW
                         NORMAL    RECORD    YEAR
 MAXIMUM TEMPERATURE (F)   76        97      1955
 MINIMUM TEMPERATURE (F)   50        33      1903


SUNRISE AND SUNSET
SEPTEMBER 15 2016.....SUNRISE   706 AM CDT   SUNSET   734 PM CDT
SEPTEMBER 16 2016.....SUNRISE   707 AM CDT   SUNSET   732 PM CDT


-  INDICATES NEGATIVE NUMBERS.
R  INDICATES RECORD WAS SET OR TIED.
MM INDICATES DATA IS MISSING.
T  INDICATES TRACE AMOUNT.




$$
