000
CDUS43 KFSD 272222
CLISUX


CLIMATE REPORT
NATIONAL WEATHER SERVICE SIOUX FALLS SD
522 PM CDT SAT SEP 27 2014


...................................

...THE SIOUX CITY IA CLIMATE SUMMARY FOR SEPTEMBER 27 2014...
VALID TODAY AS OF 0500 PM LOCAL TIME.

CLIMATE NORMAL PERIOD 1981 TO 2010
CLIMATE RECORD PERIOD 1889 TO 2014


WEATHER ITEM   OBSERVED TIME   RECORD YEAR NORMAL DEPARTURE LAST
                VALUE   (LST)  VALUE       VALUE  FROM      YEAR
                                                  NORMAL
..................................................................
TEMPERATURE (F)
 TODAY
  MAXIMUM         84    239 PM  93    1956  72     12       89
  MINIMUM         59    546 AM  28    1942  45     14       69
  AVERAGE         72                        58     14       79

PRECIPITATION (IN)
  TODAY            0.00          1.43 1901   0.09  -0.09      T
  MONTH TO DATE    2.44                      2.69  -0.25     1.29
  SINCE SEP 1      2.44                      2.69  -0.25     1.29
  SINCE JAN 1     38.07                     23.23  14.84    21.32

SNOWFALL (IN)
  TODAY            0.0           0.0    MM   0.0    0.0      0.0
  MONTH TO DATE    0.0                       0.0    0.0      0.0
  SINCE SEP 1      0.0                       0.0    0.0      0.0
  SINCE JUL 1      0.0                       0.0    0.0      0.0
  SNOW DEPTH       0

DEGREE DAYS
 HEATING
  TODAY            0                         8     -8        0
  MONTH TO DATE  104                       108     -4       36
  SINCE SEP 1    104                       108     -4       36
  SINCE JUL 1    110                       123    -13       56

 COOLING
  TODAY            7                         1      6       14
  MONTH TO DATE   80                        79      1      147
  SINCE SEP 1     80                        79      1      147
  SINCE JAN 1    846                       856    -10      948
..................................................................


WIND (MPH)
  HIGHEST WIND SPEED    18   HIGHEST WIND DIRECTION     S (170)
  HIGHEST GUST SPEED    27   HIGHEST GUST DIRECTION     S (160)
  AVERAGE WIND SPEED    10.2


SKY COVER
  POSSIBLE SUNSHINE  MM
  AVERAGE SKY COVER 0.1


WEATHER CONDITIONS
 THE FOLLOWING WEATHER WAS RECORDED TODAY.
  FOG


RELATIVE HUMIDITY (PERCENT)
 HIGHEST    93           400 AM
 LOWEST     43           100 PM
 AVERAGE    68

..........................................................


THE SIOUX CITY IA CLIMATE NORMALS FOR TOMORROW
                         NORMAL    RECORD    YEAR
 MAXIMUM TEMPERATURE (F)   71        91      1897
 MINIMUM TEMPERATURE (F)   45        25      1942


SUNRISE AND SUNSET
SEPTEMBER 27 2014.....SUNRISE   718 AM CDT   SUNSET   714 PM CDT
SEPTEMBER 28 2014.....SUNRISE   719 AM CDT   SUNSET   712 PM CDT


-  INDICATES NEGATIVE NUMBERS.
R  INDICATES RECORD WAS SET OR TIED.
MM INDICATES DATA IS MISSING.
T  INDICATES TRACE AMOUNT.




$$
