000
CDUS43 KFSD 130641
CLISUX


CLIMATE REPORT
NATIONAL WEATHER SERVICE SIOUX FALLS SD
139 AM CDT MON MAR 13 2017


...................................

...THE SIOUX CITY IA CLIMATE SUMMARY FOR MARCH 12 2017...

CLIMATE NORMAL PERIOD 1981 TO 2010
CLIMATE RECORD PERIOD 1889 TO 2017


WEATHER ITEM   OBSERVED TIME   RECORD YEAR NORMAL DEPARTURE LAST
                VALUE   (LST)  VALUE       VALUE  FROM      YEAR
                                                  NORMAL
..................................................................
TEMPERATURE (F)
 YESTERDAY
  MAXIMUM         39    455 PM  78    2015  45     -6       66
  MINIMUM         17    349 AM -14    1998  24     -7       37
  AVERAGE         28                        35     -7       52

PRECIPITATION (IN)
  YESTERDAY        0.29          1.28 1986   0.05   0.24     0.06
  MONTH TO DATE    0.33                      0.57  -0.24     0.07
  SINCE MAR 1      0.33                      0.57  -0.24     0.07
  SINCE JAN 1      1.92                      1.86   0.06     1.91

SNOWFALL (IN)
  YESTERDAY        2.2           7.7  1962   0.2    2.0      0.0
  MONTH TO DATE    2.6                       2.8   -0.2      0.1
  SINCE MAR 1      2.6                       2.8   -0.2      0.1
  SINCE JUL 1     28.1                      29.3   -1.2     43.2
  SNOW DEPTH       0

DEGREE DAYS
 HEATING
  YESTERDAY       37                        30      7       13
  MONTH TO DATE  332                       392    -60      236
  SINCE MAR 1    332                       392    -60      236
  SINCE JUL 1   4569                      5686  -1117     4695

 COOLING
  YESTERDAY        0                         0      0        0
  MONTH TO DATE    0                         0      0        0
  SINCE MAR 1      0                         0      0        0
  SINCE JAN 1      0                         0      0        0
..................................................................


WIND (MPH)
  HIGHEST WIND SPEED    28   HIGHEST WIND DIRECTION     S (160)
  HIGHEST GUST SPEED    36   HIGHEST GUST DIRECTION     S (160)
  AVERAGE WIND SPEED    13.1


SKY COVER
  POSSIBLE SUNSHINE  MM
  AVERAGE SKY COVER 0.9


WEATHER CONDITIONS
 THE FOLLOWING WEATHER WAS RECORDED YESTERDAY.
  LIGHT SNOW
  FOG
  HAZE


RELATIVE HUMIDITY (PERCENT)
 HIGHEST   100           900 PM
 LOWEST     58          1100 AM
 AVERAGE    79

..........................................................


THE SIOUX CITY IA CLIMATE NORMALS FOR TODAY
                         NORMAL    RECORD    YEAR
 MAXIMUM TEMPERATURE (F)   46        81      2012
 MINIMUM TEMPERATURE (F)   25        -9      1960


SUNRISE AND SUNSET
MARCH 13 2017.........SUNRISE   740 AM CDT   SUNSET   730 PM CDT
MARCH 14 2017.........SUNRISE   739 AM CDT   SUNSET   731 PM CDT


-  INDICATES NEGATIVE NUMBERS.
R  INDICATES RECORD WAS SET OR TIED.
MM INDICATES DATA IS MISSING.
T  INDICATES TRACE AMOUNT.




$$
