856
CDUS43 KFSD 210634
CLISUX


CLIMATE REPORT
NATIONAL WEATHER SERVICE SIOUX FALLS SD
134 AM CDT THU JUL 21 2016


...................................

...THE SIOUX CITY IA CLIMATE SUMMARY FOR JULY 20 2016...

CLIMATE NORMAL PERIOD 1981 TO 2010
CLIMATE RECORD PERIOD 1889 TO 2016


WEATHER ITEM   OBSERVED TIME   RECORD YEAR NORMAL DEPARTURE LAST
                VALUE   (LST)  VALUE       VALUE  FROM      YEAR
                                                  NORMAL
..................................................................
TEMPERATURE (F)
 YESTERDAY
  MAXIMUM         97    147 PM 107    1934  86     11       83
  MINIMUM         74    502 AM  50    1970  64     10       62
  AVERAGE         86                        75     11       73

PRECIPITATION (IN)
  YESTERDAY        0.00          2.13 1977   0.11  -0.11     0.87
  MONTH TO DATE    2.16                      2.26  -0.10     2.76
  SINCE JUN 1      3.54                      6.15  -2.61     6.95
  SINCE JAN 1     19.27                     16.13   3.14    14.85

SNOWFALL (IN)
  YESTERDAY        0.0           0.0    MM   0.0    0.0      0.0
  MONTH TO DATE    0.0                       0.0    0.0      0.0
  SINCE JUN 1      0.0                       0.0    0.0      0.0
  SINCE JUL 1      0.0                       0.0    0.0      0.0
  SNOW DEPTH       0

DEGREE DAYS
 HEATING
  YESTERDAY        0                         0      0        0
  MONTH TO DATE    0                         0      0        3
  SINCE JUN 1      0                        27    -27        5
  SINCE JUL 1      0                         0      0        3

 COOLING
  YESTERDAY       21                        10     11        8
  MONTH TO DATE  197                       194      3      175
  SINCE JUN 1    530                       382    148      384
  SINCE JAN 1    582                       446    136      413
..................................................................


WIND (MPH)
  HIGHEST WIND SPEED    25   HIGHEST WIND DIRECTION     S (190)
  HIGHEST GUST SPEED    31   HIGHEST GUST DIRECTION     S (200)
  AVERAGE WIND SPEED    13.4


SKY COVER
  POSSIBLE SUNSHINE  MM
  AVERAGE SKY COVER 0.0


WEATHER CONDITIONS
 THE FOLLOWING WEATHER WAS RECORDED YESTERDAY.
  HAZE


RELATIVE HUMIDITY (PERCENT)
 HIGHEST    93           500 AM
 LOWEST     51           200 PM
 AVERAGE    72

..........................................................


THE SIOUX CITY IA CLIMATE NORMALS FOR TODAY
                         NORMAL    RECORD    YEAR
 MAXIMUM TEMPERATURE (F)   86       106      1934
                                             1901
 MINIMUM TEMPERATURE (F)   63        48      2000
                                             1947


SUNRISE AND SUNSET
JULY 21 2016..........SUNRISE   608 AM CDT   SUNSET   856 PM CDT
JULY 22 2016..........SUNRISE   609 AM CDT   SUNSET   855 PM CDT


-  INDICATES NEGATIVE NUMBERS.
R  INDICATES RECORD WAS SET OR TIED.
MM INDICATES DATA IS MISSING.
T  INDICATES TRACE AMOUNT.




$$
