000
CDUS43 KFSD 130626
CLISUX


CLIMATE REPORT
NATIONAL WEATHER SERVICE SIOUX FALLS SD
1226 AM CST THU NOV 13 2014


...................................

...THE SIOUX CITY IA CLIMATE SUMMARY FOR NOVEMBER 12 2014...

CLIMATE NORMAL PERIOD 1981 TO 2010
CLIMATE RECORD PERIOD 1889 TO 2014


WEATHER ITEM   OBSERVED TIME   RECORD YEAR NORMAL DEPARTURE LAST
                VALUE   (LST)  VALUE       VALUE  FROM      YEAR
                                                  NORMAL
..................................................................
TEMPERATURE (F)
 YESTERDAY
  MAXIMUM         24    359 PM  73    2005  49    -25       34
  MINIMUM         11    635 AM  -1    1911  27    -16        7
  AVERAGE         18                        38    -20       21

PRECIPITATION (IN)
  YESTERDAY        T             1.03 1912   0.05  -0.05     0.00
  MONTH TO DATE    0.08                      0.53  -0.45     0.96
  SINCE SEP 1      4.00                      5.62  -1.62     6.29
  SINCE JAN 1     39.63                     26.16  13.47    26.32

SNOWFALL (IN)
  YESTERDAY        T             6.1  1959   0.1   -0.1      0.0
  MONTH TO DATE    0.4                       1.1   -0.7      0.6
  SINCE SEP 1      0.4                       2.1   -1.7      0.6
  SINCE JUL 1      0.4                       2.1   -1.7      0.6
  SNOW DEPTH       T

DEGREE DAYS
 HEATING
  YESTERDAY       47                        27     20       44
  MONTH TO DATE  296                       289      7      320
  SINCE SEP 1    770                       874   -104      825
  SINCE JUL 1    776                       889   -113      845

 COOLING
  YESTERDAY        0                         0      0        0
  MONTH TO DATE    0                         0      0        0
  SINCE SEP 1     96                        92      4      159
  SINCE JAN 1    862                       869     -7      960
..................................................................


WIND (MPH)
  HIGHEST WIND SPEED    25   HIGHEST WIND DIRECTION    NW (320)
  HIGHEST GUST SPEED    31   HIGHEST GUST DIRECTION    NW (330)
  AVERAGE WIND SPEED    17.6


SKY COVER
  POSSIBLE SUNSHINE  MM
  AVERAGE SKY COVER 0.9


WEATHER CONDITIONS
 THE FOLLOWING WEATHER WAS RECORDED YESTERDAY.
  LIGHT SNOW


RELATIVE HUMIDITY (PERCENT)
 HIGHEST    76           300 AM
 LOWEST     59           300 PM
 AVERAGE    68

..........................................................


THE SIOUX CITY IA CLIMATE NORMALS FOR TODAY
                         NORMAL    RECORD    YEAR
 MAXIMUM TEMPERATURE (F)   48        78      1999
 MINIMUM TEMPERATURE (F)   27        -4      1986


SUNRISE AND SUNSET
NOVEMBER 13 2014......SUNRISE   714 AM CST   SUNSET   505 PM CST
NOVEMBER 14 2014......SUNRISE   715 AM CST   SUNSET   504 PM CST


-  INDICATES NEGATIVE NUMBERS.
R  INDICATES RECORD WAS SET OR TIED.
MM INDICATES DATA IS MISSING.
T  INDICATES TRACE AMOUNT.




$$
