000
CDUS43 KFSD 130632
CLISUX


CLIMATE REPORT
NATIONAL WEATHER SERVICE SIOUX FALLS SD
132 AM CDT WED SEP 13 2017


...................................

...THE SIOUX CITY IA CLIMATE SUMMARY FOR SEPTEMBER 12 2017...

CLIMATE NORMAL PERIOD 1981 TO 2010
CLIMATE RECORD PERIOD 1889 TO 2017


WEATHER ITEM   OBSERVED TIME   RECORD YEAR NORMAL DEPARTURE LAST
                VALUE   (LST)  VALUE       VALUE  FROM      YEAR
                                                  NORMAL
..................................................................
TEMPERATURE (F)
 YESTERDAY
  MAXIMUM         84    253 PM  97    1939  78      6       78
  MINIMUM         58    624 AM  33    1902  52      6       59
  AVERAGE         71                        65      6       69

PRECIPITATION (IN)
  YESTERDAY        0.00          1.72 1943   0.10  -0.10      T
  MONTH TO DATE    0.11                      1.24  -1.13     0.54
  SINCE SEP 1      0.11                      1.24  -1.13     0.54
  SINCE JAN 1     20.30                     21.78  -1.48    24.89

SNOWFALL (IN)
  YESTERDAY        0.0           0.0    MM   0.0    0.0      0.0
  MONTH TO DATE    0.0                       0.0    0.0      0.0
  SINCE SEP 1      0.0                       0.0    0.0      0.0
  SINCE JUL 1      0.0                       0.0    0.0      0.0
  SNOW DEPTH       0

DEGREE DAYS
 HEATING
  YESTERDAY        0                         3     -3        0
  MONTH TO DATE   20                        25     -5        3
  SINCE SEP 1     20                        25     -5        3
  SINCE JUL 1     28                        40    -12        3

 COOLING
  YESTERDAY        6                         3      3        4
  MONTH TO DATE   42                        50     -8       57
  SINCE SEP 1     42                        50     -8       57
  SINCE JAN 1    874                       827     47     1079
..................................................................


WIND (MPH)
  HIGHEST WIND SPEED    14   HIGHEST WIND DIRECTION     S (190)
  HIGHEST GUST SPEED    17   HIGHEST GUST DIRECTION     S (190)
  AVERAGE WIND SPEED     6.6


SKY COVER
  POSSIBLE SUNSHINE  MM
  AVERAGE SKY COVER 0.0


WEATHER CONDITIONS
 THE FOLLOWING WEATHER WAS RECORDED YESTERDAY.
  NO SIGNIFICANT WEATHER WAS OBSERVED.


RELATIVE HUMIDITY (PERCENT)
 HIGHEST   100           100 AM
 LOWEST     51           100 PM
 AVERAGE    76

..........................................................


THE SIOUX CITY IA CLIMATE NORMALS FOR TODAY
                         NORMAL    RECORD    YEAR
 MAXIMUM TEMPERATURE (F)   77       100      1939
 MINIMUM TEMPERATURE (F)   52        30      1902


SUNRISE AND SUNSET
SEPTEMBER 13 2017.....SUNRISE   704 AM CDT   SUNSET   738 PM CDT
SEPTEMBER 14 2017.....SUNRISE   705 AM CDT   SUNSET   736 PM CDT


-  INDICATES NEGATIVE NUMBERS.
R  INDICATES RECORD WAS SET OR TIED.
MM INDICATES DATA IS MISSING.
T  INDICATES TRACE AMOUNT.




$$
