684
CDUS43 KFSD 030642
CLISUX


CLIMATE REPORT
NATIONAL WEATHER SERVICE SIOUX FALLS SD
1241 AM CST WED FEB 3 2016


...................................

...THE SIOUX CITY IA CLIMATE SUMMARY FOR FEBRUARY 2 2016...

CLIMATE NORMAL PERIOD 1981 TO 2010
CLIMATE RECORD PERIOD 1889 TO 2016


WEATHER ITEM   OBSERVED TIME   RECORD YEAR NORMAL DEPARTURE LAST
                VALUE   (LST)  VALUE       VALUE  FROM      YEAR
                                                  NORMAL
..................................................................
TEMPERATURE (F)
 YESTERDAY
  MAXIMUM         34    253 AM  65    1992  32      2       18
  MINIMUM         27   1159 PM -30    1905  12     15      -13
  AVERAGE         31                        22      9        3

PRECIPITATION (IN)
  YESTERDAY        0.56          0.67 1919   0.02   0.54     0.00
  MONTH TO DATE    0.56                      0.04   0.52     0.17
  SINCE DEC 1      4.15                      1.46   2.69     2.21
  SINCE JAN 1      1.29                      0.66   0.63     0.81

SNOWFALL (IN)
  YESTERDAY       12.4 R         3.0  1976   0.3   12.1      0.0
  MONTH TO DATE   12.4                       0.5   11.9      3.4
  SINCE DEC 1     29.1                      15.0   14.1     15.5
  SINCE JUL 1     41.6                      20.4   21.2     20.0
  SNOW DEPTH       3

DEGREE DAYS
 HEATING
  YESTERDAY       34                        43     -9       62
  MONTH TO DATE   65                        86    -21      112
  SINCE DEC 1   2432                      2786   -354     2499
  SINCE JUL 1   3538                      4262   -724     3994

 COOLING
  YESTERDAY        0                         0      0        0
  MONTH TO DATE    0                         0      0        0
  SINCE DEC 1      0                         0      0        0
  SINCE JAN 1      0                         0      0        0
..................................................................


WIND (MPH)
  HIGHEST WIND SPEED    37   HIGHEST WIND DIRECTION     N (10)
  HIGHEST GUST SPEED    46   HIGHEST GUST DIRECTION    NE (40)
  AVERAGE WIND SPEED    25.3


SKY COVER
  POSSIBLE SUNSHINE  MM
  AVERAGE SKY COVER 1.0


WEATHER CONDITIONS
 THE FOLLOWING WEATHER WAS RECORDED YESTERDAY.
  HEAVY SNOW
  SNOW
  LIGHT SNOW
  FOG
  FOG W/VISIBILITY <= 1/4 MILE
  HAZE


RELATIVE HUMIDITY (PERCENT)
 HIGHEST    92           600 AM
 LOWEST     78           100 PM
 AVERAGE    85

..........................................................


THE SIOUX CITY IA CLIMATE NORMALS FOR TODAY
                         NORMAL    RECORD    YEAR
 MAXIMUM TEMPERATURE (F)   32        62      1934
 MINIMUM TEMPERATURE (F)   12       -20      1905


SUNRISE AND SUNSET
FEBRUARY  3 2016......SUNRISE   738 AM CST   SUNSET   542 PM CST
FEBRUARY  4 2016......SUNRISE   736 AM CST   SUNSET   543 PM CST


-  INDICATES NEGATIVE NUMBERS.
R  INDICATES RECORD WAS SET OR TIED.
MM INDICATES DATA IS MISSING.
T  INDICATES TRACE AMOUNT.




$$
