000
CDUS43 KFSD 292220
CLISUX


CLIMATE REPORT
NATIONAL WEATHER SERVICE SIOUX FALLS SD
518 PM CDT MON MAY 29 2017


...................................

...THE SIOUX CITY IA CLIMATE SUMMARY FOR MAY 29 2017...
VALID TODAY AS OF 0500 PM LOCAL TIME.

CLIMATE NORMAL PERIOD 1981 TO 2010
CLIMATE RECORD PERIOD 1889 TO 2017


WEATHER ITEM   OBSERVED TIME   RECORD YEAR NORMAL DEPARTURE LAST
                VALUE   (LST)  VALUE       VALUE  FROM      YEAR
                                                  NORMAL
..................................................................
TEMPERATURE (F)
 TODAY
  MAXIMUM         72    353 PM 103    1934  77     -5       84
  MINIMUM         46    511 AM  27    1947  53     -7       53
  AVERAGE         59                        65     -6       69

PRECIPITATION (IN)
  TODAY            T             2.27 1903   0.13  -0.13     0.00
  MONTH TO DATE    3.44                      3.47  -0.03     4.88
  SINCE MAR 1      7.88                      8.42  -0.54    13.75
  SINCE JAN 1      9.47                      9.71  -0.24    15.59

SNOWFALL (IN)
  TODAY            0.0           0.0    MM   0.0    0.0      0.0
  MONTH TO DATE    T                         0.2   -0.2      0.0
  SINCE MAR 1      3.1                       8.5   -5.4     14.5
  SINCE JUL 1     28.6                      35.0   -6.4     57.6
  SNOW DEPTH       0

DEGREE DAYS
 HEATING
  TODAY            6                         3      3        0
  MONTH TO DATE  184                       176      8      169
  SINCE MAR 1   1392                      1534   -142     1196
  SINCE JUL 1   5629                      6828  -1199     5655

 COOLING
  TODAY            0                         3     -3        4
  MONTH TO DATE   37                        48    -11       39
  SINCE MAR 1     38                        59    -21       39
  SINCE JAN 1     38                        59    -21       39
..................................................................


WIND (MPH)
  HIGHEST WIND SPEED    29   HIGHEST WIND DIRECTION    NW (330)
  HIGHEST GUST SPEED    36   HIGHEST GUST DIRECTION    NW (330)
  AVERAGE WIND SPEED    12.7


SKY COVER
  POSSIBLE SUNSHINE  MM
  AVERAGE SKY COVER 0.2


WEATHER CONDITIONS
 THE FOLLOWING WEATHER WAS RECORDED TODAY.
  NO SIGNIFICANT WEATHER WAS OBSERVED.


RELATIVE HUMIDITY (PERCENT)
 HIGHEST    86           400 AM
 LOWEST     38           100 PM
 AVERAGE    62

..........................................................


THE SIOUX CITY IA CLIMATE NORMALS FOR TOMORROW
                         NORMAL    RECORD    YEAR
 MAXIMUM TEMPERATURE (F)   77       105      1934
 MINIMUM TEMPERATURE (F)   54        37      1947
                                             1897


SUNRISE AND SUNSET
MAY 29 2017...........SUNRISE   553 AM CDT   SUNSET   854 PM CDT
MAY 30 2017...........SUNRISE   552 AM CDT   SUNSET   855 PM CDT


-  INDICATES NEGATIVE NUMBERS.
R  INDICATES RECORD WAS SET OR TIED.
MM INDICATES DATA IS MISSING.
T  INDICATES TRACE AMOUNT.




$$
